
--
-- Table structure for table `customer_group`
--

CREATE TABLE `customer_group` (
  `customer_group_id` int unsigned NOT NULL AUTO_INCREMENT,
  `customer_group_code` varchar(32) NOT NULL COMMENT 'Customer Group Code',
  `tax_class_id` int unsigned NOT NULL DEFAULT '0' COMMENT 'Tax Class ID',
  PRIMARY KEY (`customer_group_id`)
) ENGINE=InnoDB AUTO_INCREMENT=4 DEFAULT CHARSET=utf8mb3 COMMENT='Customer Group';

--
-- Dumping data for table `customer_group`
--

INSERT INTO `customer_group` VALUES (0,'NOT LOGGED IN',3),(1,'General',3),(2,'Wholesale',3),(3,'Retailer',3);

--
-- Table structure for table `customer_log`
--

CREATE TABLE `customer_log` (
  `log_id` int NOT NULL AUTO_INCREMENT COMMENT 'Log ID',
  `customer_id` int NOT NULL COMMENT 'Customer ID',
  `last_login_at` timestamp NULL DEFAULT NULL COMMENT 'Last Login Time',
  `last_logout_at` timestamp NULL DEFAULT NULL COMMENT 'Last Logout Time',
  PRIMARY KEY (`log_id`),
  UNIQUE KEY `CUSTOMER_LOG_CUSTOMER_ID` (`customer_id`)
) ENGINE=InnoDB AUTO_INCREMENT=3 DEFAULT CHARSET=utf8mb3 COMMENT='Customer Log Table';

--
-- Dumping data for table `customer_log`
--

INSERT INTO `customer_log` VALUES (1,31,'2021-03-26 08:54:02','2021-03-26 08:56:12'),(2,7525,'2021-04-27 18:04:28',NULL);

--
-- Table structure for table `customer_visitor`
--

CREATE TABLE `customer_visitor` (
  `visitor_id` bigint unsigned NOT NULL AUTO_INCREMENT COMMENT 'Visitor ID',
  `customer_id` int DEFAULT NULL COMMENT 'Customer ID',
  `session_id` varchar(64) DEFAULT NULL COMMENT 'Session ID',
  `last_visit_at` timestamp NOT NULL DEFAULT CURRENT_TIMESTAMP ON UPDATE CURRENT_TIMESTAMP COMMENT 'Last Visit Time',
  PRIMARY KEY (`visitor_id`),
  KEY `CUSTOMER_VISITOR_CUSTOMER_ID` (`customer_id`),
  KEY `CUSTOMER_VISITOR_LAST_VISIT_AT` (`last_visit_at`)
) ENGINE=InnoDB AUTO_INCREMENT=14 DEFAULT CHARSET=utf8mb3 COMMENT='Visitor Table';

--
-- Dumping data for table `customer_visitor`
--

INSERT INTO `customer_visitor` VALUES (1,NULL,'f2de524dfb0238a882cff4156489d6bc','2021-03-24 13:03:04'),(2,NULL,'f63125845c0e7449406c92de7663f8ea','2021-03-24 16:29:11'),(3,NULL,'31b2c1f074086fae59129def07f10875','2021-03-26 06:23:26'),(4,NULL,'bbd2e415465da1ff27dfda283d4b049c','2021-03-26 06:23:12'),(5,NULL,'8fb1dc9e384e43f21afaa7a9d19ad7cc','2021-03-26 07:29:52'),(6,NULL,'128fa19e826b13aa91a16baf65ea5bc7','2021-03-26 08:28:09'),(7,31,'5fda50464584725548f849e844db1be9','2021-03-26 08:56:13'),(8,NULL,'be8809e91c35cfd8e30f92e70ad2bb8d','2021-03-29 16:39:20'),(9,NULL,'2a6c74ce85e552ab3f1a38203fe858d3','2021-03-29 19:19:05'),(10,NULL,'7037c98b8effdd78864b160920190b84','2021-03-29 22:07:19'),(11,NULL,'0fa3b9bcd48afd965146b5d91876932b','2021-03-31 16:45:27'),(12,NULL,'b41ddf68233b57a11038788b72983db9','2021-04-22 06:42:59'),(13,7525,'eab8f5725fac34301bd1da4b7a136025','2021-04-27 18:04:28');

--
-- Table structure for table `design_change`
--

CREATE TABLE `design_change` (
  `design_change_id` int NOT NULL AUTO_INCREMENT COMMENT 'Design Change ID',
  `store_id` smallint unsigned NOT NULL DEFAULT '0' COMMENT 'Store ID',
  `design` varchar(255) DEFAULT NULL COMMENT 'Design',
  `date_from` date DEFAULT NULL COMMENT 'First Date of Design Activity',
  `date_to` date DEFAULT NULL COMMENT 'Last Date of Design Activity',
  PRIMARY KEY (`design_change_id`),
  KEY `DESIGN_CHANGE_STORE_ID` (`store_id`),
  CONSTRAINT `DESIGN_CHANGE_STORE_ID_STORE_STORE_ID` FOREIGN KEY (`store_id`) REFERENCES `store` (`store_id`) ON DELETE CASCADE ON UPDATE RESTRICT
) ENGINE=InnoDB DEFAULT CHARSET=utf8mb3 COMMENT='Design Changes';

--
-- Dumping data for table `design_change`
--


--
-- Table structure for table `design_config_grid_flat`
--

CREATE TABLE `design_config_grid_flat` (
  `entity_id` int unsigned NOT NULL COMMENT 'Entity ID',
  `store_website_id` int DEFAULT NULL COMMENT 'Store_website_id',
  `store_group_id` int DEFAULT NULL COMMENT 'Store_group_id',
  `store_id` int DEFAULT NULL COMMENT 'Store_id',
  `theme_theme_id` varchar(255) DEFAULT NULL COMMENT 'Theme_theme_id',
  PRIMARY KEY (`entity_id`),
  KEY `DESIGN_CONFIG_GRID_FLAT_STORE_WEBSITE_ID` (`store_website_id`),
  KEY `DESIGN_CONFIG_GRID_FLAT_STORE_GROUP_ID` (`store_group_id`),
  KEY `DESIGN_CONFIG_GRID_FLAT_STORE_ID` (`store_id`),
  FULLTEXT KEY `DESIGN_CONFIG_GRID_FLAT_THEME_THEME_ID` (`theme_theme_id`)
) ENGINE=InnoDB DEFAULT CHARSET=utf8mb3 COMMENT='design_config_grid_flat';

--
-- Dumping data for table `design_config_grid_flat`
--

INSERT INTO `design_config_grid_flat` VALUES (0,NULL,NULL,NULL,''),(1,1,NULL,NULL,''),(2,1,1,1,'4');

--
-- Table structure for table `directory_country`
--

CREATE TABLE `directory_country` (
  `country_id` varchar(2) NOT NULL COMMENT 'Country ID in ISO-2',
  `iso2_code` varchar(2) DEFAULT NULL COMMENT 'Country ISO-2 format',
  `iso3_code` varchar(3) DEFAULT NULL COMMENT 'Country ISO-3',
  PRIMARY KEY (`country_id`)
) ENGINE=InnoDB DEFAULT CHARSET=utf8mb3 COMMENT='Directory Country';

--
-- Dumping data for table `directory_country`
--

INSERT INTO `directory_country` VALUES ('AD','AD','AND'),('AE','AE','ARE'),('AF','AF','AFG'),('AG','AG','ATG'),('AI','AI','AIA'),('AL','AL','ALB'),('AM','AM','ARM'),('AN','AN','ANT'),('AO','AO','AGO'),('AQ','AQ','ATA'),('AR','AR','ARG'),('AS','AS','ASM'),('AT','AT','AUT'),('AU','AU','AUS'),('AW','AW','ABW'),('AX','AX','ALA'),('AZ','AZ','AZE'),('BA','BA','BIH'),('BB','BB','BRB'),('BD','BD','BGD'),('BE','BE','BEL'),('BF','BF','BFA'),('BG','BG','BGR'),('BH','BH','BHR'),('BI','BI','BDI'),('BJ','BJ','BEN'),('BL','BL','BLM'),('BM','BM','BMU'),('BN','BN','BRN'),('BO','BO','BOL'),('BQ','BQ','BES'),('BR','BR','BRA'),('BS','BS','BHS'),('BT','BT','BTN'),('BV','BV','BVT'),('BW','BW','BWA'),('BY','BY','BLR'),('BZ','BZ','BLZ'),('CA','CA','CAN'),('CC','CC','CCK'),('CD','CD','COD'),('CF','CF','CAF'),('CG','CG','COG'),('CH','CH','CHE'),('CI','CI','CIV'),('CK','CK','COK'),('CL','CL','CHL'),('CM','CM','CMR'),('CN','CN','CHN'),('CO','CO','COL'),('CR','CR','CRI'),('CU','CU','CUB'),('CV','CV','CPV'),('CW','CW','CUW'),('CX','CX','CXR'),('CY','CY','CYP'),('CZ','CZ','CZE'),('DE','DE','DEU'),('DJ','DJ','DJI'),('DK','DK','DNK'),('DM','DM','DMA'),('DO','DO','DOM'),('DZ','DZ','DZA'),('EC','EC','ECU'),('EE','EE','EST'),('EG','EG','EGY'),('EH','EH','ESH'),('ER','ER','ERI'),('ES','ES','ESP'),('ET','ET','ETH'),('FI','FI','FIN'),('FJ','FJ','FJI'),('FK','FK','FLK'),('FM','FM','FSM'),('FO','FO','FRO'),('FR','FR','FRA'),('GA','GA','GAB'),('GB','GB','GBR'),('GD','GD','GRD'),('GE','GE','GEO'),('GF','GF','GUF'),('GG','GG','GGY'),('GH','GH','GHA'),('GI','GI','GIB'),('GL','GL','GRL'),('GM','GM','GMB'),('GN','GN','GIN'),('GP','GP','GLP'),('GQ','GQ','GNQ'),('GR','GR','GRC'),('GS','GS','SGS'),('GT','GT','GTM'),('GU','GU','GUM'),('GW','GW','GNB'),('GY','GY','GUY'),('HK','HK','HKG'),('HM','HM','HMD'),('HN','HN','HND'),('HR','HR','HRV'),('HT','HT','HTI'),('HU','HU','HUN'),('ID','ID','IDN'),('IE','IE','IRL'),('IL','IL','ISR'),('IM','IM','IMN'),('IN','IN','IND'),('IO','IO','IOT'),('IQ','IQ','IRQ'),('IR','IR','IRN'),('IS','IS','ISL'),('IT','IT','ITA'),('JE','JE','JEY'),('JM','JM','JAM'),('JO','JO','JOR'),('JP','JP','JPN'),('KE','KE','KEN'),('KG','KG','KGZ'),('KH','KH','KHM'),('KI','KI','KIR'),('KM','KM','COM'),('KN','KN','KNA'),('KP','KP','PRK'),('KR','KR','KOR'),('KW','KW','KWT'),('KY','KY','CYM'),('KZ','KZ','KAZ'),('LA','LA','LAO'),('LB','LB','LBN'),('LC','LC','LCA'),('LI','LI','LIE'),('LK','LK','LKA'),('LR','LR','LBR'),('LS','LS','LSO'),('LT','LT','LTU'),('LU','LU','LUX'),('LV','LV','LVA'),('LY','LY','LBY'),('MA','MA','MAR'),('MC','MC','MCO'),('MD','MD','MDA'),('ME','ME','MNE'),('MF','MF','MAF'),('MG','MG','MDG'),('MH','MH','MHL'),('MK','MK','MKD'),('ML','ML','MLI'),('MM','MM','MMR'),('MN','MN','MNG'),('MO','MO','MAC'),('MP','MP','MNP'),('MQ','MQ','MTQ'),('MR','MR','MRT'),('MS','MS','MSR'),('MT','MT','MLT'),('MU','MU','MUS'),('MV','MV','MDV'),('MW','MW','MWI'),('MX','MX','MEX'),('MY','MY','MYS'),('MZ','MZ','MOZ'),('NA','NA','NAM'),('NC','NC','NCL'),('NE','NE','NER'),('NF','NF','NFK'),('NG','NG','NGA'),('NI','NI','NIC'),('NL','NL','NLD'),('NO','NO','NOR'),('NP','NP','NPL'),('NR','NR','NRU'),('NU','NU','NIU'),('NZ','NZ','NZL'),('OM','OM','OMN'),('PA','PA','PAN'),('PE','PE','PER'),('PF','PF','PYF'),('PG','PG','PNG'),('PH','PH','PHL'),('PK','PK','PAK'),('PL','PL','POL'),('PM','PM','SPM'),('PN','PN','PCN'),('PS','PS','PSE'),('PT','PT','PRT'),('PW','PW','PLW'),('PY','PY','PRY'),('QA','QA','QAT'),('RE','RE','REU'),('RO','RO','ROU'),('RS','RS','SRB'),('RU','RU','RUS'),('RW','RW','RWA'),('SA','SA','SAU'),('SB','SB','SLB'),('SC','SC','SYC'),('SD','SD','SDN'),('SE','SE','SWE'),('SG','SG','SGP'),('SH','SH','SHN'),('SI','SI','SVN'),('SJ','SJ','SJM'),('SK','SK','SVK'),('SL','SL','SLE'),('SM','SM','SMR'),('SN','SN','SEN'),('SO','SO','SOM'),('SR','SR','SUR'),('ST','ST','STP'),('SV','SV','SLV'),('SX','SX','SXM'),('SY','SY','SYR'),('SZ','SZ','SWZ'),('TC','TC','TCA'),('TD','TD','TCD'),('TF','TF','ATF'),('TG','TG','TGO'),('TH','TH','THA'),('TJ','TJ','TJK'),('TK','TK','TKL'),('TL','TL','TLS'),('TM','TM','TKM'),('TN','TN','TUN'),('TO','TO','TON'),('TR','TR','TUR'),('TT','TT','TTO'),('TV','TV','TUV'),('TW','TW','TWN'),('TZ','TZ','TZA'),('UA','UA','UKR'),('UG','UG','UGA'),('UM','UM','UMI'),('US','US','USA'),('UY','UY','URY'),('UZ','UZ','UZB'),('VA','VA','VAT'),('VC','VC','VCT'),('VE','VE','VEN'),('VG','VG','VGB'),('VI','VI','VIR'),('VN','VN','VNM'),('VU','VU','VUT'),('WF','WF','WLF'),('WS','WS','WSM'),('XK','XK','XKX'),('YE','YE','YEM'),('YT','YT','MYT'),('ZA','ZA','ZAF'),('ZM','ZM','ZMB'),('ZW','ZW','ZWE');

--
-- Table structure for table `directory_country_format`
--

CREATE TABLE `directory_country_format` (
  `country_format_id` int unsigned NOT NULL AUTO_INCREMENT COMMENT 'Country Format ID',
  `country_id` varchar(2) DEFAULT NULL COMMENT 'Country ID in ISO-2',
  `type` varchar(30) DEFAULT NULL COMMENT 'Country Format Type',
  `format` text NOT NULL COMMENT 'Country Format',
  PRIMARY KEY (`country_format_id`),
  UNIQUE KEY `DIRECTORY_COUNTRY_FORMAT_COUNTRY_ID_TYPE` (`country_id`,`type`)
) ENGINE=InnoDB DEFAULT CHARSET=utf8mb3 COMMENT='Directory Country Format';

--
-- Dumping data for table `directory_country_format`
--


--
-- Table structure for table `directory_country_region`
--

CREATE TABLE `directory_country_region` (
  `region_id` int unsigned NOT NULL AUTO_INCREMENT COMMENT 'Region ID',
  `country_id` varchar(4) NOT NULL DEFAULT '0' COMMENT 'Country ID in ISO-2',
  `code` varchar(32) DEFAULT NULL COMMENT 'Region code',
  `default_name` varchar(255) DEFAULT NULL COMMENT 'Region Name',
  PRIMARY KEY (`region_id`),
  KEY `DIRECTORY_COUNTRY_REGION_COUNTRY_ID` (`country_id`)
) ENGINE=InnoDB AUTO_INCREMENT=859 DEFAULT CHARSET=utf8mb3 COMMENT='Directory Country Region';

--
-- Dumping data for table `directory_country_region`
--

INSERT INTO `directory_country_region` VALUES (1,'US','AL','Alabama'),(2,'US','AK','Alaska'),(3,'US','AS','American Samoa'),(4,'US','AZ','Arizona'),(5,'US','AR','Arkansas'),(6,'US','AE','Armed Forces Africa'),(7,'US','AA','Armed Forces Americas'),(8,'US','AE','Armed Forces Canada'),(9,'US','AE','Armed Forces Europe'),(10,'US','AE','Armed Forces Middle East'),(11,'US','AP','Armed Forces Pacific'),(12,'US','CA','California'),(13,'US','CO','Colorado'),(14,'US','CT','Connecticut'),(15,'US','DE','Delaware'),(16,'US','DC','District of Columbia'),(17,'US','FM','Federated States Of Micronesia'),(18,'US','FL','Florida'),(19,'US','GA','Georgia'),(20,'US','GU','Guam'),(21,'US','HI','Hawaii'),(22,'US','ID','Idaho'),(23,'US','IL','Illinois'),(24,'US','IN','Indiana'),(25,'US','IA','Iowa'),(26,'US','KS','Kansas'),(27,'US','KY','Kentucky'),(28,'US','LA','Louisiana'),(29,'US','ME','Maine'),(30,'US','MH','Marshall Islands'),(31,'US','MD','Maryland'),(32,'US','MA','Massachusetts'),(33,'US','MI','Michigan'),(34,'US','MN','Minnesota'),(35,'US','MS','Mississippi'),(36,'US','MO','Missouri'),(37,'US','MT','Montana'),(38,'US','NE','Nebraska'),(39,'US','NV','Nevada'),(40,'US','NH','New Hampshire'),(41,'US','NJ','New Jersey'),(42,'US','NM','New Mexico'),(43,'US','NY','New York'),(44,'US','NC','North Carolina'),(45,'US','ND','North Dakota'),(46,'US','MP','Northern Mariana Islands'),(47,'US','OH','Ohio'),(48,'US','OK','Oklahoma'),(49,'US','OR','Oregon'),(50,'US','PW','Palau'),(51,'US','PA','Pennsylvania'),(52,'US','PR','Puerto Rico'),(53,'US','RI','Rhode Island'),(54,'US','SC','South Carolina'),(55,'US','SD','South Dakota'),(56,'US','TN','Tennessee'),(57,'US','TX','Texas'),(58,'US','UT','Utah'),(59,'US','VT','Vermont'),(60,'US','VI','Virgin Islands'),(61,'US','VA','Virginia'),(62,'US','WA','Washington'),(63,'US','WV','West Virginia'),(64,'US','WI','Wisconsin'),(65,'US','WY','Wyoming'),(66,'CA','AB','Alberta'),(67,'CA','BC','British Columbia'),(68,'CA','MB','Manitoba'),(69,'CA','NL','Newfoundland and Labrador'),(70,'CA','NB','New Brunswick'),(71,'CA','NS','Nova Scotia'),(72,'CA','NT','Northwest Territories'),(73,'CA','NU','Nunavut'),(74,'CA','ON','Ontario'),(75,'CA','PE','Prince Edward Island'),(76,'CA','QC','Quebec'),(77,'CA','SK','Saskatchewan'),(78,'CA','YT','Yukon Territory'),(79,'DE','NDS','Niedersachsen'),(80,'DE','BAW','Baden-Württemberg'),(81,'DE','BAY','Bayern'),(82,'DE','BER','Berlin'),(83,'DE','BRG','Brandenburg'),(84,'DE','BRE','Bremen'),(85,'DE','HAM','Hamburg'),(86,'DE','HES','Hessen'),(87,'DE','MEC','Mecklenburg-Vorpommern'),(88,'DE','NRW','Nordrhein-Westfalen'),(89,'DE','RHE','Rheinland-Pfalz'),(90,'DE','SAR','Saarland'),(91,'DE','SAS','Sachsen'),(92,'DE','SAC','Sachsen-Anhalt'),(93,'DE','SCN','Schleswig-Holstein'),(94,'DE','THE','Thüringen'),(95,'AT','WI','Wien'),(96,'AT','NO','Niederösterreich'),(97,'AT','OO','Oberösterreich'),(98,'AT','SB','Salzburg'),(99,'AT','KN','Kärnten'),(100,'AT','ST','Steiermark'),(101,'AT','TI','Tirol'),(102,'AT','BL','Burgenland'),(103,'AT','VB','Vorarlberg'),(104,'CH','AG','Aargau'),(105,'CH','AI','Appenzell Innerrhoden'),(106,'CH','AR','Appenzell Ausserrhoden'),(107,'CH','BE','Bern'),(108,'CH','BL','Basel-Landschaft'),(109,'CH','BS','Basel-Stadt'),(110,'CH','FR','Freiburg'),(111,'CH','GE','Genf'),(112,'CH','GL','Glarus'),(113,'CH','GR','Graubünden'),(114,'CH','JU','Jura'),(115,'CH','LU','Luzern'),(116,'CH','NE','Neuenburg'),(117,'CH','NW','Nidwalden'),(118,'CH','OW','Obwalden'),(119,'CH','SG','St. Gallen'),(120,'CH','SH','Schaffhausen'),(121,'CH','SO','Solothurn'),(122,'CH','SZ','Schwyz'),(123,'CH','TG','Thurgau'),(124,'CH','TI','Tessin'),(125,'CH','UR','Uri'),(126,'CH','VD','Waadt'),(127,'CH','VS','Wallis'),(128,'CH','ZG','Zug'),(129,'CH','ZH','Zürich'),(130,'ES','A Coruсa','A Coruña'),(131,'ES','Alava','Alava'),(132,'ES','Albacete','Albacete'),(133,'ES','Alicante','Alicante'),(134,'ES','Almeria','Almeria'),(135,'ES','Asturias','Asturias'),(136,'ES','Avila','Avila'),(137,'ES','Badajoz','Badajoz'),(138,'ES','Baleares','Baleares'),(139,'ES','Barcelona','Barcelona'),(140,'ES','Burgos','Burgos'),(141,'ES','Caceres','Caceres'),(142,'ES','Cadiz','Cadiz'),(143,'ES','Cantabria','Cantabria'),(144,'ES','Castellon','Castellon'),(145,'ES','Ceuta','Ceuta'),(146,'ES','Ciudad Real','Ciudad Real'),(147,'ES','Cordoba','Cordoba'),(148,'ES','Cuenca','Cuenca'),(149,'ES','Girona','Girona'),(150,'ES','Granada','Granada'),(151,'ES','Guadalajara','Guadalajara'),(152,'ES','Guipuzcoa','Guipuzcoa'),(153,'ES','Huelva','Huelva'),(154,'ES','Huesca','Huesca'),(155,'ES','Jaen','Jaen'),(156,'ES','La Rioja','La Rioja'),(157,'ES','Las Palmas','Las Palmas'),(158,'ES','Leon','Leon'),(159,'ES','Lleida','Lleida'),(160,'ES','Lugo','Lugo'),(161,'ES','Madrid','Madrid'),(162,'ES','Malaga','Malaga'),(163,'ES','Melilla','Melilla'),(164,'ES','Murcia','Murcia'),(165,'ES','Navarra','Navarra'),(166,'ES','Ourense','Ourense'),(167,'ES','Palencia','Palencia'),(168,'ES','Pontevedra','Pontevedra'),(169,'ES','Salamanca','Salamanca'),(170,'ES','Santa Cruz de Tenerife','Santa Cruz de Tenerife'),(171,'ES','Segovia','Segovia'),(172,'ES','Sevilla','Sevilla'),(173,'ES','Soria','Soria'),(174,'ES','Tarragona','Tarragona'),(175,'ES','Teruel','Teruel'),(176,'ES','Toledo','Toledo'),(177,'ES','Valencia','Valencia'),(178,'ES','Valladolid','Valladolid'),(179,'ES','Vizcaya','Vizcaya'),(180,'ES','Zamora','Zamora'),(181,'ES','Zaragoza','Zaragoza'),(182,'FR','1','Ain'),(183,'FR','2','Aisne'),(184,'FR','3','Allier'),(185,'FR','4','Alpes-de-Haute-Provence'),(186,'FR','5','Hautes-Alpes'),(187,'FR','6','Alpes-Maritimes'),(188,'FR','7','Ardèche'),(189,'FR','8','Ardennes'),(190,'FR','9','Ariège'),(191,'FR','10','Aube'),(192,'FR','11','Aude'),(193,'FR','12','Aveyron'),(194,'FR','13','Bouches-du-Rhône'),(195,'FR','14','Calvados'),(196,'FR','15','Cantal'),(197,'FR','16','Charente'),(198,'FR','17','Charente-Maritime'),(199,'FR','18','Cher'),(200,'FR','19','Corrèze'),(201,'FR','2A','Corse-du-Sud'),(202,'FR','2B','Haute-Corse'),(203,'FR','21','Côte-d\'Or'),(204,'FR','22','Côtes-d\'Armor'),(205,'FR','23','Creuse'),(206,'FR','24','Dordogne'),(207,'FR','25','Doubs'),(208,'FR','26','Drôme'),(209,'FR','27','Eure'),(210,'FR','28','Eure-et-Loir'),(211,'FR','29','Finistère'),(212,'FR','30','Gard'),(213,'FR','31','Haute-Garonne'),(214,'FR','32','Gers'),(215,'FR','33','Gironde'),(216,'FR','34','Hérault'),(217,'FR','35','Ille-et-Vilaine'),(218,'FR','36','Indre'),(219,'FR','37','Indre-et-Loire'),(220,'FR','38','Isère'),(221,'FR','39','Jura'),(222,'FR','40','Landes'),(223,'FR','41','Loir-et-Cher'),(224,'FR','42','Loire'),(225,'FR','43','Haute-Loire'),(226,'FR','44','Loire-Atlantique'),(227,'FR','45','Loiret'),(228,'FR','46','Lot'),(229,'FR','47','Lot-et-Garonne'),(230,'FR','48','Lozère'),(231,'FR','49','Maine-et-Loire'),(232,'FR','50','Manche'),(233,'FR','51','Marne'),(234,'FR','52','Haute-Marne'),(235,'FR','53','Mayenne'),(236,'FR','54','Meurthe-et-Moselle'),(237,'FR','55','Meuse'),(238,'FR','56','Morbihan'),(239,'FR','57','Moselle'),(240,'FR','58','Nièvre'),(241,'FR','59','Nord'),(242,'FR','60','Oise'),(243,'FR','61','Orne'),(244,'FR','62','Pas-de-Calais'),(245,'FR','63','Puy-de-Dôme'),(246,'FR','64','Pyrénées-Atlantiques'),(247,'FR','65','Hautes-Pyrénées'),(248,'FR','66','Pyrénées-Orientales'),(249,'FR','67','Bas-Rhin'),(250,'FR','68','Haut-Rhin'),(251,'FR','69','Rhône'),(252,'FR','70','Haute-Saône'),(253,'FR','71','Saône-et-Loire'),(254,'FR','72','Sarthe'),(255,'FR','73','Savoie'),(256,'FR','74','Haute-Savoie'),(257,'FR','75','Paris'),(258,'FR','76','Seine-Maritime'),(259,'FR','77','Seine-et-Marne'),(260,'FR','78','Yvelines'),(261,'FR','79','Deux-Sèvres'),(262,'FR','80','Somme'),(263,'FR','81','Tarn'),(264,'FR','82','Tarn-et-Garonne'),(265,'FR','83','Var'),(266,'FR','84','Vaucluse'),(267,'FR','85','Vendée'),(268,'FR','86','Vienne'),(269,'FR','87','Haute-Vienne'),(270,'FR','88','Vosges'),(271,'FR','89','Yonne'),(272,'FR','90','Territoire-de-Belfort'),(273,'FR','91','Essonne'),(274,'FR','92','Hauts-de-Seine'),(275,'FR','93','Seine-Saint-Denis'),(276,'FR','94','Val-de-Marne'),(277,'FR','95','Val-d\'Oise'),(278,'RO','AB','Alba'),(279,'RO','AR','Arad'),(280,'RO','AG','Argeş'),(281,'RO','BC','Bacău'),(282,'RO','BH','Bihor'),(283,'RO','BN','Bistriţa-Năsăud'),(284,'RO','BT','Botoşani'),(285,'RO','BV','Braşov'),(286,'RO','BR','Brăila'),(287,'RO','B','Bucureşti'),(288,'RO','BZ','Buzău'),(289,'RO','CS','Caraş-Severin'),(290,'RO','CL','Călăraşi'),(291,'RO','CJ','Cluj'),(292,'RO','CT','Constanţa'),(293,'RO','CV','Covasna'),(294,'RO','DB','Dâmboviţa'),(295,'RO','DJ','Dolj'),(296,'RO','GL','Galaţi'),(297,'RO','GR','Giurgiu'),(298,'RO','GJ','Gorj'),(299,'RO','HR','Harghita'),(300,'RO','HD','Hunedoara'),(301,'RO','IL','Ialomiţa'),(302,'RO','IS','Iaşi'),(303,'RO','IF','Ilfov'),(304,'RO','MM','Maramureş'),(305,'RO','MH','Mehedinţi'),(306,'RO','MS','Mureş'),(307,'RO','NT','Neamţ'),(308,'RO','OT','Olt'),(309,'RO','PH','Prahova'),(310,'RO','SM','Satu-Mare'),(311,'RO','SJ','Sălaj'),(312,'RO','SB','Sibiu'),(313,'RO','SV','Suceava'),(314,'RO','TR','Teleorman'),(315,'RO','TM','Timiş'),(316,'RO','TL','Tulcea'),(317,'RO','VS','Vaslui'),(318,'RO','VL','Vâlcea'),(319,'RO','VN','Vrancea'),(320,'FI','Lappi','Lappi'),(321,'FI','Pohjois-Pohjanmaa','Pohjois-Pohjanmaa'),(322,'FI','Kainuu','Kainuu'),(323,'FI','Pohjois-Karjala','Pohjois-Karjala'),(324,'FI','Pohjois-Savo','Pohjois-Savo'),(325,'FI','Etelä-Savo','Etelä-Savo'),(326,'FI','Etelä-Pohjanmaa','Etelä-Pohjanmaa'),(327,'FI','Pohjanmaa','Pohjanmaa'),(328,'FI','Pirkanmaa','Pirkanmaa'),(329,'FI','Satakunta','Satakunta'),(330,'FI','Keski-Pohjanmaa','Keski-Pohjanmaa'),(331,'FI','Keski-Suomi','Keski-Suomi'),(332,'FI','Varsinais-Suomi','Varsinais-Suomi'),(333,'FI','Etelä-Karjala','Etelä-Karjala'),(334,'FI','Päijät-Häme','Päijät-Häme'),(335,'FI','Kanta-Häme','Kanta-Häme'),(336,'FI','Uusimaa','Uusimaa'),(337,'FI','Itä-Uusimaa','Itä-Uusimaa'),(338,'FI','Kymenlaakso','Kymenlaakso'),(339,'FI','Ahvenanmaa','Ahvenanmaa'),(340,'EE','EE-37','Harjumaa'),(341,'EE','EE-39','Hiiumaa'),(342,'EE','EE-44','Ida-Virumaa'),(343,'EE','EE-49','Jõgevamaa'),(344,'EE','EE-51','Järvamaa'),(345,'EE','EE-57','Läänemaa'),(346,'EE','EE-59','Lääne-Virumaa'),(347,'EE','EE-65','Põlvamaa'),(348,'EE','EE-67','Pärnumaa'),(349,'EE','EE-70','Raplamaa'),(350,'EE','EE-74','Saaremaa'),(351,'EE','EE-78','Tartumaa'),(352,'EE','EE-82','Valgamaa'),(353,'EE','EE-84','Viljandimaa'),(354,'EE','EE-86','Võrumaa'),(355,'LV','LV-DGV','Daugavpils'),(356,'LV','LV-JEL','Jelgava'),(357,'LV','Jēkabpils','Jēkabpils'),(358,'LV','LV-JUR','Jūrmala'),(359,'LV','LV-LPX','Liepāja'),(360,'LV','LV-LE','Liepājas novads'),(361,'LV','LV-REZ','Rēzekne'),(362,'LV','LV-RIX','Rīga'),(363,'LV','LV-RI','Rīgas novads'),(364,'LV','Valmiera','Valmiera'),(365,'LV','LV-VEN','Ventspils'),(366,'LV','Aglonas novads','Aglonas novads'),(367,'LV','LV-AI','Aizkraukles novads'),(368,'LV','Aizputes novads','Aizputes novads'),(369,'LV','Aknīstes novads','Aknīstes novads'),(370,'LV','Alojas novads','Alojas novads'),(371,'LV','Alsungas novads','Alsungas novads'),(372,'LV','LV-AL','Alūksnes novads'),(373,'LV','Amatas novads','Amatas novads'),(374,'LV','Apes novads','Apes novads'),(375,'LV','Auces novads','Auces novads'),(376,'LV','Babītes novads','Babītes novads'),(377,'LV','Baldones novads','Baldones novads'),(378,'LV','Baltinavas novads','Baltinavas novads'),(379,'LV','LV-BL','Balvu novads'),(380,'LV','LV-BU','Bauskas novads'),(381,'LV','Beverīnas novads','Beverīnas novads'),(382,'LV','Brocēnu novads','Brocēnu novads'),(383,'LV','Burtnieku novads','Burtnieku novads'),(384,'LV','Carnikavas novads','Carnikavas novads'),(385,'LV','Cesvaines novads','Cesvaines novads'),(386,'LV','Ciblas novads','Ciblas novads'),(387,'LV','LV-CE','Cēsu novads'),(388,'LV','Dagdas novads','Dagdas novads'),(389,'LV','LV-DA','Daugavpils novads'),(390,'LV','LV-DO','Dobeles novads'),(391,'LV','Dundagas novads','Dundagas novads'),(392,'LV','Durbes novads','Durbes novads'),(393,'LV','Engures novads','Engures novads'),(394,'LV','Garkalnes novads','Garkalnes novads'),(395,'LV','Grobiņas novads','Grobiņas novads'),(396,'LV','LV-GU','Gulbenes novads'),(397,'LV','Iecavas novads','Iecavas novads'),(398,'LV','Ikšķiles novads','Ikšķiles novads'),(399,'LV','Ilūkstes novads','Ilūkstes novads'),(400,'LV','Inčukalna novads','Inčukalna novads'),(401,'LV','Jaunjelgavas novads','Jaunjelgavas novads'),(402,'LV','Jaunpiebalgas novads','Jaunpiebalgas novads'),(403,'LV','Jaunpils novads','Jaunpils novads'),(404,'LV','LV-JL','Jelgavas novads'),(405,'LV','LV-JK','Jēkabpils novads'),(406,'LV','Kandavas novads','Kandavas novads'),(407,'LV','Kokneses novads','Kokneses novads'),(408,'LV','Krimuldas novads','Krimuldas novads'),(409,'LV','Krustpils novads','Krustpils novads'),(410,'LV','LV-KR','Krāslavas novads'),(411,'LV','LV-KU','Kuldīgas novads'),(412,'LV','Kārsavas novads','Kārsavas novads'),(413,'LV','Lielvārdes novads','Lielvārdes novads'),(414,'LV','LV-LM','Limbažu novads'),(415,'LV','Lubānas novads','Lubānas novads'),(416,'LV','LV-LU','Ludzas novads'),(417,'LV','Līgatnes novads','Līgatnes novads'),(418,'LV','Līvānu novads','Līvānu novads'),(419,'LV','LV-MA','Madonas novads'),(420,'LV','Mazsalacas novads','Mazsalacas novads'),(421,'LV','Mālpils novads','Mālpils novads'),(422,'LV','Mārupes novads','Mārupes novads'),(423,'LV','Naukšēnu novads','Naukšēnu novads'),(424,'LV','Neretas novads','Neretas novads'),(425,'LV','Nīcas novads','Nīcas novads'),(426,'LV','LV-OG','Ogres novads'),(427,'LV','Olaines novads','Olaines novads'),(428,'LV','Ozolnieku novads','Ozolnieku novads'),(429,'LV','LV-PR','Preiļu novads'),(430,'LV','Priekules novads','Priekules novads'),(431,'LV','Priekuļu novads','Priekuļu novads'),(432,'LV','Pārgaujas novads','Pārgaujas novads'),(433,'LV','Pāvilostas novads','Pāvilostas novads'),(434,'LV','Pļaviņu novads','Pļaviņu novads'),(435,'LV','Raunas novads','Raunas novads'),(436,'LV','Riebiņu novads','Riebiņu novads'),(437,'LV','Rojas novads','Rojas novads'),(438,'LV','Ropažu novads','Ropažu novads'),(439,'LV','Rucavas novads','Rucavas novads'),(440,'LV','Rugāju novads','Rugāju novads'),(441,'LV','Rundāles novads','Rundāles novads'),(442,'LV','LV-RE','Rēzeknes novads'),(443,'LV','Rūjienas novads','Rūjienas novads'),(444,'LV','Salacgrīvas novads','Salacgrīvas novads'),(445,'LV','Salas novads','Salas novads'),(446,'LV','Salaspils novads','Salaspils novads'),(447,'LV','LV-SA','Saldus novads'),(448,'LV','Saulkrastu novads','Saulkrastu novads'),(449,'LV','Siguldas novads','Siguldas novads'),(450,'LV','Skrundas novads','Skrundas novads'),(451,'LV','Skrīveru novads','Skrīveru novads'),(452,'LV','Smiltenes novads','Smiltenes novads'),(453,'LV','Stopiņu novads','Stopiņu novads'),(454,'LV','Strenču novads','Strenču novads'),(455,'LV','Sējas novads','Sējas novads'),(456,'LV','LV-TA','Talsu novads'),(457,'LV','LV-TU','Tukuma novads'),(458,'LV','Tērvetes novads','Tērvetes novads'),(459,'LV','Vaiņodes novads','Vaiņodes novads'),(460,'LV','LV-VK','Valkas novads'),(461,'LV','LV-VM','Valmieras novads'),(462,'LV','Varakļānu novads','Varakļānu novads'),(463,'LV','Vecpiebalgas novads','Vecpiebalgas novads'),(464,'LV','Vecumnieku novads','Vecumnieku novads'),(465,'LV','LV-VE','Ventspils novads'),(466,'LV','Viesītes novads','Viesītes novads'),(467,'LV','Viļakas novads','Viļakas novads'),(468,'LV','Viļānu novads','Viļānu novads'),(469,'LV','Vārkavas novads','Vārkavas novads'),(470,'LV','Zilupes novads','Zilupes novads'),(471,'LV','Ādažu novads','Ādažu novads'),(472,'LV','Ērgļu novads','Ērgļu novads'),(473,'LV','Ķeguma novads','Ķeguma novads'),(474,'LV','Ķekavas novads','Ķekavas novads'),(475,'LT','LT-AL','Alytaus Apskritis'),(476,'LT','LT-KU','Kauno Apskritis'),(477,'LT','LT-KL','Klaipėdos Apskritis'),(478,'LT','LT-MR','Marijampolės Apskritis'),(479,'LT','LT-PN','Panevėžio Apskritis'),(480,'LT','LT-SA','Šiaulių Apskritis'),(481,'LT','LT-TA','Tauragės Apskritis'),(482,'LT','LT-TE','Telšių Apskritis'),(483,'LT','LT-UT','Utenos Apskritis'),(484,'LT','LT-VL','Vilniaus Apskritis'),(485,'BR','AC','Acre'),(486,'BR','AL','Alagoas'),(487,'BR','AP','Amapá'),(488,'BR','AM','Amazonas'),(489,'BR','BA','Bahia'),(490,'BR','CE','Ceará'),(491,'BR','ES','Espírito Santo'),(492,'BR','GO','Goiás'),(493,'BR','MA','Maranhão'),(494,'BR','MT','Mato Grosso'),(495,'BR','MS','Mato Grosso do Sul'),(496,'BR','MG','Minas Gerais'),(497,'BR','PA','Pará'),(498,'BR','PB','Paraíba'),(499,'BR','PR','Paraná'),(500,'BR','PE','Pernambuco'),(501,'BR','PI','Piauí'),(502,'BR','RJ','Rio de Janeiro'),(503,'BR','RN','Rio Grande do Norte'),(504,'BR','RS','Rio Grande do Sul'),(505,'BR','RO','Rondônia'),(506,'BR','RR','Roraima'),(507,'BR','SC','Santa Catarina'),(508,'BR','SP','São Paulo'),(509,'BR','SE','Sergipe'),(510,'BR','TO','Tocantins'),(511,'BR','DF','Distrito Federal'),(512,'HR','HR-01','Zagrebačka županija'),(513,'HR','HR-02','Krapinsko-zagorska županija'),(514,'HR','HR-03','Sisačko-moslavačka županija'),(515,'HR','HR-04','Karlovačka županija'),(516,'HR','HR-05','Varaždinska županija'),(517,'HR','HR-06','Koprivničko-križevačka županija'),(518,'HR','HR-07','Bjelovarsko-bilogorska županija'),(519,'HR','HR-08','Primorsko-goranska županija'),(520,'HR','HR-09','Ličko-senjska županija'),(521,'HR','HR-10','Virovitičko-podravska županija'),(522,'HR','HR-11','Požeško-slavonska županija'),(523,'HR','HR-12','Brodsko-posavska županija'),(524,'HR','HR-13','Zadarska županija'),(525,'HR','HR-14','Osječko-baranjska županija'),(526,'HR','HR-15','Šibensko-kninska županija'),(527,'HR','HR-16','Vukovarsko-srijemska županija'),(528,'HR','HR-17','Splitsko-dalmatinska županija'),(529,'HR','HR-18','Istarska županija'),(530,'HR','HR-19','Dubrovačko-neretvanska županija'),(531,'HR','HR-20','Međimurska županija'),(532,'HR','HR-21','Grad Zagreb'),(533,'IN','AN','Andaman and Nicobar Islands'),(534,'IN','AP','Andhra Pradesh'),(535,'IN','AR','Arunachal Pradesh'),(536,'IN','AS','Assam'),(537,'IN','BR','Bihar'),(538,'IN','CH','Chandigarh'),(539,'IN','CT','Chhattisgarh'),(540,'IN','DN','Dadra and Nagar Haveli'),(541,'IN','DD','Daman and Diu'),(542,'IN','DL','Delhi'),(543,'IN','GA','Goa'),(544,'IN','GJ','Gujarat'),(545,'IN','HR','Haryana'),(546,'IN','HP','Himachal Pradesh'),(547,'IN','JK','Jammu and Kashmir'),(548,'IN','JH','Jharkhand'),(549,'IN','KA','Karnataka'),(550,'IN','KL','Kerala'),(551,'IN','LD','Lakshadweep'),(552,'IN','MP','Madhya Pradesh'),(553,'IN','MH','Maharashtra'),(554,'IN','MN','Manipur'),(555,'IN','ML','Meghalaya'),(556,'IN','MZ','Mizoram'),(557,'IN','NL','Nagaland'),(558,'IN','OR','Odisha'),(559,'IN','PY','Puducherry'),(560,'IN','PB','Punjab'),(561,'IN','RJ','Rajasthan'),(562,'IN','SK','Sikkim'),(563,'IN','TN','Tamil Nadu'),(564,'IN','TG','Telangana'),(565,'IN','TR','Tripura'),(566,'IN','UP','Uttar Pradesh'),(567,'IN','UT','Uttarakhand'),(568,'IN','WB','West Bengal'),(569,'AU','ACT','Australian Capital Territory'),(570,'AU','NSW','New South Wales'),(571,'AU','VIC','Victoria'),(572,'AU','QLD','Queensland'),(573,'AU','SA','South Australia'),(574,'AU','TAS','Tasmania'),(575,'AU','WA','Western Australia'),(576,'AU','NT','Northern Territory'),(577,'BE','VAN','Antwerpen'),(578,'BE','WBR','Brabant wallon'),(579,'BE','BRU','Brussels-Capital Region'),(580,'BE','WHT','Hainaut'),(581,'BE','VLI','Limburg'),(582,'BE','WLG','Liège'),(583,'BE','WLX','Luxembourg'),(584,'BE','WNA','Namur'),(585,'BE','VOV','Oost-Vlaanderen'),(586,'BE','VBR','Vlaams-Brabant'),(587,'BE','VWV','West-Vlaanderen'),(588,'BG','BG-01','Blagoevgrad'),(589,'BG','BG-02','Burgas'),(590,'BG','BG-03','Varna'),(591,'BG','BG-04','Veliko Tarnovo'),(592,'BG','BG-05','Vidin'),(593,'BG','BG-06','Vratsa'),(594,'BG','BG-07','Gabrovo'),(595,'BG','BG-08','Dobrich'),(596,'BG','BG-09','Kardzhali'),(597,'BG','BG-10','Kyustendil'),(598,'BG','BG-11','Lovech'),(599,'BG','BG-12','Montana'),(600,'BG','BG-13','Pazardzhik'),(601,'BG','BG-14','Pernik'),(602,'BG','BG-15','Pleven'),(603,'BG','BG-16','Plovdiv'),(604,'BG','BG-17','Razgrad'),(605,'BG','BG-18','Ruse'),(606,'BG','BG-19','Silistra'),(607,'BG','BG-20','Sliven'),(608,'BG','BG-21','Smolyan'),(609,'BG','BG-22','Sofia City'),(610,'BG','BG-23','Sofia Province'),(611,'BG','BG-24','Stara Zagora'),(612,'BG','BG-25','Targovishte'),(613,'BG','BG-26','Haskovo'),(614,'BG','BG-27','Shumen'),(615,'BG','BG-28','Yambol'),(616,'CN','CN-AH','Anhui Sheng'),(617,'CN','CN-BJ','Beijing Shi'),(618,'CN','CN-CQ','Chongqing Shi'),(619,'CN','CN-FJ','Fujian Sheng'),(620,'CN','CN-GS','Gansu Sheng'),(621,'CN','CN-GD','Guangdong Sheng'),(622,'CN','CN-GX','Guangxi Zhuangzu Zizhiqu'),(623,'CN','CN-GZ','Guizhou Sheng'),(624,'CN','CN-HI','Hainan Sheng'),(625,'CN','CN-HE','Hebei Sheng'),(626,'CN','CN-HL','Heilongjiang Sheng'),(627,'CN','CN-HA','Henan Sheng'),(628,'CN','CN-HK','Hong Kong SAR'),(629,'CN','CN-HB','Hubei Sheng'),(630,'CN','CN-HN','Hunan Sheng'),(631,'CN','CN-JS','Jiangsu Sheng'),(632,'CN','CN-JX','Jiangxi Sheng'),(633,'CN','CN-JL','Jilin Sheng'),(634,'CN','CN-LN','Liaoning Sheng'),(635,'CN','CN-MO','Macao SAR'),(636,'CN','CN-NM','Nei Mongol Zizhiqu'),(637,'CN','CN-NX','Ningxia Huizi Zizhiqu'),(638,'CN','CN-QH','Qinghai Sheng'),(639,'CN','CN-SN','Shaanxi Sheng'),(640,'CN','CN-SD','Shandong Sheng'),(641,'CN','CN-SH','Shanghai Shi'),(642,'CN','CN-SX','Shanxi Sheng'),(643,'CN','CN-SC','Sichuan Sheng'),(644,'CN','CN-TW','Taiwan Sheng'),(645,'CN','CN-TJ','Tianjin Shi'),(646,'CN','CN-XJ','Xinjiang Uygur Zizhiqu'),(647,'CN','CN-XZ','Xizang Zizhiqu'),(648,'CN','CN-YN','Yunnan Sheng'),(649,'CN','CN-ZJ','Zhejiang Sheng'),(650,'CO','CO-AMA','Amazonas'),(651,'CO','CO-ANT','Antioquia'),(652,'CO','CO-ARA','Arauca'),(653,'CO','CO-ATL','Atlántico'),(654,'CO','CO-BOL','Bolívar'),(655,'CO','CO-BOY','Boyacá'),(656,'CO','CO-CAL','Caldas'),(657,'CO','CO-CAQ','Caquetá'),(658,'CO','CO-CAS','Casanare'),(659,'CO','CO-CAU','Cauca'),(660,'CO','CO-CES','Cesar'),(661,'CO','CO-CHO','Chocó'),(662,'CO','CO-COR','Córdoba'),(663,'CO','CO-CUN','Cundinamarca'),(664,'CO','CO-GUA','Guainía'),(665,'CO','CO-GUV','Guaviare'),(666,'CO','CO-HUL','Huila'),(667,'CO','CO-LAG','La Guajira'),(668,'CO','CO-MAG','Magdalena'),(669,'CO','CO-MET','Meta'),(670,'CO','CO-NAR','Nariño'),(671,'CO','CO-NSA','Norte de Santander'),(672,'CO','CO-PUT','Putumayo'),(673,'CO','CO-QUI','Quindío'),(674,'CO','CO-RIS','Risaralda'),(675,'CO','CO-SAP','San Andrés y Providencia'),(676,'CO','CO-SAN','Santander'),(677,'CO','CO-SUC','Sucre'),(678,'CO','CO-TOL','Tolima'),(679,'CO','CO-VAC','Valle del Cauca'),(680,'CO','CO-VAU','Vaupés'),(681,'CO','CO-VID','Vichada'),(682,'IT','AG','Agrigento'),(683,'IT','AL','Alessandria'),(684,'IT','AN','Ancona'),(685,'IT','AO','Aosta'),(686,'IT','AQ','L\'Aquila'),(687,'IT','AR','Arezzo'),(688,'IT','AP','Ascoli-Piceno'),(689,'IT','AT','Asti'),(690,'IT','AV','Avellino'),(691,'IT','BA','Bari'),(692,'IT','BT','Barletta-Andria-Trani'),(693,'IT','BL','Belluno'),(694,'IT','BN','Benevento'),(695,'IT','BG','Bergamo'),(696,'IT','BI','Biella'),(697,'IT','BO','Bologna'),(698,'IT','BZ','Bolzano'),(699,'IT','BS','Brescia'),(700,'IT','BR','Brindisi'),(701,'IT','CA','Cagliari'),(702,'IT','CL','Caltanissetta'),(703,'IT','CB','Campobasso'),(704,'IT','CI','Carbonia Iglesias'),(705,'IT','CE','Caserta'),(706,'IT','CT','Catania'),(707,'IT','CZ','Catanzaro'),(708,'IT','CH','Chieti'),(709,'IT','CO','Como'),(710,'IT','CS','Cosenza'),(711,'IT','CR','Cremona'),(712,'IT','KR','Crotone'),(713,'IT','CN','Cuneo'),(714,'IT','EN','Enna'),(715,'IT','FM','Fermo'),(716,'IT','FE','Ferrara'),(717,'IT','FI','Firenze'),(718,'IT','FG','Foggia'),(719,'IT','FC','Forli-Cesena'),(720,'IT','FR','Frosinone'),(721,'IT','GE','Genova'),(722,'IT','GO','Gorizia'),(723,'IT','GR','Grosseto'),(724,'IT','IM','Imperia'),(725,'IT','IS','Isernia'),(726,'IT','SP','La-Spezia'),(727,'IT','LT','Latina'),(728,'IT','LE','Lecce'),(729,'IT','LC','Lecco'),(730,'IT','LI','Livorno'),(731,'IT','LO','Lodi'),(732,'IT','LU','Lucca'),(733,'IT','MC','Macerata'),(734,'IT','MN','Mantova'),(735,'IT','MS','Massa-Carrara'),(736,'IT','MT','Matera'),(737,'IT','VS','Medio Campidano'),(738,'IT','ME','Messina'),(739,'IT','MI','Milano'),(740,'IT','MO','Modena'),(741,'IT','MB','Monza-Brianza'),(742,'IT','NA','Napoli'),(743,'IT','NO','Novara'),(744,'IT','NU','Nuoro'),(745,'IT','OG','Ogliastra'),(746,'IT','OT','Olbia Tempio'),(747,'IT','OR','Oristano'),(748,'IT','PD','Padova'),(749,'IT','PA','Palermo'),(750,'IT','PR','Parma'),(751,'IT','PV','Pavia'),(752,'IT','PG','Perugia'),(753,'IT','PU','Pesaro-Urbino'),(754,'IT','PE','Pescara'),(755,'IT','PC','Piacenza'),(756,'IT','PI','Pisa'),(757,'IT','PT','Pistoia'),(758,'IT','PN','Pordenone'),(759,'IT','PZ','Potenza'),(760,'IT','PO','Prato'),(761,'IT','RG','Ragusa'),(762,'IT','RA','Ravenna'),(763,'IT','RC','Reggio-Calabria'),(764,'IT','RE','Reggio-Emilia'),(765,'IT','RI','Rieti'),(766,'IT','RN','Rimini'),(767,'IT','RM','Roma'),(768,'IT','RO','Rovigo'),(769,'IT','SA','Salerno'),(770,'IT','SS','Sassari'),(771,'IT','SV','Savona'),(772,'IT','SI','Siena'),(773,'IT','SR','Siracusa'),(774,'IT','SO','Sondrio'),(775,'IT','TA','Taranto'),(776,'IT','TE','Teramo'),(777,'IT','TR','Terni'),(778,'IT','TO','Torino'),(779,'IT','TP','Trapani'),(780,'IT','TN','Trento'),(781,'IT','TV','Treviso'),(782,'IT','TS','Trieste'),(783,'IT','UD','Udine'),(784,'IT','VA','Varese'),(785,'IT','VE','Venezia'),(786,'IT','VB','Verbania'),(787,'IT','VC','Vercelli'),(788,'IT','VR','Verona'),(789,'IT','VV','Vibo-Valentia'),(790,'IT','VI','Vicenza'),(791,'IT','VT','Viterbo'),(792,'MX','AGU','Aguascalientes'),(793,'MX','BCN','Baja California'),(794,'MX','BCS','Baja California Sur'),(795,'MX','CAM','Campeche'),(796,'MX','CHP','Chiapas'),(797,'MX','CHH','Chihuahua'),(798,'MX','CMX','Ciudad de México'),(799,'MX','COA','Coahuila'),(800,'MX','COL','Colima'),(801,'MX','DUR','Durango'),(802,'MX','MEX','Estado de México'),(803,'MX','GUA','Guanajuato'),(804,'MX','GRO','Guerrero'),(805,'MX','HID','Hidalgo'),(806,'MX','JAL','Jalisco'),(807,'MX','MIC','Michoacán'),(808,'MX','MOR','Morelos'),(809,'MX','NAY','Nayarit'),(810,'MX','NLE','Nuevo León'),(811,'MX','OAX','Oaxaca'),(812,'MX','PUE','Puebla'),(813,'MX','QUE','Querétaro'),(814,'MX','ROO','Quintana Roo'),(815,'MX','SLP','San Luis Potosí'),(816,'MX','SIN','Sinaloa'),(817,'MX','SON','Sonora'),(818,'MX','TAB','Tabasco'),(819,'MX','TAM','Tamaulipas'),(820,'MX','TLA','Tlaxcala'),(821,'MX','VER','Veracruz'),(822,'MX','YUC','Yucatán'),(823,'MX','ZAC','Zacatecas'),(824,'PL','PL-02','dolnośląskie'),(825,'PL','PL-04','kujawsko-pomorskie'),(826,'PL','PL-06','lubelskie'),(827,'PL','PL-08','lubuskie'),(828,'PL','PL-10','łódzkie'),(829,'PL','PL-12','małopolskie'),(830,'PL','PL-14','mazowieckie'),(831,'PL','PL-16','opolskie'),(832,'PL','PL-18','podkarpackie'),(833,'PL','PL-20','podlaskie'),(834,'PL','PL-22','pomorskie'),(835,'PL','PL-24','śląskie'),(836,'PL','PL-26','świętokrzyskie'),(837,'PL','PL-28','warmińsko-mazurskie'),(838,'PL','PL-30','wielkopolskie'),(839,'PL','PL-32','zachodniopomorskie'),(840,'UY','UY-AR','Artigas'),(841,'UY','UY-CA','Canelones'),(842,'UY','UY-CL','Cerro Largo'),(843,'UY','UY-CO','Colonia'),(844,'UY','UY-DU','Durazno'),(845,'UY','UY-FS','Flores'),(846,'UY','UY-FD','Florida'),(847,'UY','UY-LA','Lavalleja'),(848,'UY','UY-MA','Maldonado'),(849,'UY','UY-MO','Montevideo'),(850,'UY','UY-PA','Paysandu'),(851,'UY','UY-RN','Río Negro'),(852,'UY','UY-RV','Rivera'),(853,'UY','UY-RO','Rocha'),(854,'UY','UY-SA','Salto'),(855,'UY','UY-SJ','San José'),(856,'UY','UY-SO','Soriano'),(857,'UY','UY-TA','Tacuarembó'),(858,'UY','UY-TT','Treinta y Tres');

--
-- Table structure for table `directory_country_region_name`
--

CREATE TABLE `directory_country_region_name` (
  `locale` varchar(16) NOT NULL COMMENT 'Locale',
  `region_id` int unsigned NOT NULL DEFAULT '0' COMMENT 'Region ID',
  `name` varchar(255) DEFAULT NULL COMMENT 'Region Name',
  PRIMARY KEY (`locale`,`region_id`),
  KEY `DIRECTORY_COUNTRY_REGION_NAME_REGION_ID` (`region_id`),
  CONSTRAINT `DIR_COUNTRY_REGION_NAME_REGION_ID_DIR_COUNTRY_REGION_REGION_ID` FOREIGN KEY (`region_id`) REFERENCES `directory_country_region` (`region_id`) ON DELETE CASCADE ON UPDATE RESTRICT
) ENGINE=InnoDB DEFAULT CHARSET=utf8mb3 COMMENT='Directory Country Region Name';

--
-- Dumping data for table `directory_country_region_name`
--

INSERT INTO `directory_country_region_name` VALUES ('en_US',1,'Alabama'),('en_US',2,'Alaska'),('en_US',3,'American Samoa'),('en_US',4,'Arizona'),('en_US',5,'Arkansas'),('en_US',6,'Armed Forces Africa'),('en_US',7,'Armed Forces Americas'),('en_US',8,'Armed Forces Canada'),('en_US',9,'Armed Forces Europe'),('en_US',10,'Armed Forces Middle East'),('en_US',11,'Armed Forces Pacific'),('en_US',12,'California'),('en_US',13,'Colorado'),('en_US',14,'Connecticut'),('en_US',15,'Delaware'),('en_US',16,'District of Columbia'),('en_US',17,'Federated States Of Micronesia'),('en_US',18,'Florida'),('en_US',19,'Georgia'),('en_US',20,'Guam'),('en_US',21,'Hawaii'),('en_US',22,'Idaho'),('en_US',23,'Illinois'),('en_US',24,'Indiana'),('en_US',25,'Iowa'),('en_US',26,'Kansas'),('en_US',27,'Kentucky'),('en_US',28,'Louisiana'),('en_US',29,'Maine'),('en_US',30,'Marshall Islands'),('en_US',31,'Maryland'),('en_US',32,'Massachusetts'),('en_US',33,'Michigan'),('en_US',34,'Minnesota'),('en_US',35,'Mississippi'),('en_US',36,'Missouri'),('en_US',37,'Montana'),('en_US',38,'Nebraska'),('en_US',39,'Nevada'),('en_US',40,'New Hampshire'),('en_US',41,'New Jersey'),('en_US',42,'New Mexico'),('en_US',43,'New York'),('en_US',44,'North Carolina'),('en_US',45,'North Dakota'),('en_US',46,'Northern Mariana Islands'),('en_US',47,'Ohio'),('en_US',48,'Oklahoma'),('en_US',49,'Oregon'),('en_US',50,'Palau'),('en_US',51,'Pennsylvania'),('en_US',52,'Puerto Rico'),('en_US',53,'Rhode Island'),('en_US',54,'South Carolina'),('en_US',55,'South Dakota'),('en_US',56,'Tennessee'),('en_US',57,'Texas'),('en_US',58,'Utah'),('en_US',59,'Vermont'),('en_US',60,'Virgin Islands'),('en_US',61,'Virginia'),('en_US',62,'Washington'),('en_US',63,'West Virginia'),('en_US',64,'Wisconsin'),('en_US',65,'Wyoming'),('en_US',66,'Alberta'),('en_US',67,'British Columbia'),('en_US',68,'Manitoba'),('en_US',69,'Newfoundland and Labrador'),('en_US',70,'New Brunswick'),('en_US',71,'Nova Scotia'),('en_US',72,'Northwest Territories'),('en_US',73,'Nunavut'),('en_US',74,'Ontario'),('en_US',75,'Prince Edward Island'),('en_US',76,'Quebec'),('en_US',77,'Saskatchewan'),('en_US',78,'Yukon Territory'),('en_US',79,'Niedersachsen'),('en_US',80,'Baden-Württemberg'),('en_US',81,'Bayern'),('en_US',82,'Berlin'),('en_US',83,'Brandenburg'),('en_US',84,'Bremen'),('en_US',85,'Hamburg'),('en_US',86,'Hessen'),('en_US',87,'Mecklenburg-Vorpommern'),('en_US',88,'Nordrhein-Westfalen'),('en_US',89,'Rheinland-Pfalz'),('en_US',90,'Saarland'),('en_US',91,'Sachsen'),('en_US',92,'Sachsen-Anhalt'),('en_US',93,'Schleswig-Holstein'),('en_US',94,'Thüringen'),('en_US',95,'Wien'),('en_US',96,'Niederösterreich'),('en_US',97,'Oberösterreich'),('en_US',98,'Salzburg'),('en_US',99,'Kärnten'),('en_US',100,'Steiermark'),('en_US',101,'Tirol'),('en_US',102,'Burgenland'),('en_US',103,'Vorarlberg'),('en_US',104,'Aargau'),('en_US',105,'Appenzell Innerrhoden'),('en_US',106,'Appenzell Ausserrhoden'),('en_US',107,'Bern'),('en_US',108,'Basel-Landschaft'),('en_US',109,'Basel-Stadt'),('en_US',110,'Freiburg'),('en_US',111,'Genf'),('en_US',112,'Glarus'),('en_US',113,'Graubünden'),('en_US',114,'Jura'),('en_US',115,'Luzern'),('en_US',116,'Neuenburg'),('en_US',117,'Nidwalden'),('en_US',118,'Obwalden'),('en_US',119,'St. Gallen'),('en_US',120,'Schaffhausen'),('en_US',121,'Solothurn'),('en_US',122,'Schwyz'),('en_US',123,'Thurgau'),('en_US',124,'Tessin'),('en_US',125,'Uri'),('en_US',126,'Waadt'),('en_US',127,'Wallis'),('en_US',128,'Zug'),('en_US',129,'Zürich'),('en_US',130,'A Coruña'),('en_US',131,'Alava'),('en_US',132,'Albacete'),('en_US',133,'Alicante'),('en_US',134,'Almeria'),('en_US',135,'Asturias'),('en_US',136,'Avila'),('en_US',137,'Badajoz'),('en_US',138,'Baleares'),('en_US',139,'Barcelona'),('en_US',140,'Burgos'),('en_US',141,'Caceres'),('en_US',142,'Cadiz'),('en_US',143,'Cantabria'),('en_US',144,'Castellon'),('en_US',145,'Ceuta'),('en_US',146,'Ciudad Real'),('en_US',147,'Cordoba'),('en_US',148,'Cuenca'),('en_US',149,'Girona'),('en_US',150,'Granada'),('en_US',151,'Guadalajara'),('en_US',152,'Guipuzcoa'),('en_US',153,'Huelva'),('en_US',154,'Huesca'),('en_US',155,'Jaen'),('en_US',156,'La Rioja'),('en_US',157,'Las Palmas'),('en_US',158,'Leon'),('en_US',159,'Lleida'),('en_US',160,'Lugo'),('en_US',161,'Madrid'),('en_US',162,'Malaga'),('en_US',163,'Melilla'),('en_US',164,'Murcia'),('en_US',165,'Navarra'),('en_US',166,'Ourense'),('en_US',167,'Palencia'),('en_US',168,'Pontevedra'),('en_US',169,'Salamanca'),('en_US',170,'Santa Cruz de Tenerife'),('en_US',171,'Segovia'),('en_US',172,'Sevilla'),('en_US',173,'Soria'),('en_US',174,'Tarragona'),('en_US',175,'Teruel'),('en_US',176,'Toledo'),('en_US',177,'Valencia'),('en_US',178,'Valladolid'),('en_US',179,'Vizcaya'),('en_US',180,'Zamora'),('en_US',181,'Zaragoza'),('en_US',182,'Ain'),('en_US',183,'Aisne'),('en_US',184,'Allier'),('en_US',185,'Alpes-de-Haute-Provence'),('en_US',186,'Hautes-Alpes'),('en_US',187,'Alpes-Maritimes'),('en_US',188,'Ardèche'),('en_US',189,'Ardennes'),('en_US',190,'Ariège'),('en_US',191,'Aube'),('en_US',192,'Aude'),('en_US',193,'Aveyron'),('en_US',194,'Bouches-du-Rhône'),('en_US',195,'Calvados'),('en_US',196,'Cantal'),('en_US',197,'Charente'),('en_US',198,'Charente-Maritime'),('en_US',199,'Cher'),('en_US',200,'Corrèze'),('en_US',201,'Corse-du-Sud'),('en_US',202,'Haute-Corse'),('en_US',203,'Côte-d\'Or'),('en_US',204,'Côtes-d\'Armor'),('en_US',205,'Creuse'),('en_US',206,'Dordogne'),('en_US',207,'Doubs'),('en_US',208,'Drôme'),('en_US',209,'Eure'),('en_US',210,'Eure-et-Loir'),('en_US',211,'Finistère'),('en_US',212,'Gard'),('en_US',213,'Haute-Garonne'),('en_US',214,'Gers'),('en_US',215,'Gironde'),('en_US',216,'Hérault'),('en_US',217,'Ille-et-Vilaine'),('en_US',218,'Indre'),('en_US',219,'Indre-et-Loire'),('en_US',220,'Isère'),('en_US',221,'Jura'),('en_US',222,'Landes'),('en_US',223,'Loir-et-Cher'),('en_US',224,'Loire'),('en_US',225,'Haute-Loire'),('en_US',226,'Loire-Atlantique'),('en_US',227,'Loiret'),('en_US',228,'Lot'),('en_US',229,'Lot-et-Garonne'),('en_US',230,'Lozère'),('en_US',231,'Maine-et-Loire'),('en_US',232,'Manche'),('en_US',233,'Marne'),('en_US',234,'Haute-Marne'),('en_US',235,'Mayenne'),('en_US',236,'Meurthe-et-Moselle'),('en_US',237,'Meuse'),('en_US',238,'Morbihan'),('en_US',239,'Moselle'),('en_US',240,'Nièvre'),('en_US',241,'Nord'),('en_US',242,'Oise'),('en_US',243,'Orne'),('en_US',244,'Pas-de-Calais'),('en_US',245,'Puy-de-Dôme'),('en_US',246,'Pyrénées-Atlantiques'),('en_US',247,'Hautes-Pyrénées'),('en_US',248,'Pyrénées-Orientales'),('en_US',249,'Bas-Rhin'),('en_US',250,'Haut-Rhin'),('en_US',251,'Rhône'),('en_US',252,'Haute-Saône'),('en_US',253,'Saône-et-Loire'),('en_US',254,'Sarthe'),('en_US',255,'Savoie'),('en_US',256,'Haute-Savoie'),('en_US',257,'Paris'),('en_US',258,'Seine-Maritime'),('en_US',259,'Seine-et-Marne'),('en_US',260,'Yvelines'),('en_US',261,'Deux-Sèvres'),('en_US',262,'Somme'),('en_US',263,'Tarn'),('en_US',264,'Tarn-et-Garonne'),('en_US',265,'Var'),('en_US',266,'Vaucluse'),('en_US',267,'Vendée'),('en_US',268,'Vienne'),('en_US',269,'Haute-Vienne'),('en_US',270,'Vosges'),('en_US',271,'Yonne'),('en_US',272,'Territoire-de-Belfort'),('en_US',273,'Essonne'),('en_US',274,'Hauts-de-Seine'),('en_US',275,'Seine-Saint-Denis'),('en_US',276,'Val-de-Marne'),('en_US',277,'Val-d\'Oise'),('en_US',278,'Alba'),('en_US',279,'Arad'),('en_US',280,'Argeş'),('en_US',281,'Bacău'),('en_US',282,'Bihor'),('en_US',283,'Bistriţa-Năsăud'),('en_US',284,'Botoşani'),('en_US',285,'Braşov'),('en_US',286,'Brăila'),('en_US',287,'Bucureşti'),('en_US',288,'Buzău'),('en_US',289,'Caraş-Severin'),('en_US',290,'Călăraşi'),('en_US',291,'Cluj'),('en_US',292,'Constanţa'),('en_US',293,'Covasna'),('en_US',294,'Dâmboviţa'),('en_US',295,'Dolj'),('en_US',296,'Galaţi'),('en_US',297,'Giurgiu'),('en_US',298,'Gorj'),('en_US',299,'Harghita'),('en_US',300,'Hunedoara'),('en_US',301,'Ialomiţa'),('en_US',302,'Iaşi'),('en_US',303,'Ilfov'),('en_US',304,'Maramureş'),('en_US',305,'Mehedinţi'),('en_US',306,'Mureş'),('en_US',307,'Neamţ'),('en_US',308,'Olt'),('en_US',309,'Prahova'),('en_US',310,'Satu-Mare'),('en_US',311,'Sălaj'),('en_US',312,'Sibiu'),('en_US',313,'Suceava'),('en_US',314,'Teleorman'),('en_US',315,'Timiş'),('en_US',316,'Tulcea'),('en_US',317,'Vaslui'),('en_US',318,'Vâlcea'),('en_US',319,'Vrancea'),('en_US',320,'Lappi'),('en_US',321,'Pohjois-Pohjanmaa'),('en_US',322,'Kainuu'),('en_US',323,'Pohjois-Karjala'),('en_US',324,'Pohjois-Savo'),('en_US',325,'Etelä-Savo'),('en_US',326,'Etelä-Pohjanmaa'),('en_US',327,'Pohjanmaa'),('en_US',328,'Pirkanmaa'),('en_US',329,'Satakunta'),('en_US',330,'Keski-Pohjanmaa'),('en_US',331,'Keski-Suomi'),('en_US',332,'Varsinais-Suomi'),('en_US',333,'Etelä-Karjala'),('en_US',334,'Päijät-Häme'),('en_US',335,'Kanta-Häme'),('en_US',336,'Uusimaa'),('en_US',337,'Itä-Uusimaa'),('en_US',338,'Kymenlaakso'),('en_US',339,'Ahvenanmaa'),('en_US',340,'Harjumaa'),('en_US',341,'Hiiumaa'),('en_US',342,'Ida-Virumaa'),('en_US',343,'Jõgevamaa'),('en_US',344,'Järvamaa'),('en_US',345,'Läänemaa'),('en_US',346,'Lääne-Virumaa'),('en_US',347,'Põlvamaa'),('en_US',348,'Pärnumaa'),('en_US',349,'Raplamaa'),('en_US',350,'Saaremaa'),('en_US',351,'Tartumaa'),('en_US',352,'Valgamaa'),('en_US',353,'Viljandimaa'),('en_US',354,'Võrumaa'),('en_US',355,'Daugavpils'),('en_US',356,'Jelgava'),('en_US',357,'Jēkabpils'),('en_US',358,'Jūrmala'),('en_US',359,'Liepāja'),('en_US',360,'Liepājas novads'),('en_US',361,'Rēzekne'),('en_US',362,'Rīga'),('en_US',363,'Rīgas novads'),('en_US',364,'Valmiera'),('en_US',365,'Ventspils'),('en_US',366,'Aglonas novads'),('en_US',367,'Aizkraukles novads'),('en_US',368,'Aizputes novads'),('en_US',369,'Aknīstes novads'),('en_US',370,'Alojas novads'),('en_US',371,'Alsungas novads'),('en_US',372,'Alūksnes novads'),('en_US',373,'Amatas novads'),('en_US',374,'Apes novads'),('en_US',375,'Auces novads'),('en_US',376,'Babītes novads'),('en_US',377,'Baldones novads'),('en_US',378,'Baltinavas novads'),('en_US',379,'Balvu novads'),('en_US',380,'Bauskas novads'),('en_US',381,'Beverīnas novads'),('en_US',382,'Brocēnu novads'),('en_US',383,'Burtnieku novads'),('en_US',384,'Carnikavas novads'),('en_US',385,'Cesvaines novads'),('en_US',386,'Ciblas novads'),('en_US',387,'Cēsu novads'),('en_US',388,'Dagdas novads'),('en_US',389,'Daugavpils novads'),('en_US',390,'Dobeles novads'),('en_US',391,'Dundagas novads'),('en_US',392,'Durbes novads'),('en_US',393,'Engures novads'),('en_US',394,'Garkalnes novads'),('en_US',395,'Grobiņas novads'),('en_US',396,'Gulbenes novads'),('en_US',397,'Iecavas novads'),('en_US',398,'Ikšķiles novads'),('en_US',399,'Ilūkstes novads'),('en_US',400,'Inčukalna novads'),('en_US',401,'Jaunjelgavas novads'),('en_US',402,'Jaunpiebalgas novads'),('en_US',403,'Jaunpils novads'),('en_US',404,'Jelgavas novads'),('en_US',405,'Jēkabpils novads'),('en_US',406,'Kandavas novads'),('en_US',407,'Kokneses novads'),('en_US',408,'Krimuldas novads'),('en_US',409,'Krustpils novads'),('en_US',410,'Krāslavas novads'),('en_US',411,'Kuldīgas novads'),('en_US',412,'Kārsavas novads'),('en_US',413,'Lielvārdes novads'),('en_US',414,'Limbažu novads'),('en_US',415,'Lubānas novads'),('en_US',416,'Ludzas novads'),('en_US',417,'Līgatnes novads'),('en_US',418,'Līvānu novads'),('en_US',419,'Madonas novads'),('en_US',420,'Mazsalacas novads'),('en_US',421,'Mālpils novads'),('en_US',422,'Mārupes novads'),('en_US',423,'Naukšēnu novads'),('en_US',424,'Neretas novads'),('en_US',425,'Nīcas novads'),('en_US',426,'Ogres novads'),('en_US',427,'Olaines novads'),('en_US',428,'Ozolnieku novads'),('en_US',429,'Preiļu novads'),('en_US',430,'Priekules novads'),('en_US',431,'Priekuļu novads'),('en_US',432,'Pārgaujas novads'),('en_US',433,'Pāvilostas novads'),('en_US',434,'Pļaviņu novads'),('en_US',435,'Raunas novads'),('en_US',436,'Riebiņu novads'),('en_US',437,'Rojas novads'),('en_US',438,'Ropažu novads'),('en_US',439,'Rucavas novads'),('en_US',440,'Rugāju novads'),('en_US',441,'Rundāles novads'),('en_US',442,'Rēzeknes novads'),('en_US',443,'Rūjienas novads'),('en_US',444,'Salacgrīvas novads'),('en_US',445,'Salas novads'),('en_US',446,'Salaspils novads'),('en_US',447,'Saldus novads'),('en_US',448,'Saulkrastu novads'),('en_US',449,'Siguldas novads'),('en_US',450,'Skrundas novads'),('en_US',451,'Skrīveru novads'),('en_US',452,'Smiltenes novads'),('en_US',453,'Stopiņu novads'),('en_US',454,'Strenču novads'),('en_US',455,'Sējas novads'),('en_US',456,'Talsu novads'),('en_US',457,'Tukuma novads'),('en_US',458,'Tērvetes novads'),('en_US',459,'Vaiņodes novads'),('en_US',460,'Valkas novads'),('en_US',461,'Valmieras novads'),('en_US',462,'Varakļānu novads'),('en_US',463,'Vecpiebalgas novads'),('en_US',464,'Vecumnieku novads'),('en_US',465,'Ventspils novads'),('en_US',466,'Viesītes novads'),('en_US',467,'Viļakas novads'),('en_US',468,'Viļānu novads'),('en_US',469,'Vārkavas novads'),('en_US',470,'Zilupes novads'),('en_US',471,'Ādažu novads'),('en_US',472,'Ērgļu novads'),('en_US',473,'Ķeguma novads'),('en_US',474,'Ķekavas novads'),('en_US',475,'Alytaus Apskritis'),('en_US',476,'Kauno Apskritis'),('en_US',477,'Klaipėdos Apskritis'),('en_US',478,'Marijampolės Apskritis'),('en_US',479,'Panevėžio Apskritis'),('en_US',480,'Šiaulių Apskritis'),('en_US',481,'Tauragės Apskritis'),('en_US',482,'Telšių Apskritis'),('en_US',483,'Utenos Apskritis'),('en_US',484,'Vilniaus Apskritis'),('en_US',485,'Acre'),('en_US',486,'Alagoas'),('en_US',487,'Amapá'),('en_US',488,'Amazonas'),('en_US',489,'Bahia'),('en_US',490,'Ceará'),('en_US',491,'Espírito Santo'),('en_US',492,'Goiás'),('en_US',493,'Maranhão'),('en_US',494,'Mato Grosso'),('en_US',495,'Mato Grosso do Sul'),('en_US',496,'Minas Gerais'),('en_US',497,'Pará'),('en_US',498,'Paraíba'),('en_US',499,'Paraná'),('en_US',500,'Pernambuco'),('en_US',501,'Piauí'),('en_US',502,'Rio de Janeiro'),('en_US',503,'Rio Grande do Norte'),('en_US',504,'Rio Grande do Sul'),('en_US',505,'Rondônia'),('en_US',506,'Roraima'),('en_US',507,'Santa Catarina'),('en_US',508,'São Paulo'),('en_US',509,'Sergipe'),('en_US',510,'Tocantins'),('en_US',511,'Distrito Federal'),('en_US',512,'Zagrebačka županija'),('en_US',513,'Krapinsko-zagorska županija'),('en_US',514,'Sisačko-moslavačka županija'),('en_US',515,'Karlovačka županija'),('en_US',516,'Varaždinska županija'),('en_US',517,'Koprivničko-križevačka županija'),('en_US',518,'Bjelovarsko-bilogorska županija'),('en_US',519,'Primorsko-goranska županija'),('en_US',520,'Ličko-senjska županija'),('en_US',521,'Virovitičko-podravska županija'),('en_US',522,'Požeško-slavonska županija'),('en_US',523,'Brodsko-posavska županija'),('en_US',524,'Zadarska županija'),('en_US',525,'Osječko-baranjska županija'),('en_US',526,'Šibensko-kninska županija'),('en_US',527,'Vukovarsko-srijemska županija'),('en_US',528,'Splitsko-dalmatinska županija'),('en_US',529,'Istarska županija'),('en_US',530,'Dubrovačko-neretvanska županija'),('en_US',531,'Međimurska županija'),('en_US',532,'Grad Zagreb'),('en_US',533,'Andaman and Nicobar Islands'),('en_US',534,'Andhra Pradesh'),('en_US',535,'Arunachal Pradesh'),('en_US',536,'Assam'),('en_US',537,'Bihar'),('en_US',538,'Chandigarh'),('en_US',539,'Chhattisgarh'),('en_US',540,'Dadra and Nagar Haveli'),('en_US',541,'Daman and Diu'),('en_US',542,'Delhi'),('en_US',543,'Goa'),('en_US',544,'Gujarat'),('en_US',545,'Haryana'),('en_US',546,'Himachal Pradesh'),('en_US',547,'Jammu and Kashmir'),('en_US',548,'Jharkhand'),('en_US',549,'Karnataka'),('en_US',550,'Kerala'),('en_US',551,'Lakshadweep'),('en_US',552,'Madhya Pradesh'),('en_US',553,'Maharashtra'),('en_US',554,'Manipur'),('en_US',555,'Meghalaya'),('en_US',556,'Mizoram'),('en_US',557,'Nagaland'),('en_US',558,'Odisha'),('en_US',559,'Puducherry'),('en_US',560,'Punjab'),('en_US',561,'Rajasthan'),('en_US',562,'Sikkim'),('en_US',563,'Tamil Nadu'),('en_US',564,'Telangana'),('en_US',565,'Tripura'),('en_US',566,'Uttar Pradesh'),('en_US',567,'Uttarakhand'),('en_US',568,'West Bengal'),('en_US',569,'Australian Capital Territory'),('en_US',570,'New South Wales'),('en_US',571,'Victoria'),('en_US',572,'Queensland'),('en_US',573,'South Australia'),('en_US',574,'Tasmania'),('en_US',575,'Western Australia'),('en_US',576,'Northern Territory'),('en_US',577,'Antwerpen'),('en_US',578,'Brabant wallon'),('en_US',579,'Brussels-Capital Region'),('en_US',580,'Hainaut'),('en_US',581,'Limburg'),('en_US',582,'Liège'),('en_US',583,'Luxembourg'),('en_US',584,'Namur'),('en_US',585,'Oost-Vlaanderen'),('en_US',586,'Vlaams-Brabant'),('en_US',587,'West-Vlaanderen'),('en_US',588,'Blagoevgrad'),('en_US',589,'Burgas'),('en_US',590,'Varna'),('en_US',591,'Veliko Tarnovo'),('en_US',592,'Vidin'),('en_US',593,'Vratsa'),('en_US',594,'Gabrovo'),('en_US',595,'Dobrich'),('en_US',596,'Kardzhali'),('en_US',597,'Kyustendil'),('en_US',598,'Lovech'),('en_US',599,'Montana'),('en_US',600,'Pazardzhik'),('en_US',601,'Pernik'),('en_US',602,'Pleven'),('en_US',603,'Plovdiv'),('en_US',604,'Razgrad'),('en_US',605,'Ruse'),('en_US',606,'Silistra'),('en_US',607,'Sliven'),('en_US',608,'Smolyan'),('en_US',609,'Sofia City'),('en_US',610,'Sofia Province'),('en_US',611,'Stara Zagora'),('en_US',612,'Targovishte'),('en_US',613,'Haskovo'),('en_US',614,'Shumen'),('en_US',615,'Yambol'),('en_US',616,'Anhui Sheng'),('en_US',617,'Beijing Shi'),('en_US',618,'Chongqing Shi'),('en_US',619,'Fujian Sheng'),('en_US',620,'Gansu Sheng'),('en_US',621,'Guangdong Sheng'),('en_US',622,'Guangxi Zhuangzu Zizhiqu'),('en_US',623,'Guizhou Sheng'),('en_US',624,'Hainan Sheng'),('en_US',625,'Hebei Sheng'),('en_US',626,'Heilongjiang Sheng'),('en_US',627,'Henan Sheng'),('en_US',628,'Hong Kong SAR'),('en_US',629,'Hubei Sheng'),('en_US',630,'Hunan Sheng'),('en_US',631,'Jiangsu Sheng'),('en_US',632,'Jiangxi Sheng'),('en_US',633,'Jilin Sheng'),('en_US',634,'Liaoning Sheng'),('en_US',635,'Macao SAR'),('en_US',636,'Nei Mongol Zizhiqu'),('en_US',637,'Ningxia Huizi Zizhiqu'),('en_US',638,'Qinghai Sheng'),('en_US',639,'Shaanxi Sheng'),('en_US',640,'Shandong Sheng'),('en_US',641,'Shanghai Shi'),('en_US',642,'Shanxi Sheng'),('en_US',643,'Sichuan Sheng'),('en_US',644,'Taiwan Sheng'),('en_US',645,'Tianjin Shi'),('en_US',646,'Xinjiang Uygur Zizhiqu'),('en_US',647,'Xizang Zizhiqu'),('en_US',648,'Yunnan Sheng'),('en_US',649,'Zhejiang Sheng'),('en_US',650,'Amazonas'),('en_US',651,'Antioquia'),('en_US',652,'Arauca'),('en_US',653,'Atlántico'),('en_US',654,'Bolívar'),('en_US',655,'Boyacá'),('en_US',656,'Caldas'),('en_US',657,'Caquetá'),('en_US',658,'Casanare'),('en_US',659,'Cauca'),('en_US',660,'Cesar'),('en_US',661,'Chocó'),('en_US',662,'Córdoba'),('en_US',663,'Cundinamarca'),('en_US',664,'Guainía'),('en_US',665,'Guaviare'),('en_US',666,'Huila'),('en_US',667,'La Guajira'),('en_US',668,'Magdalena'),('en_US',669,'Meta'),('en_US',670,'Nariño'),('en_US',671,'Norte de Santander'),('en_US',672,'Putumayo'),('en_US',673,'Quindío'),('en_US',674,'Risaralda'),('en_US',675,'San Andrés y Providencia'),('en_US',676,'Santander'),('en_US',677,'Sucre'),('en_US',678,'Tolima'),('en_US',679,'Valle del Cauca'),('en_US',680,'Vaupés'),('en_US',681,'Vichada'),('en_US',682,'Agrigento'),('en_US',683,'Alessandria'),('en_US',684,'Ancona'),('en_US',685,'Aosta'),('en_US',686,'L\'Aquila'),('en_US',687,'Arezzo'),('en_US',688,'Ascoli-Piceno'),('en_US',689,'Asti'),('en_US',690,'Avellino'),('en_US',691,'Bari'),('en_US',692,'Barletta-Andria-Trani'),('en_US',693,'Belluno'),('en_US',694,'Benevento'),('en_US',695,'Bergamo'),('en_US',696,'Biella'),('en_US',697,'Bologna'),('en_US',698,'Bolzano'),('en_US',699,'Brescia'),('en_US',700,'Brindisi'),('en_US',701,'Cagliari'),('en_US',702,'Caltanissetta'),('en_US',703,'Campobasso'),('en_US',704,'Carbonia Iglesias'),('en_US',705,'Caserta'),('en_US',706,'Catania'),('en_US',707,'Catanzaro'),('en_US',708,'Chieti'),('en_US',709,'Como'),('en_US',710,'Cosenza'),('en_US',711,'Cremona'),('en_US',712,'Crotone'),('en_US',713,'Cuneo'),('en_US',714,'Enna'),('en_US',715,'Fermo'),('en_US',716,'Ferrara'),('en_US',717,'Firenze'),('en_US',718,'Foggia'),('en_US',719,'Forli-Cesena'),('en_US',720,'Frosinone'),('en_US',721,'Genova'),('en_US',722,'Gorizia'),('en_US',723,'Grosseto'),('en_US',724,'Imperia'),('en_US',725,'Isernia'),('en_US',726,'La-Spezia'),('en_US',727,'Latina'),('en_US',728,'Lecce'),('en_US',729,'Lecco'),('en_US',730,'Livorno'),('en_US',731,'Lodi'),('en_US',732,'Lucca'),('en_US',733,'Macerata'),('en_US',734,'Mantova'),('en_US',735,'Massa-Carrara'),('en_US',736,'Matera'),('en_US',737,'Medio Campidano'),('en_US',738,'Messina'),('en_US',739,'Milano'),('en_US',740,'Modena'),('en_US',741,'Monza-Brianza'),('en_US',742,'Napoli'),('en_US',743,'Novara'),('en_US',744,'Nuoro'),('en_US',745,'Ogliastra'),('en_US',746,'Olbia Tempio'),('en_US',747,'Oristano'),('en_US',748,'Padova'),('en_US',749,'Palermo'),('en_US',750,'Parma'),('en_US',751,'Pavia'),('en_US',752,'Perugia'),('en_US',753,'Pesaro-Urbino'),('en_US',754,'Pescara'),('en_US',755,'Piacenza'),('en_US',756,'Pisa'),('en_US',757,'Pistoia'),('en_US',758,'Pordenone'),('en_US',759,'Potenza'),('en_US',760,'Prato'),('en_US',761,'Ragusa'),('en_US',762,'Ravenna'),('en_US',763,'Reggio-Calabria'),('en_US',764,'Reggio-Emilia'),('en_US',765,'Rieti'),('en_US',766,'Rimini'),('en_US',767,'Roma'),('en_US',768,'Rovigo'),('en_US',769,'Salerno'),('en_US',770,'Sassari'),('en_US',771,'Savona'),('en_US',772,'Siena'),('en_US',773,'Siracusa'),('en_US',774,'Sondrio'),('en_US',775,'Taranto'),('en_US',776,'Teramo'),('en_US',777,'Terni'),('en_US',778,'Torino'),('en_US',779,'Trapani'),('en_US',780,'Trento'),('en_US',781,'Treviso'),('en_US',782,'Trieste'),('en_US',783,'Udine'),('en_US',784,'Varese'),('en_US',785,'Venezia'),('en_US',786,'Verbania'),('en_US',787,'Vercelli'),('en_US',788,'Verona'),('en_US',789,'Vibo-Valentia'),('en_US',790,'Vicenza'),('en_US',791,'Viterbo'),('en_US',792,'Aguascalientes'),('en_US',793,'Baja California'),('en_US',794,'Baja California Sur'),('en_US',795,'Campeche'),('en_US',796,'Chiapas'),('en_US',797,'Chihuahua'),('en_US',798,'Ciudad de México'),('en_US',799,'Coahuila'),('en_US',800,'Colima'),('en_US',801,'Durango'),('en_US',802,'Estado de México'),('en_US',803,'Guanajuato'),('en_US',804,'Guerrero'),('en_US',805,'Hidalgo'),('en_US',806,'Jalisco'),('en_US',807,'Michoacán'),('en_US',808,'Morelos'),('en_US',809,'Nayarit'),('en_US',810,'Nuevo León'),('en_US',811,'Oaxaca'),('en_US',812,'Puebla'),('en_US',813,'Querétaro'),('en_US',814,'Quintana Roo'),('en_US',815,'San Luis Potosí'),('en_US',816,'Sinaloa'),('en_US',817,'Sonora'),('en_US',818,'Tabasco'),('en_US',819,'Tamaulipas'),('en_US',820,'Tlaxcala'),('en_US',821,'Veracruz'),('en_US',822,'Yucatán'),('en_US',823,'Zacatecas'),('en_US',824,'dolnośląskie'),('en_US',825,'kujawsko-pomorskie'),('en_US',826,'lubelskie'),('en_US',827,'lubuskie'),('en_US',828,'łódzkie'),('en_US',829,'małopolskie'),('en_US',830,'mazowieckie'),('en_US',831,'opolskie'),('en_US',832,'podkarpackie'),('en_US',833,'podlaskie'),('en_US',834,'pomorskie'),('en_US',835,'śląskie'),('en_US',836,'świętokrzyskie'),('en_US',837,'warmińsko-mazurskie'),('en_US',838,'wielkopolskie'),('en_US',839,'zachodniopomorskie'),('en_US',840,'Artigas'),('en_US',841,'Canelones'),('en_US',842,'Cerro Largo'),('en_US',843,'Colonia'),('en_US',844,'Durazno'),('en_US',845,'Flores'),('en_US',846,'Florida'),('en_US',847,'Lavalleja'),('en_US',848,'Maldonado'),('en_US',849,'Montevideo'),('en_US',850,'Paysandu'),('en_US',851,'Río Negro'),('en_US',852,'Rivera'),('en_US',853,'Rocha'),('en_US',854,'Salto'),('en_US',855,'San José'),('en_US',856,'Soriano'),('en_US',857,'Tacuarembó'),('en_US',858,'Treinta y Tres');

--
-- Table structure for table `directory_currency_rate`
--

CREATE TABLE `directory_currency_rate` (
  `currency_from` varchar(3) NOT NULL COMMENT 'Currency Code Convert From',
  `currency_to` varchar(3) NOT NULL COMMENT 'Currency Code Convert To',
  `rate` decimal(24,12) NOT NULL DEFAULT '0.000000000000' COMMENT 'Currency Conversion Rate',
  PRIMARY KEY (`currency_from`,`currency_to`),
  KEY `DIRECTORY_CURRENCY_RATE_CURRENCY_TO` (`currency_to`)
) ENGINE=InnoDB DEFAULT CHARSET=utf8mb3 COMMENT='Directory Currency Rate';

--
-- Dumping data for table `directory_currency_rate`
--

INSERT INTO `directory_currency_rate` VALUES ('EUR','EUR',1.000000000000),('EUR','USD',1.415000000000),('USD','EUR',0.706700000000),('USD','USD',1.000000000000);

--
-- Table structure for table `downloadable_link`
--

CREATE TABLE `downloadable_link` (
  `link_id` int unsigned NOT NULL AUTO_INCREMENT COMMENT 'Link ID',
  `product_id` int unsigned NOT NULL DEFAULT '0' COMMENT 'Product ID',
  `sort_order` int unsigned NOT NULL DEFAULT '0' COMMENT 'Sort order',
  `number_of_downloads` int DEFAULT NULL COMMENT 'Number of downloads',
  `is_shareable` smallint unsigned NOT NULL DEFAULT '0' COMMENT 'Shareable flag',
  `link_url` varchar(255) DEFAULT NULL COMMENT 'Link Url',
  `link_file` varchar(255) DEFAULT NULL COMMENT 'Link File',
  `link_type` varchar(20) DEFAULT NULL COMMENT 'Link Type',
  `sample_url` varchar(255) DEFAULT NULL COMMENT 'Sample Url',
  `sample_file` varchar(255) DEFAULT NULL COMMENT 'Sample File',
  `sample_type` varchar(20) DEFAULT NULL COMMENT 'Sample Type',
  PRIMARY KEY (`link_id`),
  KEY `DOWNLOADABLE_LINK_PRODUCT_ID_SORT_ORDER` (`product_id`,`sort_order`),
  CONSTRAINT `DOWNLOADABLE_LINK_PRODUCT_ID_CATALOG_PRODUCT_ENTITY_ENTITY_ID` FOREIGN KEY (`product_id`) REFERENCES `catalog_product_entity` (`entity_id`) ON DELETE CASCADE ON UPDATE RESTRICT
) ENGINE=InnoDB DEFAULT CHARSET=utf8mb3 COMMENT='Downloadable Link Table';

--
-- Dumping data for table `downloadable_link`
--


--
-- Table structure for table `downloadable_link_price`
--

CREATE TABLE `downloadable_link_price` (
  `price_id` int unsigned NOT NULL AUTO_INCREMENT COMMENT 'Price ID',
  `link_id` int unsigned NOT NULL DEFAULT '0' COMMENT 'Link ID',
  `website_id` smallint unsigned NOT NULL DEFAULT '0' COMMENT 'Website ID',
  `price` decimal(20,6) NOT NULL DEFAULT '0.000000' COMMENT 'Price',
  PRIMARY KEY (`price_id`),
  KEY `DOWNLOADABLE_LINK_PRICE_LINK_ID` (`link_id`),
  KEY `DOWNLOADABLE_LINK_PRICE_WEBSITE_ID` (`website_id`),
  CONSTRAINT `DOWNLOADABLE_LINK_PRICE_LINK_ID_DOWNLOADABLE_LINK_LINK_ID` FOREIGN KEY (`link_id`) REFERENCES `downloadable_link` (`link_id`) ON DELETE CASCADE ON UPDATE RESTRICT,
  CONSTRAINT `DOWNLOADABLE_LINK_PRICE_WEBSITE_ID_STORE_WEBSITE_WEBSITE_ID` FOREIGN KEY (`website_id`) REFERENCES `store_website` (`website_id`) ON DELETE CASCADE ON UPDATE RESTRICT
) ENGINE=InnoDB DEFAULT CHARSET=utf8mb3 COMMENT='Downloadable Link Price Table';

--
-- Dumping data for table `downloadable_link_price`
--


--
-- Table structure for table `downloadable_link_purchased`
--

CREATE TABLE `downloadable_link_purchased` (
  `purchased_id` int unsigned NOT NULL AUTO_INCREMENT COMMENT 'Purchased ID',
  `order_id` int unsigned DEFAULT '0' COMMENT 'Order ID',
  `order_increment_id` varchar(50) DEFAULT NULL COMMENT 'Order Increment ID',
  `order_item_id` int unsigned NOT NULL DEFAULT '0' COMMENT 'Order Item ID',
  `created_at` timestamp NOT NULL DEFAULT CURRENT_TIMESTAMP COMMENT 'Date of creation',
  `updated_at` timestamp NOT NULL DEFAULT CURRENT_TIMESTAMP ON UPDATE CURRENT_TIMESTAMP COMMENT 'Date of modification',
  `customer_id` int unsigned DEFAULT '0' COMMENT 'Customer ID',
  `product_name` varchar(255) DEFAULT NULL COMMENT 'Product name',
  `product_sku` varchar(255) DEFAULT NULL COMMENT 'Product sku',
  `link_section_title` varchar(255) DEFAULT NULL COMMENT 'Link_section_title',
  PRIMARY KEY (`purchased_id`),
  KEY `DOWNLOADABLE_LINK_PURCHASED_ORDER_ID` (`order_id`),
  KEY `DOWNLOADABLE_LINK_PURCHASED_ORDER_ITEM_ID` (`order_item_id`),
  KEY `DOWNLOADABLE_LINK_PURCHASED_CUSTOMER_ID` (`customer_id`),
  CONSTRAINT `DL_LNK_PURCHASED_CSTR_ID_CSTR_ENTT_ENTT_ID` FOREIGN KEY (`customer_id`) REFERENCES `customer_entity` (`entity_id`) ON DELETE SET NULL ON UPDATE RESTRICT,
  CONSTRAINT `DOWNLOADABLE_LINK_PURCHASED_ORDER_ID_SALES_ORDER_ENTITY_ID` FOREIGN KEY (`order_id`) REFERENCES `sales_order` (`entity_id`) ON DELETE SET NULL ON UPDATE RESTRICT
) ENGINE=InnoDB DEFAULT CHARSET=utf8mb3 COMMENT='Downloadable Link Purchased Table';

--
-- Dumping data for table `downloadable_link_purchased`
--


--
-- Table structure for table `downloadable_link_purchased_item`
--

CREATE TABLE `downloadable_link_purchased_item` (
  `item_id` int unsigned NOT NULL AUTO_INCREMENT COMMENT 'Item ID',
  `purchased_id` int unsigned NOT NULL DEFAULT '0' COMMENT 'Purchased ID',
  `order_item_id` int unsigned DEFAULT '0' COMMENT 'Order Item ID',
  `product_id` int unsigned DEFAULT '0' COMMENT 'Product ID',
  `link_hash` varchar(255) DEFAULT NULL COMMENT 'Link hash',
  `number_of_downloads_bought` int unsigned NOT NULL DEFAULT '0' COMMENT 'Number of downloads bought',
  `number_of_downloads_used` int unsigned NOT NULL DEFAULT '0' COMMENT 'Number of downloads used',
  `link_id` int unsigned NOT NULL DEFAULT '0' COMMENT 'Link ID',
  `link_title` varchar(255) DEFAULT NULL COMMENT 'Link Title',
  `is_shareable` smallint unsigned NOT NULL DEFAULT '0' COMMENT 'Shareable Flag',
  `link_url` varchar(255) DEFAULT NULL COMMENT 'Link Url',
  `link_file` varchar(255) DEFAULT NULL COMMENT 'Link File',
  `link_type` varchar(255) DEFAULT NULL COMMENT 'Link Type',
  `status` varchar(50) DEFAULT NULL COMMENT 'Status',
  `created_at` timestamp NOT NULL DEFAULT CURRENT_TIMESTAMP COMMENT 'Creation Time',
  `updated_at` timestamp NOT NULL DEFAULT CURRENT_TIMESTAMP ON UPDATE CURRENT_TIMESTAMP COMMENT 'Update Time',
  PRIMARY KEY (`item_id`),
  KEY `DOWNLOADABLE_LINK_PURCHASED_ITEM_LINK_HASH` (`link_hash`),
  KEY `DOWNLOADABLE_LINK_PURCHASED_ITEM_ORDER_ITEM_ID` (`order_item_id`),
  KEY `DOWNLOADABLE_LINK_PURCHASED_ITEM_PURCHASED_ID` (`purchased_id`),
  CONSTRAINT `DL_LNK_PURCHASED_ITEM_ORDER_ITEM_ID_SALES_ORDER_ITEM_ITEM_ID` FOREIGN KEY (`order_item_id`) REFERENCES `sales_order_item` (`item_id`) ON DELETE SET NULL ON UPDATE RESTRICT,
  CONSTRAINT `DL_LNK_PURCHASED_ITEM_PURCHASED_ID_DL_LNK_PURCHASED_PURCHASED_ID` FOREIGN KEY (`purchased_id`) REFERENCES `downloadable_link_purchased` (`purchased_id`) ON DELETE CASCADE ON UPDATE RESTRICT
) ENGINE=InnoDB DEFAULT CHARSET=utf8mb3 COMMENT='Downloadable Link Purchased Item Table';

--
-- Dumping data for table `downloadable_link_purchased_item`
--


--
-- Table structure for table `downloadable_link_title`
--

CREATE TABLE `downloadable_link_title` (
  `title_id` int unsigned NOT NULL AUTO_INCREMENT COMMENT 'Title ID',
  `link_id` int unsigned NOT NULL DEFAULT '0' COMMENT 'Link ID',
  `store_id` smallint unsigned NOT NULL DEFAULT '0' COMMENT 'Store ID',
  `title` varchar(255) DEFAULT NULL COMMENT 'Title',
  PRIMARY KEY (`title_id`),
  UNIQUE KEY `DOWNLOADABLE_LINK_TITLE_LINK_ID_STORE_ID` (`link_id`,`store_id`),
  KEY `DOWNLOADABLE_LINK_TITLE_STORE_ID` (`store_id`),
  CONSTRAINT `DOWNLOADABLE_LINK_TITLE_LINK_ID_DOWNLOADABLE_LINK_LINK_ID` FOREIGN KEY (`link_id`) REFERENCES `downloadable_link` (`link_id`) ON DELETE CASCADE ON UPDATE RESTRICT,
  CONSTRAINT `DOWNLOADABLE_LINK_TITLE_STORE_ID_STORE_STORE_ID` FOREIGN KEY (`store_id`) REFERENCES `store` (`store_id`) ON DELETE CASCADE ON UPDATE RESTRICT
) ENGINE=InnoDB DEFAULT CHARSET=utf8mb3 COMMENT='Link Title Table';

--
-- Dumping data for table `downloadable_link_title`
--


--
-- Table structure for table `downloadable_sample`
--

CREATE TABLE `downloadable_sample` (
  `sample_id` int unsigned NOT NULL AUTO_INCREMENT COMMENT 'Sample ID',
  `product_id` int unsigned NOT NULL DEFAULT '0' COMMENT 'Product ID',
  `sample_url` varchar(255) DEFAULT NULL COMMENT 'Sample URL',
  `sample_file` varchar(255) DEFAULT NULL COMMENT 'Sample file',
  `sample_type` varchar(20) DEFAULT NULL COMMENT 'Sample Type',
  `sort_order` int unsigned NOT NULL DEFAULT '0' COMMENT 'Sort Order',
  PRIMARY KEY (`sample_id`),
  KEY `DOWNLOADABLE_SAMPLE_PRODUCT_ID` (`product_id`),
  CONSTRAINT `DOWNLOADABLE_SAMPLE_PRODUCT_ID_CATALOG_PRODUCT_ENTITY_ENTITY_ID` FOREIGN KEY (`product_id`) REFERENCES `catalog_product_entity` (`entity_id`) ON DELETE CASCADE ON UPDATE RESTRICT
) ENGINE=InnoDB DEFAULT CHARSET=utf8mb3 COMMENT='Downloadable Sample Table';

--
-- Dumping data for table `downloadable_sample`
--


--
-- Table structure for table `downloadable_sample_title`
--

CREATE TABLE `downloadable_sample_title` (
  `title_id` int unsigned NOT NULL AUTO_INCREMENT COMMENT 'Title ID',
  `sample_id` int unsigned NOT NULL DEFAULT '0' COMMENT 'Sample ID',
  `store_id` smallint unsigned NOT NULL DEFAULT '0' COMMENT 'Store ID',
  `title` varchar(255) DEFAULT NULL COMMENT 'Title',
  PRIMARY KEY (`title_id`),
  UNIQUE KEY `DOWNLOADABLE_SAMPLE_TITLE_SAMPLE_ID_STORE_ID` (`sample_id`,`store_id`),
  KEY `DOWNLOADABLE_SAMPLE_TITLE_STORE_ID` (`store_id`),
  CONSTRAINT `DL_SAMPLE_TTL_SAMPLE_ID_DL_SAMPLE_SAMPLE_ID` FOREIGN KEY (`sample_id`) REFERENCES `downloadable_sample` (`sample_id`) ON DELETE CASCADE ON UPDATE RESTRICT,
  CONSTRAINT `DOWNLOADABLE_SAMPLE_TITLE_STORE_ID_STORE_STORE_ID` FOREIGN KEY (`store_id`) REFERENCES `store` (`store_id`) ON DELETE CASCADE ON UPDATE RESTRICT
) ENGINE=InnoDB DEFAULT CHARSET=utf8mb3 COMMENT='Downloadable Sample Title Table';

--
-- Dumping data for table `downloadable_sample_title`
--


--
-- Table structure for table `eav_attribute`
--

CREATE TABLE `eav_attribute` (
  `attribute_id` smallint unsigned NOT NULL AUTO_INCREMENT COMMENT 'Attribute ID',
  `entity_type_id` smallint unsigned NOT NULL DEFAULT '0' COMMENT 'Entity Type ID',
  `attribute_code` varchar(255) NOT NULL COMMENT 'Attribute Code',
  `attribute_model` varchar(255) DEFAULT NULL COMMENT 'Attribute Model',
  `backend_model` varchar(255) DEFAULT NULL COMMENT 'Backend Model',
  `backend_type` varchar(8) NOT NULL DEFAULT 'static' COMMENT 'Backend Type',
  `backend_table` varchar(255) DEFAULT NULL COMMENT 'Backend Table',
  `frontend_model` varchar(255) DEFAULT NULL COMMENT 'Frontend Model',
  `frontend_input` varchar(50) DEFAULT NULL COMMENT 'Frontend Input',
  `frontend_label` varchar(255) DEFAULT NULL COMMENT 'Frontend Label',
  `frontend_class` varchar(255) DEFAULT NULL COMMENT 'Frontend Class',
  `source_model` varchar(255) DEFAULT NULL COMMENT 'Source Model',
  `is_required` smallint unsigned NOT NULL DEFAULT '0' COMMENT 'Defines Is Required',
  `is_user_defined` smallint unsigned NOT NULL DEFAULT '0' COMMENT 'Defines Is User Defined',
  `default_value` text COMMENT 'Default Value',
  `is_unique` smallint unsigned NOT NULL DEFAULT '0' COMMENT 'Defines Is Unique',
  `note` varchar(255) DEFAULT NULL COMMENT 'Note',
  PRIMARY KEY (`attribute_id`),
  UNIQUE KEY `EAV_ATTRIBUTE_ENTITY_TYPE_ID_ATTRIBUTE_CODE` (`entity_type_id`,`attribute_code`),
  KEY `EAV_ATTRIBUTE_FRONTEND_INPUT_ENTITY_TYPE_ID_IS_USER_DEFINED` (`frontend_input`,`entity_type_id`,`is_user_defined`),
  CONSTRAINT `EAV_ATTRIBUTE_ENTITY_TYPE_ID_EAV_ENTITY_TYPE_ENTITY_TYPE_ID` FOREIGN KEY (`entity_type_id`) REFERENCES `eav_entity_type` (`entity_type_id`) ON DELETE CASCADE ON UPDATE RESTRICT
) ENGINE=InnoDB AUTO_INCREMENT=162 DEFAULT CHARSET=utf8mb3 COMMENT='Eav Attribute';

--
-- Dumping data for table `eav_attribute`
--

INSERT INTO `eav_attribute` VALUES (1,1,'website_id',NULL,'Magento\\Customer\\Model\\Customer\\Attribute\\Backend\\Website','static',NULL,NULL,'select','Associate to Website',NULL,'Magento\\Customer\\Model\\Customer\\Attribute\\Source\\Website',1,0,NULL,0,NULL),(2,1,'store_id',NULL,'Magento\\Customer\\Model\\Customer\\Attribute\\Backend\\Store','static',NULL,NULL,'select','Create In',NULL,'Magento\\Customer\\Model\\Customer\\Attribute\\Source\\Store',1,0,NULL,0,NULL),(3,1,'created_in',NULL,NULL,'static',NULL,NULL,'text','Created From',NULL,NULL,0,0,NULL,0,NULL),(4,1,'prefix',NULL,NULL,'static',NULL,NULL,'text','Name Prefix',NULL,NULL,0,0,NULL,0,NULL),(5,1,'firstname',NULL,NULL,'static',NULL,NULL,'text','First Name',NULL,NULL,1,0,NULL,0,NULL),(6,1,'middlename',NULL,NULL,'static',NULL,NULL,'text','Middle Name/Initial',NULL,NULL,0,0,NULL,0,NULL),(7,1,'lastname',NULL,NULL,'static',NULL,NULL,'text','Last Name',NULL,NULL,1,0,NULL,0,NULL),(8,1,'suffix',NULL,NULL,'static',NULL,NULL,'text','Name Suffix',NULL,NULL,0,0,NULL,0,NULL),(9,1,'email',NULL,NULL,'static',NULL,NULL,'text','Email',NULL,NULL,1,0,NULL,0,NULL),(10,1,'group_id',NULL,NULL,'static',NULL,NULL,'select','Group',NULL,'Magento\\Customer\\Model\\Customer\\Attribute\\Source\\Group',1,0,NULL,0,NULL),(11,1,'dob',NULL,'Magento\\Eav\\Model\\Entity\\Attribute\\Backend\\Datetime','static',NULL,'Magento\\Eav\\Model\\Entity\\Attribute\\Frontend\\Datetime','date','Date of Birth',NULL,NULL,0,0,NULL,0,NULL),(12,1,'password_hash',NULL,'Magento\\Customer\\Model\\Customer\\Attribute\\Backend\\Password','static',NULL,NULL,'hidden',NULL,NULL,NULL,0,0,NULL,0,NULL),(13,1,'rp_token',NULL,NULL,'static',NULL,NULL,'hidden',NULL,NULL,NULL,0,0,NULL,0,NULL),(14,1,'rp_token_created_at',NULL,NULL,'static',NULL,NULL,'date',NULL,NULL,NULL,0,0,NULL,0,NULL),(15,1,'default_billing',NULL,'Magento\\Customer\\Model\\Customer\\Attribute\\Backend\\Billing','static',NULL,NULL,'text','Default Billing Address',NULL,NULL,0,0,NULL,0,NULL),(16,1,'default_shipping',NULL,'Magento\\Customer\\Model\\Customer\\Attribute\\Backend\\Shipping','static',NULL,NULL,'text','Default Shipping Address',NULL,NULL,0,0,NULL,0,NULL),(17,1,'taxvat',NULL,NULL,'static',NULL,NULL,'text','Tax/VAT Number',NULL,NULL,0,0,NULL,0,NULL),(18,1,'confirmation',NULL,NULL,'static',NULL,NULL,'text','Is Confirmed',NULL,NULL,0,0,NULL,0,NULL),(19,1,'created_at',NULL,NULL,'static',NULL,NULL,'date','Created At',NULL,NULL,0,0,NULL,0,NULL),(20,1,'gender',NULL,NULL,'static',NULL,NULL,'select','Gender',NULL,'Magento\\Eav\\Model\\Entity\\Attribute\\Source\\Table',0,0,NULL,0,NULL),(21,1,'disable_auto_group_change','Magento\\Customer\\Model\\Attribute','Magento\\Customer\\Model\\Attribute\\Backend\\Data\\Boolean','static',NULL,NULL,'boolean','Disable Automatic Group Change Based on VAT ID',NULL,NULL,0,0,NULL,0,NULL),(22,2,'prefix',NULL,NULL,'static',NULL,NULL,'text','Name Prefix',NULL,NULL,0,0,NULL,0,NULL),(23,2,'firstname',NULL,NULL,'static',NULL,NULL,'text','First Name',NULL,NULL,1,0,NULL,0,NULL),(24,2,'middlename',NULL,NULL,'static',NULL,NULL,'text','Middle Name/Initial',NULL,NULL,0,0,NULL,0,NULL),(25,2,'lastname',NULL,NULL,'static',NULL,NULL,'text','Last Name',NULL,NULL,1,0,NULL,0,NULL),(26,2,'suffix',NULL,NULL,'static',NULL,NULL,'text','Name Suffix',NULL,NULL,0,0,NULL,0,NULL),(27,2,'company',NULL,NULL,'static',NULL,NULL,'text','Company',NULL,NULL,0,0,NULL,0,NULL),(28,2,'street',NULL,'Magento\\Eav\\Model\\Entity\\Attribute\\Backend\\DefaultBackend','static',NULL,NULL,'multiline','Street Address',NULL,NULL,1,0,NULL,0,NULL),(29,2,'city',NULL,NULL,'static',NULL,NULL,'text','City',NULL,NULL,1,0,NULL,0,NULL),(30,2,'country_id',NULL,NULL,'static',NULL,NULL,'select','Country',NULL,'Magento\\Customer\\Model\\ResourceModel\\Address\\Attribute\\Source\\Country',1,0,NULL,0,NULL),(31,2,'region',NULL,'Magento\\Customer\\Model\\ResourceModel\\Address\\Attribute\\Backend\\Region','static',NULL,NULL,'text','State/Province',NULL,NULL,0,0,NULL,0,NULL),(32,2,'region_id',NULL,NULL,'static',NULL,NULL,'hidden','State/Province',NULL,'Magento\\Customer\\Model\\ResourceModel\\Address\\Attribute\\Source\\Region',0,0,NULL,0,NULL),(33,2,'postcode',NULL,NULL,'static',NULL,NULL,'text','Zip/Postal Code',NULL,NULL,0,0,NULL,0,NULL),(34,2,'telephone',NULL,NULL,'static',NULL,NULL,'text','Phone Number',NULL,NULL,1,0,NULL,0,NULL),(35,2,'fax',NULL,NULL,'static',NULL,NULL,'text','Fax',NULL,NULL,0,0,NULL,0,NULL),(36,2,'vat_id','Magento\\Customer\\Model\\Attribute',NULL,'static',NULL,NULL,'text','VAT Number',NULL,NULL,0,0,NULL,0,NULL),(37,2,'vat_is_valid',NULL,NULL,'static',NULL,NULL,'text','VAT number validity',NULL,NULL,0,0,NULL,0,NULL),(38,2,'vat_request_id',NULL,NULL,'static',NULL,NULL,'text','VAT number validation request ID',NULL,NULL,0,0,NULL,0,NULL),(39,2,'vat_request_date',NULL,NULL,'static',NULL,NULL,'text','VAT number validation request date',NULL,NULL,0,0,NULL,0,NULL),(40,2,'vat_request_success',NULL,NULL,'static',NULL,NULL,'text','VAT number validation request success',NULL,NULL,0,0,NULL,0,NULL),(41,1,'updated_at',NULL,NULL,'static',NULL,NULL,'date','Updated At',NULL,NULL,0,0,NULL,0,NULL),(42,1,'failures_num',NULL,NULL,'static',NULL,NULL,'hidden','Failures Number',NULL,NULL,0,0,NULL,0,NULL),(43,1,'first_failure',NULL,NULL,'static',NULL,NULL,'date','First Failure Date',NULL,NULL,0,0,NULL,0,NULL),(44,1,'lock_expires',NULL,NULL,'static',NULL,NULL,'date','Failures Number',NULL,NULL,0,0,NULL,0,NULL),(45,3,'name',NULL,NULL,'varchar',NULL,NULL,'text','Name',NULL,NULL,1,0,NULL,0,NULL),(46,3,'is_active',NULL,NULL,'int',NULL,NULL,'select','Is Active',NULL,'Magento\\Eav\\Model\\Entity\\Attribute\\Source\\Boolean',1,0,NULL,0,NULL),(47,3,'description',NULL,NULL,'text',NULL,NULL,'textarea','Description',NULL,NULL,0,0,NULL,0,NULL),(48,3,'image',NULL,'Magento\\Catalog\\Model\\Category\\Attribute\\Backend\\Image','varchar',NULL,NULL,'image','Image',NULL,NULL,0,0,NULL,0,NULL),(49,3,'meta_title',NULL,NULL,'varchar',NULL,NULL,'text','Page Title',NULL,NULL,0,0,NULL,0,NULL),(50,3,'meta_keywords',NULL,NULL,'text',NULL,NULL,'textarea','Meta Keywords',NULL,NULL,0,0,NULL,0,NULL),(51,3,'meta_description',NULL,NULL,'text',NULL,NULL,'textarea','Meta Description',NULL,NULL,0,0,NULL,0,NULL),(52,3,'display_mode',NULL,NULL,'varchar',NULL,NULL,'select','Display Mode',NULL,'Magento\\Catalog\\Model\\Category\\Attribute\\Source\\Mode',0,0,NULL,0,NULL),(53,3,'landing_page',NULL,NULL,'int',NULL,NULL,'select','CMS Block',NULL,'Magento\\Catalog\\Model\\Category\\Attribute\\Source\\Page',0,0,NULL,0,NULL),(54,3,'is_anchor',NULL,NULL,'int',NULL,NULL,'select','Is Anchor',NULL,'Magento\\Eav\\Model\\Entity\\Attribute\\Source\\Boolean',0,0,'1',0,NULL),(55,3,'path',NULL,NULL,'static',NULL,NULL,'text','Path',NULL,NULL,0,0,NULL,0,NULL),(56,3,'position',NULL,NULL,'static',NULL,NULL,'text','Position',NULL,NULL,0,0,NULL,0,NULL),(57,3,'all_children',NULL,NULL,'text',NULL,NULL,'text',NULL,NULL,NULL,0,0,NULL,0,NULL),(58,3,'path_in_store',NULL,NULL,'text',NULL,NULL,'text',NULL,NULL,NULL,0,0,NULL,0,NULL),(59,3,'children',NULL,NULL,'text',NULL,NULL,'text',NULL,NULL,NULL,0,0,NULL,0,NULL),(60,3,'custom_design',NULL,NULL,'varchar',NULL,NULL,'select','Custom Design',NULL,'Magento\\Theme\\Model\\Theme\\Source\\Theme',0,0,NULL,0,NULL),(61,3,'custom_design_from','Magento\\Catalog\\Model\\ResourceModel\\Eav\\Attribute','Magento\\Catalog\\Model\\Attribute\\Backend\\Startdate','datetime',NULL,'Magento\\Eav\\Model\\Entity\\Attribute\\Frontend\\Datetime','date','Active From',NULL,NULL,0,0,NULL,0,NULL),(62,3,'custom_design_to',NULL,'Magento\\Eav\\Model\\Entity\\Attribute\\Backend\\Datetime','datetime',NULL,NULL,'date','Active To',NULL,NULL,0,0,NULL,0,NULL),(63,3,'page_layout',NULL,NULL,'varchar',NULL,NULL,'select','Page Layout',NULL,'Magento\\Catalog\\Model\\Category\\Attribute\\Source\\Layout',0,0,NULL,0,NULL),(64,3,'custom_layout_update',NULL,'Magento\\Catalog\\Model\\Attribute\\Backend\\Customlayoutupdate','text',NULL,NULL,'textarea','Custom Layout Update',NULL,NULL,0,0,NULL,0,NULL),(65,3,'level',NULL,NULL,'static',NULL,NULL,'text','Level',NULL,NULL,0,0,NULL,0,NULL),(66,3,'children_count',NULL,NULL,'static',NULL,NULL,'text','Children Count',NULL,NULL,0,0,NULL,0,NULL),(67,3,'available_sort_by',NULL,'Magento\\Catalog\\Model\\Category\\Attribute\\Backend\\Sortby','text',NULL,NULL,'multiselect','Available Product Listing Sort By',NULL,'Magento\\Catalog\\Model\\Category\\Attribute\\Source\\Sortby',1,0,NULL,0,NULL),(68,3,'default_sort_by',NULL,'Magento\\Catalog\\Model\\Category\\Attribute\\Backend\\Sortby','varchar',NULL,NULL,'select','Default Product Listing Sort By',NULL,'Magento\\Catalog\\Model\\Category\\Attribute\\Source\\Sortby',1,0,NULL,0,NULL),(69,3,'include_in_menu',NULL,NULL,'int',NULL,NULL,'select','Include in Navigation Menu',NULL,'Magento\\Eav\\Model\\Entity\\Attribute\\Source\\Boolean',1,0,'1',0,NULL),(70,3,'custom_use_parent_settings',NULL,NULL,'int',NULL,NULL,'select','Use Parent Category Settings',NULL,'Magento\\Eav\\Model\\Entity\\Attribute\\Source\\Boolean',0,0,NULL,0,NULL),(71,3,'custom_apply_to_products',NULL,NULL,'int',NULL,NULL,'select','Apply To Products',NULL,'Magento\\Eav\\Model\\Entity\\Attribute\\Source\\Boolean',0,0,NULL,0,NULL),(72,3,'filter_price_range',NULL,NULL,'decimal',NULL,NULL,'text','Layered Navigation Price Step',NULL,NULL,0,0,NULL,0,NULL),(73,4,'name',NULL,NULL,'varchar',NULL,NULL,'text','Product Name','validate-length maximum-length-255',NULL,1,0,NULL,0,NULL),(74,4,'sku','Magento\\Catalog\\Model\\ResourceModel\\Eav\\Attribute','Magento\\Catalog\\Model\\Product\\Attribute\\Backend\\Sku','static',NULL,NULL,'text','SKU','validate-length maximum-length-64',NULL,1,0,NULL,1,NULL),(75,4,'description',NULL,NULL,'text',NULL,NULL,'textarea','Description',NULL,NULL,0,0,NULL,0,NULL),(76,4,'short_description',NULL,NULL,'text',NULL,NULL,'textarea','Short Description',NULL,NULL,0,0,NULL,0,NULL),(77,4,'price','Magento\\Catalog\\Model\\ResourceModel\\Eav\\Attribute','Magento\\Catalog\\Model\\Product\\Attribute\\Backend\\Price','decimal',NULL,NULL,'price','Price',NULL,NULL,1,0,NULL,0,NULL),(78,4,'special_price','Magento\\Catalog\\Model\\ResourceModel\\Eav\\Attribute','Magento\\Catalog\\Model\\Product\\Attribute\\Backend\\Price','decimal',NULL,NULL,'price','Special Price',NULL,NULL,0,0,NULL,0,NULL),(79,4,'special_from_date',NULL,'Magento\\Catalog\\Model\\Attribute\\Backend\\Startdate','datetime',NULL,NULL,'date','Special Price From Date',NULL,NULL,0,0,NULL,0,NULL),(80,4,'special_to_date',NULL,'Magento\\Eav\\Model\\Entity\\Attribute\\Backend\\Datetime','datetime',NULL,NULL,'date','Special Price To Date',NULL,NULL,0,0,NULL,0,NULL),(81,4,'cost',NULL,'Magento\\Catalog\\Model\\Product\\Attribute\\Backend\\Price','decimal',NULL,NULL,'price','Cost',NULL,NULL,0,1,NULL,0,NULL),(82,4,'weight',NULL,'Magento\\Catalog\\Model\\Product\\Attribute\\Backend\\Weight','decimal',NULL,NULL,'weight','Weight',NULL,NULL,0,0,NULL,0,NULL),(83,4,'manufacturer',NULL,NULL,'int',NULL,NULL,'select','Manufacturer',NULL,NULL,0,1,'',0,NULL),(84,4,'meta_title',NULL,NULL,'varchar',NULL,NULL,'text','Meta Title',NULL,NULL,0,0,NULL,0,NULL),(85,4,'meta_keyword',NULL,NULL,'text',NULL,NULL,'textarea','Meta Keywords',NULL,NULL,0,0,NULL,0,NULL),(86,4,'meta_description',NULL,NULL,'varchar',NULL,NULL,'textarea','Meta Description',NULL,NULL,0,0,NULL,0,'Maximum 255 chars. Meta Description should optimally be between 150-160 characters'),(87,4,'image',NULL,NULL,'varchar',NULL,'Magento\\Catalog\\Model\\Product\\Attribute\\Frontend\\Image','media_image','Base',NULL,NULL,0,0,NULL,0,NULL),(88,4,'small_image',NULL,NULL,'varchar',NULL,'Magento\\Catalog\\Model\\Product\\Attribute\\Frontend\\Image','media_image','Small',NULL,NULL,0,0,NULL,0,NULL),(89,4,'thumbnail',NULL,NULL,'varchar',NULL,'Magento\\Catalog\\Model\\Product\\Attribute\\Frontend\\Image','media_image','Thumbnail',NULL,NULL,0,0,NULL,0,NULL),(90,4,'media_gallery',NULL,NULL,'static',NULL,NULL,'gallery','Media Gallery',NULL,NULL,0,0,NULL,0,NULL),(91,4,'old_id',NULL,NULL,'int',NULL,NULL,'text',NULL,NULL,NULL,0,0,NULL,0,NULL),(92,4,'tier_price',NULL,'Magento\\Catalog\\Model\\Product\\Attribute\\Backend\\Tierprice','decimal',NULL,NULL,'text','Tier Price',NULL,NULL,0,0,NULL,0,NULL),(93,4,'color',NULL,NULL,'int',NULL,NULL,'select','Color',NULL,NULL,0,1,'',0,NULL),(94,4,'news_from_date',NULL,'Magento\\Catalog\\Model\\Attribute\\Backend\\Startdate','datetime',NULL,NULL,'date','Set Product as New from Date',NULL,NULL,0,0,NULL,0,NULL),(95,4,'news_to_date',NULL,'Magento\\Eav\\Model\\Entity\\Attribute\\Backend\\Datetime','datetime',NULL,NULL,'date','Set Product as New to Date',NULL,NULL,0,0,NULL,0,NULL),(96,4,'gallery',NULL,NULL,'varchar',NULL,NULL,'gallery','Image Gallery',NULL,NULL,0,0,NULL,0,NULL),(97,4,'status',NULL,NULL,'int',NULL,NULL,'select','Enable Product',NULL,'Magento\\Catalog\\Model\\Product\\Attribute\\Source\\Status',0,0,'1',0,NULL),(98,4,'minimal_price','Magento\\Catalog\\Model\\ResourceModel\\Eav\\Attribute','Magento\\Catalog\\Model\\Product\\Attribute\\Backend\\Price','decimal',NULL,NULL,'price','Minimal Price',NULL,NULL,0,0,NULL,0,NULL),(99,4,'visibility',NULL,NULL,'int',NULL,NULL,'select','Visibility',NULL,'Magento\\Catalog\\Model\\Product\\Visibility',0,0,'4',0,NULL),(100,4,'custom_design',NULL,NULL,'varchar',NULL,NULL,'select','New Theme',NULL,'Magento\\Theme\\Model\\Theme\\Source\\Theme',0,0,NULL,0,NULL),(101,4,'custom_design_from',NULL,'Magento\\Catalog\\Model\\Attribute\\Backend\\Startdate','datetime',NULL,NULL,'date','Active From',NULL,NULL,0,0,NULL,0,NULL),(102,4,'custom_design_to',NULL,'Magento\\Eav\\Model\\Entity\\Attribute\\Backend\\Datetime','datetime',NULL,NULL,'date','Active To',NULL,NULL,0,0,NULL,0,NULL),(103,4,'custom_layout_update',NULL,'Magento\\Catalog\\Model\\Attribute\\Backend\\Customlayoutupdate','text',NULL,NULL,'textarea','Layout Update XML',NULL,NULL,0,0,NULL,0,NULL),(104,4,'page_layout',NULL,NULL,'varchar',NULL,NULL,'select','Layout',NULL,'Magento\\Catalog\\Model\\Product\\Attribute\\Source\\Layout',0,0,NULL,0,NULL),(105,4,'category_ids',NULL,'Magento\\Catalog\\Model\\Product\\Attribute\\Backend\\Category','static',NULL,NULL,'text','Categories',NULL,NULL,0,0,NULL,0,NULL),(106,4,'options_container',NULL,NULL,'varchar',NULL,NULL,'select','Display Product Options In',NULL,'Magento\\Catalog\\Model\\Entity\\Product\\Attribute\\Design\\Options\\Container',0,0,'container2',0,NULL),(107,4,'required_options',NULL,NULL,'static',NULL,NULL,'text',NULL,NULL,NULL,0,0,NULL,0,NULL),(108,4,'has_options',NULL,NULL,'static',NULL,NULL,'text',NULL,NULL,NULL,0,0,NULL,0,NULL),(109,4,'image_label',NULL,NULL,'varchar',NULL,NULL,'text','Image Label',NULL,NULL,0,0,NULL,0,NULL),(110,4,'small_image_label',NULL,NULL,'varchar',NULL,NULL,'text','Small Image Label',NULL,NULL,0,0,NULL,0,NULL),(111,4,'thumbnail_label',NULL,NULL,'varchar',NULL,NULL,'text','Thumbnail Label',NULL,NULL,0,0,NULL,0,NULL),(112,4,'created_at',NULL,NULL,'static',NULL,NULL,'date',NULL,NULL,NULL,1,0,NULL,0,NULL),(113,4,'updated_at',NULL,NULL,'static',NULL,NULL,'date',NULL,NULL,NULL,1,0,NULL,0,NULL),(114,4,'country_of_manufacture',NULL,NULL,'varchar',NULL,NULL,'select','Country of Manufacture',NULL,'Magento\\Catalog\\Model\\Product\\Attribute\\Source\\Countryofmanufacture',0,0,NULL,0,NULL),(115,4,'quantity_and_stock_status',NULL,'Magento\\Catalog\\Model\\Product\\Attribute\\Backend\\Stock','int',NULL,NULL,'select','Quantity',NULL,'Magento\\CatalogInventory\\Model\\Source\\Stock',0,0,'1',0,NULL),(116,4,'custom_layout',NULL,NULL,'varchar',NULL,NULL,'select','New Layout',NULL,'Magento\\Catalog\\Model\\Product\\Attribute\\Source\\Layout',0,0,NULL,0,NULL),(117,4,'custom_layout_update_file',NULL,'Magento\\Catalog\\Model\\Product\\Attribute\\Backend\\LayoutUpdate','varchar',NULL,NULL,'select','Custom Layout Update',NULL,'Magento\\Catalog\\Model\\Product\\Attribute\\Source\\LayoutUpdate',0,0,NULL,0,NULL),(118,3,'custom_layout_update_file',NULL,'Magento\\Catalog\\Model\\Category\\Attribute\\Backend\\LayoutUpdate','varchar',NULL,NULL,'select','Custom Layout Update',NULL,'Magento\\Catalog\\Model\\Category\\Attribute\\Source\\LayoutUpdate',0,0,NULL,0,NULL),(119,3,'url_key',NULL,NULL,'varchar',NULL,NULL,'text','URL Key',NULL,NULL,0,0,NULL,0,NULL),(120,3,'url_path',NULL,NULL,'varchar',NULL,NULL,'text',NULL,NULL,NULL,0,0,NULL,0,NULL),(121,4,'url_key',NULL,NULL,'varchar',NULL,NULL,'text','URL Key',NULL,NULL,0,0,NULL,0,NULL),(122,4,'url_path',NULL,NULL,'varchar',NULL,NULL,'text',NULL,NULL,NULL,0,0,NULL,0,NULL),(123,4,'msrp','Magento\\Catalog\\Model\\ResourceModel\\Eav\\Attribute','Magento\\Catalog\\Model\\Product\\Attribute\\Backend\\Price','decimal',NULL,NULL,'price','Minimum Advertised Price',NULL,NULL,0,0,NULL,0,NULL),(124,4,'msrp_display_actual_price_type',NULL,'Magento\\Catalog\\Model\\Product\\Attribute\\Backend\\Boolean','varchar',NULL,NULL,'select','Display Actual Price',NULL,'Magento\\Msrp\\Model\\Product\\Attribute\\Source\\Type\\Price',0,0,'0',0,NULL),(125,4,'price_type',NULL,NULL,'int',NULL,NULL,'boolean','Dynamic Price',NULL,NULL,1,0,'0',0,NULL),(126,4,'sku_type',NULL,NULL,'int',NULL,NULL,'boolean','Dynamic SKU',NULL,NULL,1,0,'0',0,NULL),(127,4,'weight_type',NULL,NULL,'int',NULL,NULL,'boolean','Dynamic Weight',NULL,NULL,1,0,'0',0,NULL),(128,4,'price_view',NULL,NULL,'int',NULL,NULL,'select','Price View',NULL,'Magento\\Bundle\\Model\\Product\\Attribute\\Source\\Price\\View',1,0,NULL,0,NULL),(129,4,'shipment_type',NULL,NULL,'int',NULL,NULL,'select','Ship Bundle Items',NULL,'Magento\\Bundle\\Model\\Product\\Attribute\\Source\\Shipment\\Type',1,0,'0',0,NULL),(130,4,'links_purchased_separately',NULL,NULL,'int',NULL,NULL,NULL,'Links can be purchased separately',NULL,NULL,1,0,NULL,0,NULL),(131,4,'samples_title',NULL,NULL,'varchar',NULL,NULL,NULL,'Samples title',NULL,NULL,1,0,NULL,0,NULL),(132,4,'links_title',NULL,NULL,'varchar',NULL,NULL,NULL,'Links title',NULL,NULL,1,0,NULL,0,NULL),(133,4,'links_exist',NULL,NULL,'int',NULL,NULL,NULL,NULL,NULL,NULL,0,0,NULL,0,NULL),(134,4,'gift_message_available',NULL,'Magento\\Catalog\\Model\\Product\\Attribute\\Backend\\Boolean','varchar',NULL,NULL,'select','Allow Gift Message',NULL,'Magento\\Catalog\\Model\\Product\\Attribute\\Source\\Boolean',0,0,NULL,0,NULL),(135,4,'swatch_image',NULL,NULL,'varchar',NULL,'Magento\\Catalog\\Model\\Product\\Attribute\\Frontend\\Image','media_image','Swatch',NULL,NULL,0,0,NULL,0,NULL),(136,4,'tax_class_id',NULL,NULL,'int',NULL,NULL,'select','Tax Class',NULL,'Magento\\Tax\\Model\\TaxClass\\Source\\Product',0,0,'2',0,NULL),(137,3,'short_description',NULL,NULL,'varchar',NULL,NULL,'text','Short_description',NULL,NULL,0,1,NULL,0,NULL),(143,1,'password_salt',NULL,NULL,'varchar',NULL,NULL,'text','Password_salt',NULL,NULL,0,1,NULL,0,NULL),(144,1,'telephone',NULL,NULL,'varchar',NULL,NULL,'text','Telephone',NULL,NULL,0,1,NULL,0,NULL),(145,1,'url',NULL,NULL,'varchar',NULL,NULL,'text','Url',NULL,NULL,0,1,NULL,0,NULL),(146,1,'newsletter',NULL,NULL,'varchar',NULL,NULL,'text','Newsletter',NULL,NULL,0,1,NULL,0,NULL),(147,1,'fax',NULL,NULL,'varchar',NULL,NULL,'text','Fax',NULL,NULL,0,1,NULL,0,NULL),(148,4,'show_home_page_features_produc',NULL,NULL,'int',NULL,NULL,'boolean','show home page features Product',NULL,'Magento\\Eav\\Model\\Entity\\Attribute\\Source\\Boolean',0,1,'0',0,NULL),(149,4,'featured_product_label',NULL,NULL,'int',NULL,NULL,'select','Featured Product Label',NULL,'Magento\\Eav\\Model\\Entity\\Attribute\\Source\\Table',0,1,'',0,NULL),(150,4,'latest_arrival',NULL,NULL,'int',NULL,NULL,'boolean','Latest Arrival',NULL,'Magento\\Eav\\Model\\Entity\\Attribute\\Source\\Boolean',0,1,'0',0,NULL),(151,4,'select_new_product',NULL,NULL,'int',NULL,NULL,'boolean','Select New Product',NULL,'Magento\\Eav\\Model\\Entity\\Attribute\\Source\\Boolean',0,1,'0',0,NULL),(152,4,'brand',NULL,NULL,'int',NULL,NULL,'select','Brand',NULL,'Magento\\Eav\\Model\\Entity\\Attribute\\Source\\Table',0,1,'',0,NULL),(153,4,'availability',NULL,NULL,'varchar',NULL,NULL,'text','Availability',NULL,NULL,0,1,NULL,0,NULL),(154,4,'free_shipping_show_product_pag',NULL,NULL,'int',NULL,NULL,'boolean','Free Shipping Show Product Page',NULL,'Magento\\Eav\\Model\\Entity\\Attribute\\Source\\Boolean',0,1,'0',0,NULL),(155,4,'c2c_features',NULL,'','varchar',NULL,NULL,'text','Features',NULL,NULL,0,1,NULL,0,NULL),(156,4,'c2c_upc',NULL,'','varchar',NULL,NULL,'text','upc',NULL,NULL,0,1,NULL,0,NULL),(157,4,'c2c_length',NULL,'','varchar',NULL,NULL,'text','length',NULL,NULL,0,1,NULL,0,NULL),(158,4,'c2c_width',NULL,'','varchar',NULL,NULL,'text','width',NULL,NULL,0,1,NULL,0,NULL),(159,4,'c2c_height',NULL,'','varchar',NULL,NULL,'text','height',NULL,NULL,0,1,NULL,0,NULL),(160,4,'c2c_customfield1',NULL,'','varchar',NULL,NULL,'text','Custom Field 1',NULL,NULL,0,1,NULL,0,NULL),(161,3,'thumbnail',NULL,'Magento\\Catalog\\Model\\Category\\Attribute\\Backend\\Image','varchar',NULL,NULL,'image','Thumbnail',NULL,NULL,0,0,NULL,0,NULL);

--
-- Table structure for table `eav_attribute_group`
--

CREATE TABLE `eav_attribute_group` (
  `attribute_group_id` smallint unsigned NOT NULL AUTO_INCREMENT COMMENT 'Attribute Group ID',
  `attribute_set_id` smallint unsigned NOT NULL DEFAULT '0' COMMENT 'Attribute Set ID',
  `attribute_group_name` varchar(255) DEFAULT NULL COMMENT 'Attribute Group Name',
  `sort_order` smallint NOT NULL DEFAULT '0' COMMENT 'Sort Order',
  `default_id` smallint unsigned DEFAULT '0' COMMENT 'Default ID',
  `attribute_group_code` varchar(255) NOT NULL COMMENT 'Attribute Group Code',
  `tab_group_code` varchar(255) DEFAULT NULL COMMENT 'Tab Group Code',
  PRIMARY KEY (`attribute_group_id`),
  UNIQUE KEY `EAV_ATTRIBUTE_GROUP_ATTRIBUTE_SET_ID_ATTRIBUTE_GROUP_CODE` (`attribute_set_id`,`attribute_group_code`),
  UNIQUE KEY `EAV_ATTRIBUTE_GROUP_ATTRIBUTE_SET_ID_ATTRIBUTE_GROUP_NAME` (`attribute_set_id`,`attribute_group_name`),
  KEY `EAV_ATTRIBUTE_GROUP_ATTRIBUTE_SET_ID_SORT_ORDER` (`attribute_set_id`,`sort_order`),
  CONSTRAINT `EAV_ATTR_GROUP_ATTR_SET_ID_EAV_ATTR_SET_ATTR_SET_ID` FOREIGN KEY (`attribute_set_id`) REFERENCES `eav_attribute_set` (`attribute_set_id`) ON DELETE CASCADE ON UPDATE RESTRICT
) ENGINE=InnoDB AUTO_INCREMENT=52 DEFAULT CHARSET=utf8mb3 COMMENT='Eav Attribute Group';

--
-- Dumping data for table `eav_attribute_group`
--

INSERT INTO `eav_attribute_group` VALUES (1,1,'General',1,1,'general',NULL),(2,2,'General',1,1,'general',NULL),(3,3,'General',10,1,'general',NULL),(4,3,'General Information',2,0,'general-information',NULL),(5,3,'Display Settings',20,0,'display-settings',NULL),(6,3,'Custom Design',30,0,'custom-design',NULL),(7,4,'Product Details',10,1,'product-details','basic'),(8,4,'Advanced Pricing',40,0,'advanced-pricing','advanced'),(9,4,'Search Engine Optimization',30,0,'search-engine-optimization','basic'),(10,4,'Images',20,0,'image-management','basic'),(11,4,'Design',50,0,'design','advanced'),(12,4,'Autosettings',60,0,'autosettings','advanced'),(13,4,'Content',15,0,'content','basic'),(14,4,'Schedule Design Update',55,0,'schedule-design-update','advanced'),(15,5,'General',1,1,'general',NULL),(16,6,'General',1,1,'general',NULL),(17,7,'General',1,1,'general',NULL),(18,8,'General',1,1,'general',NULL),(19,4,'Bundle Items',16,0,'bundle-items',NULL),(20,4,'Gift Options',61,0,'gift-options',NULL),(21,9,'Advanced Pricing',6,0,'advanced-pricing','advanced'),(22,9,'Autosettings',9,0,'autosettings','advanced'),(23,9,'Bundle Items',3,0,'bundle-items',''),(24,9,'Content',2,0,'content','basic'),(25,9,'Design',7,0,'design','advanced'),(26,9,'Gift Options',10,0,'gift-options',''),(27,9,'Images',4,0,'image-management','basic'),(28,9,'Product Details',1,1,'product-details','basic'),(29,9,'Schedule Design Update',8,0,'schedule-design-update','advanced'),(30,9,'Search Engine Optimization',5,0,'search-engine-optimization','basic'),(31,0,'General',0,0,'general',NULL),(32,10,'Advanced Pricing',6,0,'advanced-pricing','advanced'),(33,10,'Autosettings',9,0,'autosettings','advanced'),(34,10,'Bundle Items',3,0,'bundle-items',''),(35,10,'Content',2,0,'content','basic'),(36,10,'Design',7,0,'design','advanced'),(37,10,'Gift Options',10,0,'gift-options',''),(38,10,'Images',4,0,'image-management','basic'),(39,10,'Product Details',1,1,'product-details','basic'),(40,10,'Schedule Design Update',8,0,'schedule-design-update','advanced'),(41,10,'Search Engine Optimization',5,0,'search-engine-optimization','basic'),(42,11,'Advanced Pricing',40,0,'advanced-pricing','advanced'),(43,11,'Autosettings',60,0,'autosettings','advanced'),(44,11,'Bundle Items',16,0,'bundle-items',''),(45,11,'Content',15,0,'content','basic'),(46,11,'Design',50,0,'design','advanced'),(47,11,'Gift Options',61,0,'gift-options',''),(48,11,'Images',20,0,'image-management','basic'),(49,11,'Product Details',10,1,'product-details','basic'),(50,11,'Schedule Design Update',55,0,'schedule-design-update','advanced'),(51,11,'Search Engine Optimization',30,0,'search-engine-optimization','basic');

--
-- Table structure for table `eav_attribute_label`
--

CREATE TABLE `eav_attribute_label` (
  `attribute_label_id` int unsigned NOT NULL AUTO_INCREMENT COMMENT 'Attribute Label ID',
  `attribute_id` smallint unsigned NOT NULL DEFAULT '0' COMMENT 'Attribute ID',
  `store_id` smallint unsigned NOT NULL DEFAULT '0' COMMENT 'Store ID',
  `value` varchar(255) DEFAULT NULL COMMENT 'Value',
  PRIMARY KEY (`attribute_label_id`),
  KEY `EAV_ATTRIBUTE_LABEL_STORE_ID` (`store_id`),
  KEY `EAV_ATTRIBUTE_LABEL_ATTRIBUTE_ID_STORE_ID` (`attribute_id`,`store_id`),
  CONSTRAINT `EAV_ATTRIBUTE_LABEL_ATTRIBUTE_ID_EAV_ATTRIBUTE_ATTRIBUTE_ID` FOREIGN KEY (`attribute_id`) REFERENCES `eav_attribute` (`attribute_id`) ON DELETE CASCADE ON UPDATE RESTRICT,
  CONSTRAINT `EAV_ATTRIBUTE_LABEL_STORE_ID_STORE_STORE_ID` FOREIGN KEY (`store_id`) REFERENCES `store` (`store_id`) ON DELETE CASCADE ON UPDATE RESTRICT
) ENGINE=InnoDB AUTO_INCREMENT=23 DEFAULT CHARSET=utf8mb3 COMMENT='Eav Attribute Label';

--
-- Dumping data for table `eav_attribute_label`
--

INSERT INTO `eav_attribute_label` VALUES (11,155,0,'Features'),(12,155,1,'Features'),(13,156,0,'upc'),(14,156,1,'upc'),(15,157,0,'length'),(16,157,1,'length'),(17,158,0,'width'),(18,158,1,'width'),(19,159,0,'height'),(20,159,1,'height'),(21,160,0,'Custom Field 1'),(22,160,1,'Custom Field 1');

--
-- Table structure for table `eav_attribute_option`
--

CREATE TABLE `eav_attribute_option` (
  `option_id` int unsigned NOT NULL AUTO_INCREMENT COMMENT 'Option ID',
  `attribute_id` smallint unsigned NOT NULL DEFAULT '0' COMMENT 'Attribute ID',
  `sort_order` smallint unsigned NOT NULL DEFAULT '0' COMMENT 'Sort Order',
  PRIMARY KEY (`option_id`),
  KEY `EAV_ATTRIBUTE_OPTION_ATTRIBUTE_ID` (`attribute_id`),
  CONSTRAINT `EAV_ATTRIBUTE_OPTION_ATTRIBUTE_ID_EAV_ATTRIBUTE_ATTRIBUTE_ID` FOREIGN KEY (`attribute_id`) REFERENCES `eav_attribute` (`attribute_id`) ON DELETE CASCADE ON UPDATE RESTRICT
) ENGINE=InnoDB AUTO_INCREMENT=255 DEFAULT CHARSET=utf8mb3 COMMENT='Eav Attribute Option';

--
-- Dumping data for table `eav_attribute_option`
--

INSERT INTO `eav_attribute_option` VALUES (1,20,0),(2,20,1),(3,20,3),(34,93,1),(35,93,2),(36,93,3),(37,149,1),(38,149,2),(39,149,3),(40,149,4),(41,152,1),(42,152,2),(43,152,3),(74,83,0),(75,83,0),(76,83,0),(77,83,0),(78,83,0),(79,83,0),(80,83,0),(81,83,0),(82,83,0),(83,83,0),(84,83,0),(85,83,0),(86,83,0),(87,83,0),(88,83,0),(89,83,0),(90,83,0),(91,83,0),(92,83,0),(93,83,0),(94,83,0),(95,83,0),(96,83,0),(97,83,0),(98,83,0),(99,83,0),(100,83,0),(101,83,0),(102,83,0),(103,83,0),(104,83,0),(105,83,0),(106,83,0),(107,83,0),(108,83,0),(109,83,0),(110,83,0),(111,83,0),(112,83,0),(113,83,0),(114,83,0),(115,83,0),(116,83,0),(117,83,0),(118,83,0),(119,83,0),(120,83,0),(121,83,0),(122,83,0),(123,83,0),(124,83,0),(125,83,0),(126,83,0),(127,83,0),(128,83,0),(129,83,0),(130,83,0),(131,83,0),(132,83,0),(133,83,0),(134,83,0),(135,83,0),(136,83,0),(137,83,0),(138,83,0),(139,83,0),(140,83,0),(141,83,0),(142,83,0),(143,83,0),(144,83,0),(145,83,0),(146,83,0),(147,83,0),(148,83,0),(149,83,0),(150,83,0),(151,83,0),(152,83,0),(153,83,0),(154,83,0),(155,83,0),(156,83,0),(157,83,0),(158,83,0),(159,83,0),(160,83,0),(161,83,0),(162,83,0),(163,83,0),(164,83,0),(165,83,0),(166,83,0),(167,83,0),(168,83,0),(169,83,0),(170,83,0),(171,83,0),(172,83,0),(173,83,0),(174,83,0),(175,83,0),(176,83,0),(177,83,0),(178,83,0),(179,83,0),(180,83,0),(181,83,0),(182,83,0),(183,83,0),(184,83,0),(185,83,0),(186,83,0),(187,83,0),(188,83,0),(189,83,0),(190,83,0),(191,83,0),(192,83,0),(193,83,0),(194,83,0),(195,83,0),(196,83,0),(197,83,0),(198,83,0),(199,83,0),(200,83,0),(201,83,0),(202,83,0),(203,83,0),(204,83,0),(205,83,0),(206,83,0),(207,83,0),(208,83,0),(209,83,0),(210,83,0),(211,83,0),(212,83,0),(213,83,0),(214,83,0),(215,83,0),(216,83,0),(217,83,0),(218,83,0),(219,83,0),(220,83,0),(221,83,0),(222,83,0),(223,83,0),(224,83,0),(225,83,0),(226,83,0),(227,83,0),(228,83,0),(229,83,0),(230,83,0),(231,83,0),(232,83,0),(233,83,0),(234,83,0),(235,83,0),(236,83,0),(237,83,0),(238,83,0),(239,83,0),(240,83,0),(241,83,0),(242,83,0),(243,83,0),(244,83,0),(245,83,0),(246,83,0),(247,83,0),(248,83,0),(249,83,0),(250,83,0),(251,83,0),(252,83,0),(253,83,0),(254,83,0);

--
-- Table structure for table `eav_attribute_option_swatch`
--

CREATE TABLE `eav_attribute_option_swatch` (
  `swatch_id` int unsigned NOT NULL AUTO_INCREMENT COMMENT 'Swatch ID',
  `option_id` int unsigned NOT NULL COMMENT 'Option ID',
  `store_id` smallint unsigned NOT NULL COMMENT 'Store ID',
  `type` smallint unsigned NOT NULL COMMENT 'Swatch type: 0 - text, 1 - visual color, 2 - visual image',
  `value` varchar(255) DEFAULT NULL COMMENT 'Swatch Value',
  PRIMARY KEY (`swatch_id`),
  UNIQUE KEY `EAV_ATTRIBUTE_OPTION_SWATCH_STORE_ID_OPTION_ID` (`store_id`,`option_id`),
  KEY `EAV_ATTR_OPT_SWATCH_OPT_ID_EAV_ATTR_OPT_OPT_ID` (`option_id`),
  KEY `EAV_ATTRIBUTE_OPTION_SWATCH_SWATCH_ID` (`swatch_id`),
  CONSTRAINT `EAV_ATTR_OPT_SWATCH_OPT_ID_EAV_ATTR_OPT_OPT_ID` FOREIGN KEY (`option_id`) REFERENCES `eav_attribute_option` (`option_id`) ON DELETE CASCADE ON UPDATE RESTRICT,
  CONSTRAINT `EAV_ATTRIBUTE_OPTION_SWATCH_STORE_ID_STORE_STORE_ID` FOREIGN KEY (`store_id`) REFERENCES `store` (`store_id`) ON DELETE CASCADE ON UPDATE RESTRICT
) ENGINE=InnoDB DEFAULT CHARSET=utf8mb3 COMMENT='Magento Swatches table';

--
-- Dumping data for table `eav_attribute_option_swatch`
--


--
-- Table structure for table `eav_attribute_option_value`
--

CREATE TABLE `eav_attribute_option_value` (
  `value_id` int unsigned NOT NULL AUTO_INCREMENT COMMENT 'Value ID',
  `option_id` int unsigned NOT NULL DEFAULT '0' COMMENT 'Option ID',
  `store_id` smallint unsigned NOT NULL DEFAULT '0' COMMENT 'Store ID',
  `value` varchar(255) DEFAULT NULL COMMENT 'Value',
  PRIMARY KEY (`value_id`),
  KEY `EAV_ATTRIBUTE_OPTION_VALUE_OPTION_ID` (`option_id`),
  KEY `EAV_ATTRIBUTE_OPTION_VALUE_STORE_ID` (`store_id`),
  CONSTRAINT `EAV_ATTR_OPT_VAL_OPT_ID_EAV_ATTR_OPT_OPT_ID` FOREIGN KEY (`option_id`) REFERENCES `eav_attribute_option` (`option_id`) ON DELETE CASCADE ON UPDATE RESTRICT,
  CONSTRAINT `EAV_ATTRIBUTE_OPTION_VALUE_STORE_ID_STORE_STORE_ID` FOREIGN KEY (`store_id`) REFERENCES `store` (`store_id`) ON DELETE CASCADE ON UPDATE RESTRICT
) ENGINE=InnoDB AUTO_INCREMENT=617 DEFAULT CHARSET=utf8mb3 COMMENT='Eav Attribute Option Value';

--
-- Dumping data for table `eav_attribute_option_value`
--

INSERT INTO `eav_attribute_option_value` VALUES (1,1,0,'Male'),(2,2,0,'Female'),(3,3,0,'Not Specified'),(34,34,0,'Black'),(35,35,0,'Red'),(36,36,0,'Silver'),(37,37,0,'10% Off'),(38,38,0,'20% Off'),(39,39,0,'Sale'),(40,40,0,'New'),(41,41,0,'A-Designs'),(42,42,0,'ADAM'),(43,43,0,'AEA'),(436,74,0,'A-Designs'),(437,75,0,'Ableton'),(438,76,0,'ADAM'),(439,78,0,'AEA'),(440,79,0,'AKG'),(441,81,0,'Amphion'),(442,181,0,'AMS Neve'),(443,82,0,'Antares'),(444,83,0,'Antelope'),(445,84,0,'API'),(446,85,0,'Apogee'),(447,86,0,'Apple'),(448,87,0,'Argosy'),(449,88,0,'Arturia'),(450,89,0,'ASC'),(451,91,0,'ATC'),(452,92,0,'Audeze'),(453,77,0,'Audient'),(454,93,0,'Audio Ease'),(455,90,0,'Audio-Technica'),(456,80,0,'Auralex'),(457,94,0,'Aurora Audio'),(458,95,0,'Avalon'),(459,96,0,'Avastor'),(460,97,0,'Avid'),(461,98,0,'Aviom'),(462,99,0,'BAE'),(463,101,0,'Blackmagic'),(464,102,0,'Blue'),(465,100,0,'Blue Cat Audio'),(466,104,0,'Bock Audio'),(467,105,0,'Brauner'),(468,106,0,'Bricasti'),(469,107,0,'Burl Audio'),(470,109,0,'Celemony'),(471,110,0,'Chandler'),(472,112,0,'Coleman Audio'),(473,111,0,'Coles'),(474,113,0,'Corning'),(475,114,0,'Crane Song'),(476,115,0,'D16 Group'),(477,116,0,'Daking'),(478,213,0,'Dave Smith'),(479,118,0,'Dolby'),(480,119,0,'Drawmer'),(481,120,0,'DTS Professional'),(482,121,0,'Dynaudio'),(483,122,0,'EAR Yoshino'),(484,123,0,'Earthworks'),(485,124,0,'EastWest'),(486,125,0,'Empirical Labs'),(487,126,0,'Equitech'),(488,127,0,'Eventide'),(489,128,0,'Exponential Audio'),(490,129,0,'FabFilter'),(491,130,0,'Flux::'),(492,131,0,'Focal'),(493,132,0,'Focusrite'),(494,139,0,'G-Technology'),(495,167,0,'Gefell'),(496,133,0,'Genelec'),(497,135,0,'Glyph'),(498,103,0,'GML'),(499,136,0,'Grace Designs'),(500,137,0,'Great River'),(501,134,0,'Guilford'),(502,138,0,'Guzauski-Swist'),(503,140,0,'HEDD'),(504,141,0,'Humanscale'),(505,142,0,'IsoAcoustics'),(506,143,0,'iZotope'),(507,144,0,'JBL'),(508,145,0,'JCF Audio'),(509,146,0,'JLCooper'),(510,148,0,'JZ Microphones'),(511,149,0,'Kemper'),(512,150,0,'Kii'),(513,151,0,'Krotos Audio'),(514,152,0,'LaChapell Audio'),(515,153,0,'Lauten Audio'),(516,154,0,'Lexicon'),(517,155,0,'Little Labs'),(518,156,0,'Lynx Studio Tech'),(519,157,0,'Maag Audio'),(520,158,0,'Mackie'),(521,159,0,'Magix'),(522,160,0,'Magma'),(523,161,0,'Manley'),(524,162,0,'Maselec'),(525,163,0,'McDSP'),(526,164,0,'Mercury Recording'),(527,165,0,'Metric Halo'),(528,166,0,'Meyer Sound'),(529,168,0,'MIDAS'),(530,169,0,'Miktek'),(531,170,0,'Millennia'),(532,177,0,'Minnetonka'),(533,171,0,'Modal Electronics'),(534,172,0,'Modson'),(535,173,0,'Mogami'),(536,174,0,'Mojave Audio'),(537,175,0,'Moog'),(538,176,0,'MOTU'),(539,178,0,'Mutec'),(540,183,0,'Native Instruments'),(541,179,0,'Neumann'),(542,180,0,'Neve'),(543,182,0,'Neyrinck'),(544,250,0,'Non-Lethal Applications'),(545,184,0,'Nugen Audio'),(546,185,0,'Omnirax'),(547,186,0,'On-Stage'),(548,187,0,'Pace'),(549,189,0,'Peluso'),(550,193,0,'Pendulum Audio'),(551,190,0,'Penteo Surround'),(552,191,0,'Phoenix Audio'),(553,192,0,'PMC Loudspeakers'),(554,194,0,'Presonus'),(555,195,0,'Prism Sound'),(556,188,0,'Punchlight'),(557,196,0,'Purple Audio'),(558,197,0,'Quantec'),(559,198,0,'Quested'),(560,199,0,'Radial'),(561,200,0,'Retro Instruments'),(562,201,0,'RME'),(563,203,0,'Roland'),(564,147,0,'Royer Labs'),(565,204,0,'RSPE'),(566,205,0,'RTW'),(567,202,0,'Rupert Neve Designs'),(568,206,0,'Sanken Chromatic'),(569,208,0,'SE Electronics'),(570,209,0,'sE Electronics'),(571,211,0,'Sennheiser'),(572,212,0,'Sequential'),(573,214,0,'Serato'),(574,215,0,'Shure'),(575,217,0,'Slate Digital'),(576,218,0,'Smart Research'),(577,221,0,'Sonnox'),(578,220,0,'Sony'),(579,207,0,'Sound Construction'),(580,222,0,'Sound Particles'),(581,223,0,'SoundField'),(582,216,0,'Sounds In Sync'),(583,224,0,'SoundToys'),(584,210,0,'Source Elements'),(585,225,0,'Soyuz Microphones'),(586,227,0,'Speck Electronics'),(587,226,0,'Spectrasonics'),(588,228,0,'SPL'),(589,229,0,'SSL'),(590,230,0,'Steinberg'),(591,231,0,'Sterling Modular'),(592,233,0,'Studio Projects'),(593,234,0,'Subwoofer Pros'),(594,219,0,'Summit Audio'),(595,235,0,'Sunset Sound'),(596,236,0,'TAC System'),(597,237,0,'Tascam'),(598,238,0,'TC Electronic'),(599,239,0,'Telefunken'),(600,108,0,'The Cargo Cult'),(601,240,0,'TOLIS Group'),(602,241,0,'Tonelux'),(603,242,0,'Townsend Labs'),(604,243,0,'Triad-Orbit'),(605,244,0,'True Systems'),(606,245,0,'TSL'),(607,247,0,'U-He'),(608,248,0,'Ultimate Sound Bank'),(609,246,0,'Universal Audio'),(610,249,0,'Vanguard Audio Labs'),(611,251,0,'Vintech Audio'),(612,252,0,'WaveArts'),(613,117,0,'Waves'),(614,232,0,'Yamaha'),(615,253,0,'Zaor'),(616,254,0,'Zynaptiq');

--
-- Table structure for table `eav_attribute_set`
--

CREATE TABLE `eav_attribute_set` (
  `attribute_set_id` smallint unsigned NOT NULL AUTO_INCREMENT COMMENT 'Attribute Set ID',
  `entity_type_id` smallint unsigned NOT NULL DEFAULT '0' COMMENT 'Entity Type ID',
  `attribute_set_name` varchar(255) DEFAULT NULL COMMENT 'Attribute Set Name',
  `sort_order` smallint NOT NULL DEFAULT '0' COMMENT 'Sort Order',
  PRIMARY KEY (`attribute_set_id`),
  UNIQUE KEY `EAV_ATTRIBUTE_SET_ENTITY_TYPE_ID_ATTRIBUTE_SET_NAME` (`entity_type_id`,`attribute_set_name`),
  KEY `EAV_ATTRIBUTE_SET_ENTITY_TYPE_ID_SORT_ORDER` (`entity_type_id`,`sort_order`),
  CONSTRAINT `EAV_ATTRIBUTE_SET_ENTITY_TYPE_ID_EAV_ENTITY_TYPE_ENTITY_TYPE_ID` FOREIGN KEY (`entity_type_id`) REFERENCES `eav_entity_type` (`entity_type_id`) ON DELETE CASCADE ON UPDATE RESTRICT
) ENGINE=InnoDB AUTO_INCREMENT=12 DEFAULT CHARSET=utf8mb3 COMMENT='Eav Attribute Set';

--
-- Dumping data for table `eav_attribute_set`
--

INSERT INTO `eav_attribute_set` VALUES (1,1,'Default',2),(2,2,'Default',2),(3,3,'Default',1),(4,4,'Default',1),(5,5,'Default',1),(6,6,'Default',1),(7,7,'Default',1),(8,8,'Default',1),(10,4,'C2c_features',0),(11,4,'C2c_customfield1_features',0);

--
-- Table structure for table `eav_entity`
--

CREATE TABLE `eav_entity` (
  `entity_id` int unsigned NOT NULL AUTO_INCREMENT COMMENT 'Entity ID',
  `entity_type_id` smallint unsigned NOT NULL DEFAULT '0' COMMENT 'Entity Type ID',
  `attribute_set_id` smallint unsigned NOT NULL DEFAULT '0' COMMENT 'Attribute Set ID',
  `increment_id` varchar(50) DEFAULT NULL COMMENT 'Increment ID',
  `parent_id` int unsigned NOT NULL DEFAULT '0' COMMENT 'Parent ID',
  `store_id` smallint unsigned NOT NULL DEFAULT '0' COMMENT 'Store ID',
  `created_at` timestamp NOT NULL DEFAULT CURRENT_TIMESTAMP COMMENT 'Created At',
  `updated_at` timestamp NOT NULL DEFAULT CURRENT_TIMESTAMP ON UPDATE CURRENT_TIMESTAMP COMMENT 'Updated At',
  `is_active` smallint unsigned NOT NULL DEFAULT '1' COMMENT 'Defines Is Entity Active',
  PRIMARY KEY (`entity_id`),
  KEY `EAV_ENTITY_ENTITY_TYPE_ID` (`entity_type_id`),
  KEY `EAV_ENTITY_STORE_ID` (`store_id`),
  CONSTRAINT `EAV_ENTITY_ENTITY_TYPE_ID_EAV_ENTITY_TYPE_ENTITY_TYPE_ID` FOREIGN KEY (`entity_type_id`) REFERENCES `eav_entity_type` (`entity_type_id`) ON DELETE CASCADE ON UPDATE RESTRICT,
  CONSTRAINT `EAV_ENTITY_STORE_ID_STORE_STORE_ID` FOREIGN KEY (`store_id`) REFERENCES `store` (`store_id`) ON DELETE CASCADE ON UPDATE RESTRICT
) ENGINE=InnoDB DEFAULT CHARSET=utf8mb3 COMMENT='Eav Entity';

--
-- Dumping data for table `eav_entity`
--


--
-- Table structure for table `eav_entity_attribute`
--

CREATE TABLE `eav_entity_attribute` (
  `entity_attribute_id` int unsigned NOT NULL AUTO_INCREMENT COMMENT 'Entity Attribute ID',
  `entity_type_id` smallint unsigned NOT NULL DEFAULT '0' COMMENT 'Entity Type ID',
  `attribute_set_id` smallint unsigned NOT NULL DEFAULT '0' COMMENT 'Attribute Set ID',
  `attribute_group_id` smallint unsigned NOT NULL DEFAULT '0' COMMENT 'Attribute Group ID',
  `attribute_id` smallint unsigned NOT NULL DEFAULT '0' COMMENT 'Attribute ID',
  `sort_order` smallint NOT NULL DEFAULT '0' COMMENT 'Sort Order',
  PRIMARY KEY (`entity_attribute_id`),
  UNIQUE KEY `EAV_ENTITY_ATTRIBUTE_ATTRIBUTE_SET_ID_ATTRIBUTE_ID` (`attribute_set_id`,`attribute_id`),
  UNIQUE KEY `EAV_ENTITY_ATTRIBUTE_ATTRIBUTE_GROUP_ID_ATTRIBUTE_ID` (`attribute_group_id`,`attribute_id`),
  KEY `EAV_ENTITY_ATTRIBUTE_ATTRIBUTE_SET_ID_SORT_ORDER` (`attribute_set_id`,`sort_order`),
  KEY `EAV_ENTITY_ATTRIBUTE_ATTRIBUTE_ID` (`attribute_id`),
  CONSTRAINT `EAV_ENTITY_ATTRIBUTE_ATTRIBUTE_ID_EAV_ATTRIBUTE_ATTRIBUTE_ID` FOREIGN KEY (`attribute_id`) REFERENCES `eav_attribute` (`attribute_id`) ON DELETE CASCADE ON UPDATE RESTRICT,
  CONSTRAINT `EAV_ENTT_ATTR_ATTR_GROUP_ID_EAV_ATTR_GROUP_ATTR_GROUP_ID` FOREIGN KEY (`attribute_group_id`) REFERENCES `eav_attribute_group` (`attribute_group_id`) ON DELETE CASCADE ON UPDATE RESTRICT
) ENGINE=InnoDB AUTO_INCREMENT=518 DEFAULT CHARSET=utf8mb3 COMMENT='Eav Entity Attributes';

--
-- Dumping data for table `eav_entity_attribute`
--

INSERT INTO `eav_entity_attribute` VALUES (1,1,1,1,1,10),(2,1,1,1,2,20),(3,1,1,1,3,20),(4,1,1,1,4,30),(5,1,1,1,5,40),(6,1,1,1,6,50),(7,1,1,1,7,60),(8,1,1,1,8,70),(9,1,1,1,9,80),(10,1,1,1,10,25),(11,1,1,1,11,90),(12,1,1,1,12,81),(13,1,1,1,13,115),(14,1,1,1,14,120),(15,1,1,1,15,82),(16,1,1,1,16,83),(17,1,1,1,17,100),(18,1,1,1,18,0),(19,1,1,1,19,0),(20,1,1,1,20,110),(21,1,1,1,21,28),(22,2,2,2,22,10),(23,2,2,2,23,20),(24,2,2,2,24,30),(25,2,2,2,25,40),(26,2,2,2,26,50),(27,2,2,2,27,60),(28,2,2,2,28,70),(29,2,2,2,29,100),(30,2,2,2,30,80),(31,2,2,2,31,90),(32,2,2,2,32,90),(33,2,2,2,33,110),(34,2,2,2,34,120),(35,2,2,2,35,130),(36,2,2,2,36,140),(37,2,2,2,37,132),(38,2,2,2,38,133),(39,2,2,2,39,134),(40,2,2,2,40,135),(41,1,1,1,41,87),(42,1,1,1,42,100),(43,1,1,1,43,110),(44,1,1,1,44,120),(45,3,3,4,45,1),(46,3,3,4,46,2),(47,3,3,4,47,4),(48,3,3,4,48,5),(49,3,3,4,49,6),(50,3,3,4,50,7),(51,3,3,4,51,8),(52,3,3,5,52,10),(53,3,3,5,53,20),(54,3,3,5,54,30),(55,3,3,4,55,12),(56,3,3,4,56,13),(57,3,3,4,57,14),(58,3,3,4,58,15),(59,3,3,4,59,16),(60,3,3,6,60,10),(61,3,3,6,61,30),(62,3,3,6,62,40),(63,3,3,6,63,50),(64,3,3,6,64,60),(65,3,3,4,65,24),(66,3,3,4,66,25),(67,3,3,5,67,40),(68,3,3,5,68,50),(69,3,3,4,69,10),(70,3,3,6,70,5),(71,3,3,6,71,6),(72,3,3,5,72,51),(73,4,4,7,73,10),(74,4,4,7,74,20),(75,4,4,13,75,110),(76,4,4,13,76,100),(77,4,4,7,77,30),(78,4,4,8,78,3),(79,4,4,8,79,4),(80,4,4,8,80,5),(81,4,4,8,81,6),(82,4,4,7,82,70),(83,4,4,9,84,20),(84,4,4,9,85,30),(85,4,4,9,86,40),(86,4,4,10,87,1),(87,4,4,10,88,2),(88,4,4,10,89,3),(89,4,4,10,90,4),(90,4,4,7,91,6),(91,4,4,8,92,7),(92,4,4,7,94,90),(93,4,4,7,95,100),(94,4,4,10,96,5),(95,4,4,7,97,5),(96,4,4,8,98,8),(97,4,4,7,99,80),(98,4,4,14,100,40),(99,4,4,14,101,20),(100,4,4,14,102,30),(101,4,4,11,103,10),(102,4,4,11,104,5),(103,4,4,7,105,80),(104,4,4,11,106,6),(105,4,4,7,107,14),(106,4,4,7,108,15),(107,4,4,7,109,16),(108,4,4,7,110,17),(109,4,4,7,111,18),(110,4,4,7,112,19),(111,4,4,7,113,20),(112,4,4,7,114,110),(113,4,4,7,115,60),(114,4,4,14,116,50),(115,4,4,11,117,51),(116,3,3,6,118,51),(117,3,3,4,119,3),(118,3,3,4,120,17),(119,4,4,9,121,10),(120,4,4,7,122,11),(121,4,4,8,123,9),(122,4,4,8,124,10),(123,4,4,7,125,31),(124,4,4,7,126,21),(125,4,4,7,127,71),(126,4,4,8,128,11),(127,4,4,19,129,1),(128,4,4,7,130,111),(129,4,4,7,131,112),(130,4,4,7,132,113),(131,4,4,7,133,114),(132,4,4,20,134,10),(133,4,4,10,135,3),(134,4,4,7,136,40),(135,3,3,3,137,0),(201,1,0,31,143,0),(202,1,0,31,144,0),(203,1,0,31,145,0),(204,1,0,31,146,0),(205,1,0,31,147,0),(346,4,10,39,91,6),(352,4,10,32,98,8),(357,4,10,36,103,10),(361,4,10,39,107,14),(362,4,10,39,108,15),(363,4,10,39,109,16),(364,4,10,39,110,17),(365,4,10,39,111,18),(366,4,10,39,112,19),(367,4,10,39,113,20),(373,4,10,39,122,11),(381,4,10,39,130,111),(382,4,10,39,131,112),(383,4,10,39,132,113),(384,4,10,39,133,114),(394,4,11,49,73,10),(395,4,11,49,74,20),(396,4,11,45,75,110),(397,4,11,45,76,100),(398,4,11,49,77,30),(399,4,11,42,78,3),(400,4,11,42,79,4),(401,4,11,42,80,5),(402,4,11,42,81,6),(403,4,11,49,82,70),(404,4,11,51,84,20),(405,4,11,51,85,30),(406,4,11,51,86,40),(407,4,11,48,87,1),(408,4,11,48,88,2),(409,4,11,48,89,3),(410,4,11,48,90,4),(411,4,11,49,91,6),(412,4,11,42,92,7),(413,4,11,49,94,90),(414,4,11,49,95,100),(415,4,11,48,96,5),(416,4,11,49,97,5),(417,4,11,42,98,8),(418,4,11,49,99,80),(419,4,11,50,100,40),(420,4,11,50,101,20),(421,4,11,50,102,30),(422,4,11,46,103,10),(423,4,11,46,104,5),(424,4,11,49,105,80),(425,4,11,46,106,6),(426,4,11,49,107,14),(427,4,11,49,108,15),(428,4,11,49,109,16),(429,4,11,49,110,17),(430,4,11,49,111,18),(431,4,11,49,112,19),(432,4,11,49,113,20),(433,4,11,49,114,110),(434,4,11,49,115,60),(435,4,11,50,116,50),(436,4,11,46,117,51),(437,4,11,51,121,10),(438,4,11,49,122,11),(439,4,11,42,123,9),(440,4,11,42,124,10),(441,4,11,49,125,31),(442,4,11,49,126,21),(443,4,11,49,127,71),(444,4,11,42,128,11),(445,4,11,44,129,1),(446,4,11,49,130,111),(447,4,11,49,131,112),(448,4,11,49,132,113),(449,4,11,49,133,114),(450,4,11,47,134,10),(451,4,11,48,135,3),(452,4,11,49,136,40),(453,4,11,49,160,101),(454,4,11,49,155,102),(455,4,11,49,156,103),(456,4,11,49,157,104),(457,4,11,49,158,105),(458,4,11,49,159,106),(459,4,11,49,83,115),(460,4,10,39,73,2),(461,4,10,39,74,3),(462,4,10,39,77,5),(463,4,10,39,82,9),(464,4,10,39,83,24),(465,4,10,39,93,28),(466,4,10,39,94,13),(467,4,10,39,95,14),(468,4,10,39,97,1),(469,4,10,39,99,11),(470,4,10,39,105,12),(471,4,10,39,114,20),(472,4,10,39,115,8),(473,4,10,39,125,6),(474,4,10,39,126,4),(475,4,10,39,127,10),(476,4,10,39,136,7),(477,4,10,39,148,21),(478,4,10,39,149,22),(479,4,10,39,150,27),(480,4,10,39,151,23),(481,4,10,39,152,26),(482,4,10,39,153,25),(483,4,10,39,155,15),(484,4,10,39,156,16),(485,4,10,39,157,17),(486,4,10,39,158,18),(487,4,10,39,159,19),(488,4,10,35,75,2),(489,4,10,35,76,1),(490,4,10,34,129,1),(491,4,10,38,87,1),(492,4,10,38,88,2),(493,4,10,38,89,3),(494,4,10,38,90,5),(495,4,10,38,96,6),(496,4,10,38,135,4),(497,4,10,41,84,2),(498,4,10,41,85,3),(499,4,10,41,86,4),(500,4,10,41,121,1),(501,4,10,32,78,1),(502,4,10,32,79,2),(503,4,10,32,80,3),(504,4,10,32,81,4),(505,4,10,32,92,5),(506,4,10,32,123,6),(507,4,10,32,124,7),(508,4,10,32,128,8),(509,4,10,36,104,1),(510,4,10,36,106,2),(511,4,10,36,117,3),(512,4,10,40,100,3),(513,4,10,40,101,1),(514,4,10,40,102,2),(515,4,10,40,116,4),(516,4,10,37,134,1),(517,3,3,4,161,45);

--
-- Table structure for table `eav_entity_datetime`
--

CREATE TABLE `eav_entity_datetime` (
  `value_id` int NOT NULL AUTO_INCREMENT COMMENT 'Value ID',
  `entity_type_id` smallint unsigned NOT NULL DEFAULT '0' COMMENT 'Entity Type ID',
  `attribute_id` smallint unsigned NOT NULL DEFAULT '0' COMMENT 'Attribute ID',
  `store_id` smallint unsigned NOT NULL DEFAULT '0' COMMENT 'Store ID',
  `entity_id` int unsigned NOT NULL DEFAULT '0' COMMENT 'Entity ID',
  `value` datetime DEFAULT NULL COMMENT 'Attribute Value',
  PRIMARY KEY (`value_id`),
  UNIQUE KEY `EAV_ENTITY_DATETIME_ENTITY_ID_ATTRIBUTE_ID_STORE_ID` (`entity_id`,`attribute_id`,`store_id`),
  KEY `EAV_ENTITY_DATETIME_STORE_ID` (`store_id`),
  KEY `EAV_ENTITY_DATETIME_ATTRIBUTE_ID_VALUE` (`attribute_id`,`value`),
  KEY `EAV_ENTITY_DATETIME_ENTITY_TYPE_ID_VALUE` (`entity_type_id`,`value`),
  CONSTRAINT `EAV_ENTITY_DATETIME_ENTITY_ID_EAV_ENTITY_ENTITY_ID` FOREIGN KEY (`entity_id`) REFERENCES `eav_entity` (`entity_id`) ON DELETE CASCADE ON UPDATE RESTRICT,
  CONSTRAINT `EAV_ENTITY_DATETIME_STORE_ID_STORE_STORE_ID` FOREIGN KEY (`store_id`) REFERENCES `store` (`store_id`) ON DELETE CASCADE ON UPDATE RESTRICT,
  CONSTRAINT `EAV_ENTT_DTIME_ENTT_TYPE_ID_EAV_ENTT_TYPE_ENTT_TYPE_ID` FOREIGN KEY (`entity_type_id`) REFERENCES `eav_entity_type` (`entity_type_id`) ON DELETE CASCADE ON UPDATE RESTRICT
) ENGINE=InnoDB DEFAULT CHARSET=utf8mb3 COMMENT='Eav Entity Value Prefix';

--
-- Dumping data for table `eav_entity_datetime`
--


--
-- Table structure for table `eav_entity_decimal`
--

CREATE TABLE `eav_entity_decimal` (
  `value_id` int NOT NULL AUTO_INCREMENT COMMENT 'Value ID',
  `entity_type_id` smallint unsigned NOT NULL DEFAULT '0' COMMENT 'Entity Type ID',
  `attribute_id` smallint unsigned NOT NULL DEFAULT '0' COMMENT 'Attribute ID',
  `store_id` smallint unsigned NOT NULL DEFAULT '0' COMMENT 'Store ID',
  `entity_id` int unsigned NOT NULL DEFAULT '0' COMMENT 'Entity ID',
  `value` decimal(12,4) NOT NULL DEFAULT '0.0000' COMMENT 'Attribute Value',
  PRIMARY KEY (`value_id`),
  UNIQUE KEY `EAV_ENTITY_DECIMAL_ENTITY_ID_ATTRIBUTE_ID_STORE_ID` (`entity_id`,`attribute_id`,`store_id`),
  KEY `EAV_ENTITY_DECIMAL_STORE_ID` (`store_id`),
  KEY `EAV_ENTITY_DECIMAL_ATTRIBUTE_ID_VALUE` (`attribute_id`,`value`),
  KEY `EAV_ENTITY_DECIMAL_ENTITY_TYPE_ID_VALUE` (`entity_type_id`,`value`),
  CONSTRAINT `EAV_ENTITY_DECIMAL_ENTITY_ID_EAV_ENTITY_ENTITY_ID` FOREIGN KEY (`entity_id`) REFERENCES `eav_entity` (`entity_id`) ON DELETE CASCADE ON UPDATE RESTRICT,
  CONSTRAINT `EAV_ENTITY_DECIMAL_ENTITY_TYPE_ID_EAV_ENTITY_TYPE_ENTITY_TYPE_ID` FOREIGN KEY (`entity_type_id`) REFERENCES `eav_entity_type` (`entity_type_id`) ON DELETE CASCADE ON UPDATE RESTRICT,
  CONSTRAINT `EAV_ENTITY_DECIMAL_STORE_ID_STORE_STORE_ID` FOREIGN KEY (`store_id`) REFERENCES `store` (`store_id`) ON DELETE CASCADE ON UPDATE RESTRICT
) ENGINE=InnoDB DEFAULT CHARSET=utf8mb3 COMMENT='Eav Entity Value Prefix';

--
-- Dumping data for table `eav_entity_decimal`
--


--
-- Table structure for table `eav_entity_int`
--

CREATE TABLE `eav_entity_int` (
  `value_id` int NOT NULL AUTO_INCREMENT COMMENT 'Value ID',
  `entity_type_id` smallint unsigned NOT NULL DEFAULT '0' COMMENT 'Entity Type ID',
  `attribute_id` smallint unsigned NOT NULL DEFAULT '0' COMMENT 'Attribute ID',
  `store_id` smallint unsigned NOT NULL DEFAULT '0' COMMENT 'Store ID',
  `entity_id` int unsigned NOT NULL DEFAULT '0' COMMENT 'Entity ID',
  `value` int NOT NULL DEFAULT '0' COMMENT 'Attribute Value',
  PRIMARY KEY (`value_id`),
  UNIQUE KEY `EAV_ENTITY_INT_ENTITY_ID_ATTRIBUTE_ID_STORE_ID` (`entity_id`,`attribute_id`,`store_id`),
  KEY `EAV_ENTITY_INT_STORE_ID` (`store_id`),
  KEY `EAV_ENTITY_INT_ATTRIBUTE_ID_VALUE` (`attribute_id`,`value`),
  KEY `EAV_ENTITY_INT_ENTITY_TYPE_ID_VALUE` (`entity_type_id`,`value`),
  CONSTRAINT `EAV_ENTITY_INT_ENTITY_ID_EAV_ENTITY_ENTITY_ID` FOREIGN KEY (`entity_id`) REFERENCES `eav_entity` (`entity_id`) ON DELETE CASCADE ON UPDATE RESTRICT,
  CONSTRAINT `EAV_ENTITY_INT_ENTITY_TYPE_ID_EAV_ENTITY_TYPE_ENTITY_TYPE_ID` FOREIGN KEY (`entity_type_id`) REFERENCES `eav_entity_type` (`entity_type_id`) ON DELETE CASCADE ON UPDATE RESTRICT,
  CONSTRAINT `EAV_ENTITY_INT_STORE_ID_STORE_STORE_ID` FOREIGN KEY (`store_id`) REFERENCES `store` (`store_id`) ON DELETE CASCADE ON UPDATE RESTRICT
) ENGINE=InnoDB DEFAULT CHARSET=utf8mb3 COMMENT='Eav Entity Value Prefix';

--
-- Dumping data for table `eav_entity_int`
--


--
-- Table structure for table `eav_entity_store`
--

CREATE TABLE `eav_entity_store` (
  `entity_store_id` int unsigned NOT NULL AUTO_INCREMENT COMMENT 'Entity Store ID',
  `entity_type_id` smallint unsigned NOT NULL DEFAULT '0' COMMENT 'Entity Type ID',
  `store_id` smallint unsigned NOT NULL DEFAULT '0' COMMENT 'Store ID',
  `increment_prefix` varchar(20) DEFAULT NULL COMMENT 'Increment Prefix',
  `increment_last_id` varchar(50) DEFAULT NULL COMMENT 'Last Incremented ID',
  PRIMARY KEY (`entity_store_id`),
  KEY `EAV_ENTITY_STORE_ENTITY_TYPE_ID` (`entity_type_id`),
  KEY `EAV_ENTITY_STORE_STORE_ID` (`store_id`),
  CONSTRAINT `EAV_ENTITY_STORE_ENTITY_TYPE_ID_EAV_ENTITY_TYPE_ENTITY_TYPE_ID` FOREIGN KEY (`entity_type_id`) REFERENCES `eav_entity_type` (`entity_type_id`) ON DELETE CASCADE ON UPDATE RESTRICT,
  CONSTRAINT `EAV_ENTITY_STORE_STORE_ID_STORE_STORE_ID` FOREIGN KEY (`store_id`) REFERENCES `store` (`store_id`) ON DELETE CASCADE ON UPDATE RESTRICT
) ENGINE=InnoDB AUTO_INCREMENT=3 DEFAULT CHARSET=utf8mb3 COMMENT='Eav Entity Store';

--
-- Dumping data for table `eav_entity_store`
--

INSERT INTO `eav_entity_store` VALUES (1,1,1,'0','000008856'),(2,5,1,'1','100008190');

--
-- Table structure for table `eav_entity_text`
--

CREATE TABLE `eav_entity_text` (
  `value_id` int NOT NULL AUTO_INCREMENT COMMENT 'Value ID',
  `entity_type_id` smallint unsigned NOT NULL DEFAULT '0' COMMENT 'Entity Type ID',
  `attribute_id` smallint unsigned NOT NULL DEFAULT '0' COMMENT 'Attribute ID',
  `store_id` smallint unsigned NOT NULL DEFAULT '0' COMMENT 'Store ID',
  `entity_id` int unsigned NOT NULL DEFAULT '0' COMMENT 'Entity ID',
  `value` text NOT NULL COMMENT 'Attribute Value',
  PRIMARY KEY (`value_id`),
  UNIQUE KEY `EAV_ENTITY_TEXT_ENTITY_ID_ATTRIBUTE_ID_STORE_ID` (`entity_id`,`attribute_id`,`store_id`),
  KEY `EAV_ENTITY_TEXT_ENTITY_TYPE_ID` (`entity_type_id`),
  KEY `EAV_ENTITY_TEXT_ATTRIBUTE_ID` (`attribute_id`),
  KEY `EAV_ENTITY_TEXT_STORE_ID` (`store_id`),
  CONSTRAINT `EAV_ENTITY_TEXT_ENTITY_ID_EAV_ENTITY_ENTITY_ID` FOREIGN KEY (`entity_id`) REFERENCES `eav_entity` (`entity_id`) ON DELETE CASCADE ON UPDATE RESTRICT,
  CONSTRAINT `EAV_ENTITY_TEXT_ENTITY_TYPE_ID_EAV_ENTITY_TYPE_ENTITY_TYPE_ID` FOREIGN KEY (`entity_type_id`) REFERENCES `eav_entity_type` (`entity_type_id`) ON DELETE CASCADE ON UPDATE RESTRICT,
  CONSTRAINT `EAV_ENTITY_TEXT_STORE_ID_STORE_STORE_ID` FOREIGN KEY (`store_id`) REFERENCES `store` (`store_id`) ON DELETE CASCADE ON UPDATE RESTRICT
) ENGINE=InnoDB DEFAULT CHARSET=utf8mb3 COMMENT='Eav Entity Value Prefix';

--
-- Dumping data for table `eav_entity_text`
--


--
-- Table structure for table `eav_entity_type`
--

CREATE TABLE `eav_entity_type` (
  `entity_type_id` smallint unsigned NOT NULL AUTO_INCREMENT COMMENT 'Entity Type ID',
  `entity_type_code` varchar(50) NOT NULL COMMENT 'Entity Type Code',
  `entity_model` varchar(255) NOT NULL COMMENT 'Entity Model',
  `attribute_model` varchar(255) DEFAULT NULL COMMENT 'Attribute Model',
  `entity_table` varchar(255) DEFAULT NULL COMMENT 'Entity Table',
  `value_table_prefix` varchar(255) DEFAULT NULL COMMENT 'Value Table Prefix',
  `entity_id_field` varchar(255) DEFAULT NULL COMMENT 'Entity ID Field',
  `is_data_sharing` smallint unsigned NOT NULL DEFAULT '1' COMMENT 'Defines Is Data Sharing',
  `data_sharing_key` varchar(100) DEFAULT 'default' COMMENT 'Data Sharing Key',
  `default_attribute_set_id` smallint unsigned NOT NULL DEFAULT '0' COMMENT 'Default Attribute Set ID',
  `increment_model` varchar(255) DEFAULT NULL COMMENT 'Increment Model',
  `increment_per_store` smallint unsigned NOT NULL DEFAULT '0' COMMENT 'Increment Per Store',
  `increment_pad_length` smallint unsigned NOT NULL DEFAULT '8' COMMENT 'Increment Pad Length',
  `increment_pad_char` varchar(1) NOT NULL DEFAULT '0' COMMENT 'Increment Pad Char',
  `additional_attribute_table` varchar(255) DEFAULT NULL COMMENT 'Additional Attribute Table',
  `entity_attribute_collection` varchar(255) DEFAULT NULL COMMENT 'Entity Attribute Collection',
  PRIMARY KEY (`entity_type_id`),
  KEY `EAV_ENTITY_TYPE_ENTITY_TYPE_CODE` (`entity_type_code`)
) ENGINE=InnoDB AUTO_INCREMENT=9 DEFAULT CHARSET=utf8mb3 COMMENT='Eav Entity Type';

--
-- Dumping data for table `eav_entity_type`
--

INSERT INTO `eav_entity_type` VALUES (1,'customer','Magento\\Customer\\Model\\ResourceModel\\Customer','Magento\\Customer\\Model\\Attribute','customer_entity',NULL,NULL,1,'default',1,'Magento\\Eav\\Model\\Entity\\Increment\\NumericValue',0,8,'0','customer_eav_attribute','Magento\\Customer\\Model\\ResourceModel\\Attribute\\Collection'),(2,'customer_address','Magento\\Customer\\Model\\ResourceModel\\Address','Magento\\Customer\\Model\\Attribute','customer_address_entity',NULL,NULL,1,'default',2,NULL,0,8,'0','customer_eav_attribute','Magento\\Customer\\Model\\ResourceModel\\Address\\Attribute\\Collection'),(3,'catalog_category','Magento\\Catalog\\Model\\ResourceModel\\Category','Magento\\Catalog\\Model\\ResourceModel\\Eav\\Attribute','catalog_category_entity',NULL,NULL,1,'default',3,NULL,0,8,'0','catalog_eav_attribute','Magento\\Catalog\\Model\\ResourceModel\\Category\\Attribute\\Collection'),(4,'catalog_product','Magento\\Catalog\\Model\\ResourceModel\\Product','Magento\\Catalog\\Model\\ResourceModel\\Eav\\Attribute','catalog_product_entity',NULL,NULL,1,'default',4,NULL,0,8,'0','catalog_eav_attribute','Magento\\Catalog\\Model\\ResourceModel\\Product\\Attribute\\Collection'),(5,'order','Magento\\Sales\\Model\\ResourceModel\\Order',NULL,'sales_order',NULL,NULL,1,'default',5,'Magento\\Eav\\Model\\Entity\\Increment\\NumericValue',1,8,'0',NULL,NULL),(6,'invoice','Magento\\Sales\\Model\\ResourceModel\\Order\\Invoice',NULL,'sales_invoice',NULL,NULL,1,'default',6,'Magento\\Eav\\Model\\Entity\\Increment\\NumericValue',1,8,'0',NULL,NULL),(7,'creditmemo','Magento\\Sales\\Model\\ResourceModel\\Order\\Creditmemo',NULL,'sales_creditmemo',NULL,NULL,1,'default',7,'Magento\\Eav\\Model\\Entity\\Increment\\NumericValue',1,8,'0',NULL,NULL),(8,'shipment','Magento\\Sales\\Model\\ResourceModel\\Order\\Shipment',NULL,'sales_shipment',NULL,NULL,1,'default',8,'Magento\\Eav\\Model\\Entity\\Increment\\NumericValue',1,8,'0',NULL,NULL);

--
-- Table structure for table `eav_entity_varchar`
--

CREATE TABLE `eav_entity_varchar` (
  `value_id` int NOT NULL AUTO_INCREMENT COMMENT 'Value ID',
  `entity_type_id` smallint unsigned NOT NULL DEFAULT '0' COMMENT 'Entity Type ID',
  `attribute_id` smallint unsigned NOT NULL DEFAULT '0' COMMENT 'Attribute ID',
  `store_id` smallint unsigned NOT NULL DEFAULT '0' COMMENT 'Store ID',
  `entity_id` int unsigned NOT NULL DEFAULT '0' COMMENT 'Entity ID',
  `value` varchar(255) DEFAULT NULL COMMENT 'Attribute Value',
  PRIMARY KEY (`value_id`),
  UNIQUE KEY `EAV_ENTITY_VARCHAR_ENTITY_ID_ATTRIBUTE_ID_STORE_ID` (`entity_id`,`attribute_id`,`store_id`),
  KEY `EAV_ENTITY_VARCHAR_STORE_ID` (`store_id`),
  KEY `EAV_ENTITY_VARCHAR_ATTRIBUTE_ID_VALUE` (`attribute_id`,`value`),
  KEY `EAV_ENTITY_VARCHAR_ENTITY_TYPE_ID_VALUE` (`entity_type_id`,`value`),
  CONSTRAINT `EAV_ENTITY_VARCHAR_ENTITY_ID_EAV_ENTITY_ENTITY_ID` FOREIGN KEY (`entity_id`) REFERENCES `eav_entity` (`entity_id`) ON DELETE CASCADE ON UPDATE RESTRICT,
  CONSTRAINT `EAV_ENTITY_VARCHAR_ENTITY_TYPE_ID_EAV_ENTITY_TYPE_ENTITY_TYPE_ID` FOREIGN KEY (`entity_type_id`) REFERENCES `eav_entity_type` (`entity_type_id`) ON DELETE CASCADE ON UPDATE RESTRICT,
  CONSTRAINT `EAV_ENTITY_VARCHAR_STORE_ID_STORE_STORE_ID` FOREIGN KEY (`store_id`) REFERENCES `store` (`store_id`) ON DELETE CASCADE ON UPDATE RESTRICT
) ENGINE=InnoDB DEFAULT CHARSET=utf8mb3 COMMENT='Eav Entity Value Prefix';

--
-- Dumping data for table `eav_entity_varchar`
--


--
-- Table structure for table `eav_form_element`
--

CREATE TABLE `eav_form_element` (
  `element_id` int unsigned NOT NULL AUTO_INCREMENT COMMENT 'Element ID',
  `type_id` smallint unsigned NOT NULL COMMENT 'Type ID',
  `fieldset_id` smallint unsigned DEFAULT NULL COMMENT 'Fieldset ID',
  `attribute_id` smallint unsigned NOT NULL COMMENT 'Attribute ID',
  `sort_order` int NOT NULL DEFAULT '0' COMMENT 'Sort Order',
  PRIMARY KEY (`element_id`),
  UNIQUE KEY `EAV_FORM_ELEMENT_TYPE_ID_ATTRIBUTE_ID` (`type_id`,`attribute_id`),
  KEY `EAV_FORM_ELEMENT_FIELDSET_ID` (`fieldset_id`),
  KEY `EAV_FORM_ELEMENT_ATTRIBUTE_ID` (`attribute_id`),
  CONSTRAINT `EAV_FORM_ELEMENT_ATTRIBUTE_ID_EAV_ATTRIBUTE_ATTRIBUTE_ID` FOREIGN KEY (`attribute_id`) REFERENCES `eav_attribute` (`attribute_id`) ON DELETE CASCADE ON UPDATE RESTRICT,
  CONSTRAINT `EAV_FORM_ELEMENT_FIELDSET_ID_EAV_FORM_FIELDSET_FIELDSET_ID` FOREIGN KEY (`fieldset_id`) REFERENCES `eav_form_fieldset` (`fieldset_id`) ON DELETE SET NULL ON UPDATE RESTRICT,
  CONSTRAINT `EAV_FORM_ELEMENT_TYPE_ID_EAV_FORM_TYPE_TYPE_ID` FOREIGN KEY (`type_id`) REFERENCES `eav_form_type` (`type_id`) ON DELETE CASCADE ON UPDATE RESTRICT
) ENGINE=InnoDB AUTO_INCREMENT=43 DEFAULT CHARSET=utf8mb3 COMMENT='Eav Form Element';

--
-- Dumping data for table `eav_form_element`
--

INSERT INTO `eav_form_element` VALUES (1,1,NULL,23,0),(2,1,NULL,25,1),(3,1,NULL,27,2),(4,1,NULL,9,3),(5,1,NULL,28,4),(6,1,NULL,29,5),(7,1,NULL,31,6),(8,1,NULL,33,7),(9,1,NULL,30,8),(10,1,NULL,34,9),(11,1,NULL,35,10),(12,2,NULL,23,0),(13,2,NULL,25,1),(14,2,NULL,27,2),(15,2,NULL,9,3),(16,2,NULL,28,4),(17,2,NULL,29,5),(18,2,NULL,31,6),(19,2,NULL,33,7),(20,2,NULL,30,8),(21,2,NULL,34,9),(22,2,NULL,35,10),(23,3,NULL,23,0),(24,3,NULL,25,1),(25,3,NULL,27,2),(26,3,NULL,28,3),(27,3,NULL,29,4),(28,3,NULL,31,5),(29,3,NULL,33,6),(30,3,NULL,30,7),(31,3,NULL,34,8),(32,3,NULL,35,9),(33,4,NULL,23,0),(34,4,NULL,25,1),(35,4,NULL,27,2),(36,4,NULL,28,3),(37,4,NULL,29,4),(38,4,NULL,31,5),(39,4,NULL,33,6),(40,4,NULL,30,7),(41,4,NULL,34,8),(42,4,NULL,35,9);

--
-- Table structure for table `eav_form_fieldset`
--

CREATE TABLE `eav_form_fieldset` (
  `fieldset_id` smallint unsigned NOT NULL AUTO_INCREMENT COMMENT 'Fieldset ID',
  `type_id` smallint unsigned NOT NULL COMMENT 'Type ID',
  `code` varchar(64) NOT NULL COMMENT 'Code',
  `sort_order` int NOT NULL DEFAULT '0' COMMENT 'Sort Order',
  PRIMARY KEY (`fieldset_id`),
  UNIQUE KEY `EAV_FORM_FIELDSET_TYPE_ID_CODE` (`type_id`,`code`),
  CONSTRAINT `EAV_FORM_FIELDSET_TYPE_ID_EAV_FORM_TYPE_TYPE_ID` FOREIGN KEY (`type_id`) REFERENCES `eav_form_type` (`type_id`) ON DELETE CASCADE ON UPDATE RESTRICT
) ENGINE=InnoDB DEFAULT CHARSET=utf8mb3 COMMENT='Eav Form Fieldset';

--
-- Dumping data for table `eav_form_fieldset`
--


--
-- Table structure for table `eav_form_fieldset_label`
--

CREATE TABLE `eav_form_fieldset_label` (
  `fieldset_id` smallint unsigned NOT NULL COMMENT 'Fieldset ID',
  `store_id` smallint unsigned NOT NULL COMMENT 'Store ID',
  `label` varchar(255) NOT NULL COMMENT 'Label',
  PRIMARY KEY (`fieldset_id`,`store_id`),
  KEY `EAV_FORM_FIELDSET_LABEL_STORE_ID` (`store_id`),
  CONSTRAINT `EAV_FORM_FIELDSET_LABEL_STORE_ID_STORE_STORE_ID` FOREIGN KEY (`store_id`) REFERENCES `store` (`store_id`) ON DELETE CASCADE ON UPDATE RESTRICT,
  CONSTRAINT `EAV_FORM_FSET_LBL_FSET_ID_EAV_FORM_FSET_FSET_ID` FOREIGN KEY (`fieldset_id`) REFERENCES `eav_form_fieldset` (`fieldset_id`) ON DELETE CASCADE ON UPDATE RESTRICT
) ENGINE=InnoDB DEFAULT CHARSET=utf8mb3 COMMENT='Eav Form Fieldset Label';

--
-- Dumping data for table `eav_form_fieldset_label`
--


--
-- Table structure for table `eav_form_type`
--

CREATE TABLE `eav_form_type` (
  `type_id` smallint unsigned NOT NULL AUTO_INCREMENT COMMENT 'Type ID',
  `code` varchar(64) NOT NULL COMMENT 'Code',
  `label` varchar(255) NOT NULL COMMENT 'Label',
  `is_system` smallint unsigned NOT NULL DEFAULT '0' COMMENT 'Is System',
  `theme` varchar(64) DEFAULT NULL COMMENT 'Theme',
  `store_id` smallint unsigned NOT NULL COMMENT 'Store ID',
  PRIMARY KEY (`type_id`),
  UNIQUE KEY `EAV_FORM_TYPE_CODE_THEME_STORE_ID` (`code`,`theme`,`store_id`),
  KEY `EAV_FORM_TYPE_STORE_ID` (`store_id`),
  CONSTRAINT `EAV_FORM_TYPE_STORE_ID_STORE_STORE_ID` FOREIGN KEY (`store_id`) REFERENCES `store` (`store_id`) ON DELETE CASCADE ON UPDATE RESTRICT
) ENGINE=InnoDB AUTO_INCREMENT=5 DEFAULT CHARSET=utf8mb3 COMMENT='Eav Form Type';

--
-- Dumping data for table `eav_form_type`
--

INSERT INTO `eav_form_type` VALUES (1,'checkout_onepage_register','checkout_onepage_register',1,'',0),(2,'checkout_onepage_register_guest','checkout_onepage_register_guest',1,'',0),(3,'checkout_onepage_billing_address','checkout_onepage_billing_address',1,'',0),(4,'checkout_onepage_shipping_address','checkout_onepage_shipping_address',1,'',0);

--
-- Table structure for table `eav_form_type_entity`
--

CREATE TABLE `eav_form_type_entity` (
  `type_id` smallint unsigned NOT NULL COMMENT 'Type ID',
  `entity_type_id` smallint unsigned NOT NULL COMMENT 'Entity Type ID',
  PRIMARY KEY (`type_id`,`entity_type_id`),
  KEY `EAV_FORM_TYPE_ENTITY_ENTITY_TYPE_ID` (`entity_type_id`),
  CONSTRAINT `EAV_FORM_TYPE_ENTITY_TYPE_ID_EAV_FORM_TYPE_TYPE_ID` FOREIGN KEY (`type_id`) REFERENCES `eav_form_type` (`type_id`) ON DELETE CASCADE ON UPDATE RESTRICT,
  CONSTRAINT `EAV_FORM_TYPE_ENTT_ENTT_TYPE_ID_EAV_ENTT_TYPE_ENTT_TYPE_ID` FOREIGN KEY (`entity_type_id`) REFERENCES `eav_entity_type` (`entity_type_id`) ON DELETE CASCADE ON UPDATE RESTRICT
) ENGINE=InnoDB DEFAULT CHARSET=utf8mb3 COMMENT='Eav Form Type Entity';

--
-- Dumping data for table `eav_form_type_entity`
--

INSERT INTO `eav_form_type_entity` VALUES (1,1),(2,1),(1,2),(2,2),(3,2),(4,2);

--
-- Table structure for table `elsnertech_paytrace_customers`
--

CREATE TABLE `elsnertech_paytrace_customers` (
  `entity_id` int unsigned NOT NULL AUTO_INCREMENT COMMENT 'Entity ID',
  `customer_id` int DEFAULT NULL COMMENT 'customer id',
  `paytrace_customer_id` varchar(255) DEFAULT NULL COMMENT 'paytrace customer id',
  `cc_number` varchar(255) DEFAULT NULL COMMENT 'number',
  `cc_year` varchar(5) DEFAULT NULL COMMENT 'Year',
  `cc_month` varchar(5) DEFAULT NULL COMMENT 'Month',
  `cc_type` varchar(50) DEFAULT NULL COMMENT 'Card Type',
  PRIMARY KEY (`entity_id`)
) ENGINE=InnoDB DEFAULT CHARSET=utf8mb3 COMMENT='elsnertech_paytrace_customers';

--
-- Dumping data for table `elsnertech_paytrace_customers`
--


--
-- Table structure for table `email_abandoned_cart`
--

CREATE TABLE `email_abandoned_cart` (
  `id` int unsigned NOT NULL AUTO_INCREMENT COMMENT 'Primary Key',
  `quote_id` int unsigned DEFAULT NULL COMMENT 'Quote Id',
  `store_id` smallint unsigned DEFAULT NULL COMMENT 'Store Id',
  `customer_id` int unsigned DEFAULT NULL COMMENT 'Customer ID',
  `email` varchar(255) NOT NULL DEFAULT '' COMMENT 'Email',
  `status` varchar(255) NOT NULL DEFAULT '' COMMENT 'Contact Status',
  `is_active` smallint unsigned NOT NULL DEFAULT '1' COMMENT 'Quote Active',
  `quote_updated_at` timestamp NULL DEFAULT NULL COMMENT 'Quote updated at',
  `abandoned_cart_number` smallint unsigned NOT NULL DEFAULT '0' COMMENT 'Abandoned Cart number',
  `items_count` smallint unsigned DEFAULT '0' COMMENT 'Quote items count',
  `items_ids` varchar(255) DEFAULT NULL COMMENT 'Quote item ids',
  `created_at` timestamp NULL DEFAULT NULL COMMENT 'Created At',
  `updated_at` timestamp NULL DEFAULT NULL COMMENT 'Updated at',
  PRIMARY KEY (`id`),
  KEY `EMAIL_ABANDONED_CART_QUOTE_ID` (`quote_id`),
  KEY `EMAIL_ABANDONED_CART_STORE_ID` (`store_id`),
  KEY `EMAIL_ABANDONED_CART_CUSTOMER_ID` (`customer_id`),
  KEY `EMAIL_ABANDONED_CART_EMAIL` (`email`)
) ENGINE=InnoDB DEFAULT CHARSET=utf8mb3 COMMENT='Abandoned Carts Table';

--
-- Dumping data for table `email_abandoned_cart`
--


--
-- Table structure for table `email_automation`
--

CREATE TABLE `email_automation` (
  `id` int unsigned NOT NULL AUTO_INCREMENT COMMENT 'Primary Key',
  `automation_type` varchar(255) DEFAULT NULL COMMENT 'Automation Type',
  `store_name` varchar(255) DEFAULT NULL COMMENT 'Automation Type',
  `enrolment_status` varchar(255) NOT NULL COMMENT 'Enrolment Status',
  `email` varchar(255) DEFAULT NULL COMMENT 'Email',
  `type_id` varchar(255) DEFAULT NULL COMMENT 'Type ID',
  `program_id` varchar(255) DEFAULT NULL COMMENT 'Program ID',
  `website_id` smallint unsigned NOT NULL COMMENT 'Website Id',
  `message` varchar(255) NOT NULL COMMENT 'Message',
  `created_at` timestamp NULL DEFAULT NULL COMMENT 'Creation Time',
  `updated_at` timestamp NULL DEFAULT NULL COMMENT 'Update Time',
  PRIMARY KEY (`id`),
  KEY `EMAIL_AUTOMATION_AUTOMATION_TYPE` (`automation_type`),
  KEY `EMAIL_AUTOMATION_ENROLMENT_STATUS` (`enrolment_status`),
  KEY `EMAIL_AUTOMATION_TYPE_ID` (`type_id`),
  KEY `EMAIL_AUTOMATION_EMAIL` (`email`),
  KEY `EMAIL_AUTOMATION_PROGRAM_ID` (`program_id`),
  KEY `EMAIL_AUTOMATION_CREATED_AT` (`created_at`),
  KEY `EMAIL_AUTOMATION_UPDATED_AT` (`updated_at`),
  KEY `EMAIL_AUTOMATION_WEBSITE_ID` (`website_id`)
) ENGINE=InnoDB DEFAULT CHARSET=utf8mb3 COMMENT='Automation Status';

--
-- Dumping data for table `email_automation`
--


--
-- Table structure for table `email_campaign`
--

CREATE TABLE `email_campaign` (
  `id` int unsigned NOT NULL AUTO_INCREMENT COMMENT 'Primary Key',
  `campaign_id` int unsigned NOT NULL COMMENT 'Campaign ID',
  `email` varchar(255) NOT NULL DEFAULT '' COMMENT 'Contact Email',
  `customer_id` int unsigned NOT NULL COMMENT 'Customer ID',
  `sent_at` timestamp NULL DEFAULT NULL COMMENT 'Send Date',
  `order_increment_id` varchar(50) NOT NULL COMMENT 'Order Increment ID',
  `quote_id` int unsigned NOT NULL COMMENT 'Sales Quote ID',
  `message` varchar(255) NOT NULL DEFAULT '' COMMENT 'Error Message',
  `checkout_method` varchar(255) NOT NULL DEFAULT '' COMMENT 'Checkout Method Used',
  `store_id` smallint unsigned NOT NULL DEFAULT '0' COMMENT 'Store ID',
  `event_name` varchar(255) NOT NULL DEFAULT '' COMMENT 'Event Name',
  `send_id` varchar(255) NOT NULL DEFAULT '' COMMENT 'Send Id',
  `send_status` smallint NOT NULL DEFAULT '0' COMMENT 'Campaign send status',
  `created_at` timestamp NULL DEFAULT NULL COMMENT 'Creation Time',
  `updated_at` timestamp NULL DEFAULT NULL COMMENT 'Update Time',
  PRIMARY KEY (`id`),
  KEY `EMAIL_CAMPAIGN_STORE_ID` (`store_id`),
  KEY `EMAIL_CAMPAIGN_CAMPAIGN_ID` (`campaign_id`),
  KEY `EMAIL_CAMPAIGN_EMAIL` (`email`),
  KEY `EMAIL_CAMPAIGN_SEND_ID` (`send_id`),
  KEY `EMAIL_CAMPAIGN_SEND_STATUS` (`send_status`),
  KEY `EMAIL_CAMPAIGN_CREATED_AT` (`created_at`),
  KEY `EMAIL_CAMPAIGN_UPDATED_AT` (`updated_at`),
  KEY `EMAIL_CAMPAIGN_SENT_AT` (`sent_at`),
  KEY `EMAIL_CAMPAIGN_EVENT_NAME` (`event_name`),
  KEY `EMAIL_CAMPAIGN_MESSAGE` (`message`),
  KEY `EMAIL_CAMPAIGN_QUOTE_ID` (`quote_id`),
  KEY `EMAIL_CAMPAIGN_CUSTOMER_ID` (`customer_id`),
  CONSTRAINT `EMAIL_CAMPAIGN_STORE_ID_CORE/STORE_STORE_ID` FOREIGN KEY (`store_id`) REFERENCES `store` (`store_id`) ON DELETE CASCADE ON UPDATE RESTRICT
) ENGINE=InnoDB DEFAULT CHARSET=utf8mb3 COMMENT='Connector Campaigns';

--
-- Dumping data for table `email_campaign`
--


--
-- Table structure for table `email_catalog`
--

CREATE TABLE `email_catalog` (
  `id` int unsigned NOT NULL AUTO_INCREMENT COMMENT 'Primary Key',
  `product_id` int unsigned NOT NULL COMMENT 'Product Id',
  `processed` smallint unsigned NOT NULL COMMENT 'Product processed',
  `created_at` timestamp NULL DEFAULT NULL COMMENT 'Creation Time',
  `updated_at` timestamp NULL DEFAULT NULL COMMENT 'Update Time',
  `last_imported_at` timestamp NULL DEFAULT NULL COMMENT 'Last imported date',
  PRIMARY KEY (`id`),
  KEY `EMAIL_CATALOG_PRODUCT_ID` (`product_id`),
  KEY `EMAIL_CATALOG_PROCESSED` (`processed`),
  KEY `EMAIL_CATALOG_CREATED_AT` (`created_at`),
  KEY `EMAIL_CATALOG_UPDATED_AT` (`updated_at`),
  KEY `EMAIL_CATALOG_LAST_IMPORTED_AT` (`last_imported_at`),
  CONSTRAINT `EMAIL_CATALOG_PRODUCT_ID_CATALOG_PRODUCT_ENTITY_ENTITY_ID` FOREIGN KEY (`product_id`) REFERENCES `catalog_product_entity` (`entity_id`) ON DELETE CASCADE ON UPDATE RESTRICT
) ENGINE=InnoDB AUTO_INCREMENT=23 DEFAULT CHARSET=utf8mb3 COMMENT='Connector Catalog';

--
-- Dumping data for table `email_catalog`
--

INSERT INTO `email_catalog` VALUES (1,4,0,'2021-04-23 04:42:14','2021-04-26 23:00:56',NULL),(2,7,0,'2021-04-23 05:32:08','2021-04-26 23:01:28',NULL),(3,8,0,'2021-04-23 05:34:23','2021-04-26 23:01:04',NULL),(4,13,0,'2021-04-23 05:36:35','2021-04-26 23:01:33',NULL),(6,15,0,'2021-04-23 05:40:06','2021-04-23 05:43:23',NULL),(9,382,0,'2021-04-26 21:10:00','2021-04-26 21:10:00',NULL),(10,383,0,'2021-04-26 21:10:14','2021-04-26 23:01:19',NULL),(11,371,0,'2021-04-26 21:10:31','2021-04-26 23:41:37',NULL),(12,1585,0,'2021-04-26 21:17:34','2021-04-26 23:42:37',NULL),(13,408,0,'2021-04-26 21:18:36','2021-04-29 04:57:03',NULL),(14,805,0,'2021-04-26 21:19:12','2021-04-26 21:19:12',NULL),(15,1446,0,'2021-04-26 21:19:19','2021-04-26 21:19:19',NULL),(16,686,0,'2021-04-26 21:20:58','2021-04-26 21:20:58',NULL),(17,2056,0,'2021-04-26 21:21:34','2021-04-26 21:21:34',NULL),(18,784,0,'2021-04-26 21:22:23','2021-04-26 23:01:14',NULL),(19,783,0,'2021-04-26 21:22:30','2021-04-26 21:22:30',NULL),(20,402,0,'2021-04-26 21:39:07','2021-04-26 21:39:27',NULL),(21,1988,0,'2021-04-26 23:02:07','2021-04-26 23:02:41',NULL),(22,116,0,'2021-04-26 23:13:10','2021-04-26 23:36:31',NULL);

--
-- Table structure for table `email_contact`
--

CREATE TABLE `email_contact` (
  `email_contact_id` int unsigned NOT NULL AUTO_INCREMENT COMMENT 'Primary Key',
  `is_guest` smallint unsigned DEFAULT NULL COMMENT 'Is Guest',
  `contact_id` varchar(15) DEFAULT NULL COMMENT 'Connector Contact ID',
  `customer_id` int unsigned NOT NULL COMMENT 'Customer ID',
  `website_id` smallint unsigned NOT NULL DEFAULT '0' COMMENT 'Website ID',
  `store_id` smallint unsigned NOT NULL DEFAULT '0' COMMENT 'Store ID',
  `email` varchar(255) NOT NULL DEFAULT '' COMMENT 'Customer Email',
  `is_subscriber` smallint unsigned DEFAULT NULL COMMENT 'Is Subscriber',
  `subscriber_status` smallint unsigned DEFAULT NULL COMMENT 'Subscriber status',
  `email_imported` smallint unsigned NOT NULL DEFAULT '0' COMMENT 'Is Imported',
  `subscriber_imported` smallint unsigned NOT NULL DEFAULT '0' COMMENT 'Is Subscriber Imported',
  `suppressed` smallint unsigned DEFAULT NULL COMMENT 'Is Suppressed',
  `last_subscribed_at` timestamp NULL DEFAULT NULL COMMENT 'Last time user subscribed',
  PRIMARY KEY (`email_contact_id`),
  KEY `EMAIL_CONTACT_EMAIL_CONTACT_ID` (`email_contact_id`),
  KEY `EMAIL_CONTACT_IS_GUEST` (`is_guest`),
  KEY `EMAIL_CONTACT_CUSTOMER_ID` (`customer_id`),
  KEY `EMAIL_CONTACT_WEBSITE_ID` (`website_id`),
  KEY `EMAIL_CONTACT_IS_SUBSCRIBER` (`is_subscriber`),
  KEY `EMAIL_CONTACT_SUBSCRIBER_STATUS` (`subscriber_status`),
  KEY `EMAIL_CONTACT_EMAIL_IMPORTED` (`email_imported`),
  KEY `EMAIL_CONTACT_SUBSCRIBER_IMPORTED` (`subscriber_imported`),
  KEY `EMAIL_CONTACT_SUPPRESSED` (`suppressed`),
  KEY `EMAIL_CONTACT_EMAIL` (`email`),
  KEY `EMAIL_CONTACT_CONTACT_ID` (`contact_id`),
  CONSTRAINT `EMAIL_CONTACT_WEBSITE_ID_STORE_WEBSITE_WEBSITE_ID` FOREIGN KEY (`website_id`) REFERENCES `store_website` (`website_id`) ON DELETE CASCADE ON UPDATE RESTRICT
) ENGINE=InnoDB DEFAULT CHARSET=utf8mb3 COMMENT='Connector Contacts';

--
-- Dumping data for table `email_contact`
--


--
-- Table structure for table `email_contact_consent`
--

CREATE TABLE `email_contact_consent` (
  `id` int unsigned NOT NULL AUTO_INCREMENT COMMENT 'Primary Key',
  `email_contact_id` int unsigned DEFAULT NULL COMMENT 'Email Contact Id',
  `consent_url` varchar(255) DEFAULT NULL COMMENT 'Contact consent url',
  `consent_datetime` datetime DEFAULT NULL COMMENT 'Contact consent datetime',
  `consent_ip` varchar(255) DEFAULT NULL COMMENT 'Contact consent ip',
  `consent_user_agent` varchar(255) DEFAULT NULL COMMENT 'Contact consent user agent',
  PRIMARY KEY (`id`),
  KEY `EMAIL_CONTACT_CONSENT_EMAIL_CONTACT_ID` (`email_contact_id`),
  CONSTRAINT `FK_17E9EA0C469163E550BC6B732AC49FDB` FOREIGN KEY (`email_contact_id`) REFERENCES `email_contact` (`email_contact_id`) ON DELETE CASCADE ON UPDATE RESTRICT
) ENGINE=InnoDB DEFAULT CHARSET=utf8mb3 COMMENT='Email contact consent table.';

--
-- Dumping data for table `email_contact_consent`
--


--
-- Table structure for table `email_coupon_attribute`
--

CREATE TABLE `email_coupon_attribute` (
  `id` int unsigned NOT NULL AUTO_INCREMENT COMMENT 'Primary Key',
  `salesrule_coupon_id` int unsigned NOT NULL COMMENT 'Coupon ID',
  `email` varchar(255) DEFAULT NULL COMMENT 'Email',
  `expires_at` timestamp NULL DEFAULT NULL COMMENT 'Coupon expiration date',
  PRIMARY KEY (`id`),
  KEY `EMAIL_COUPON_ATTRIBUTE_COUPON_ID` (`salesrule_coupon_id`),
  KEY `EMAIL_COUPON_ATTRIBUTE_EMAIL` (`email`),
  CONSTRAINT `EMAIL_COUPON_ATTRIBUTE_COUPON_ID_SALESRULE_COUPON_COUPON_ID` FOREIGN KEY (`salesrule_coupon_id`) REFERENCES `salesrule_coupon` (`coupon_id`) ON DELETE CASCADE ON UPDATE RESTRICT
) ENGINE=InnoDB DEFAULT CHARSET=utf8mb3 COMMENT='Dotdigital coupon attributes table';

--
-- Dumping data for table `email_coupon_attribute`
--


--
-- Table structure for table `email_failed_auth`
--

CREATE TABLE `email_failed_auth` (
  `id` int unsigned NOT NULL AUTO_INCREMENT COMMENT 'Primary Key',
  `failures_num` int unsigned DEFAULT NULL COMMENT 'Number of fails',
  `first_attempt_date` datetime DEFAULT NULL COMMENT 'First attempt date',
  `last_attempt_date` datetime DEFAULT NULL COMMENT 'Last attempt date',
  `url` varchar(255) DEFAULT NULL COMMENT 'URL',
  `store_id` int unsigned DEFAULT NULL COMMENT 'Store Id',
  PRIMARY KEY (`id`),
  KEY `EMAIL_AUTH_EDC_STORE_ID` (`store_id`)
) ENGINE=InnoDB DEFAULT CHARSET=utf8mb3 COMMENT='Email Failed Auth Table.';

--
-- Dumping data for table `email_failed_auth`
--


--
-- Table structure for table `email_importer`
--

CREATE TABLE `email_importer` (
  `id` int unsigned NOT NULL AUTO_INCREMENT COMMENT 'Primary Key',
  `import_type` varchar(255) NOT NULL DEFAULT '' COMMENT 'Import Type',
  `website_id` smallint NOT NULL DEFAULT '0' COMMENT 'Website Id',
  `import_status` smallint NOT NULL DEFAULT '0' COMMENT 'Import Status',
  `import_id` varchar(255) NOT NULL DEFAULT '' COMMENT 'Import Id',
  `import_data` mediumblob NOT NULL COMMENT 'Import Data',
  `import_mode` varchar(255) NOT NULL DEFAULT '' COMMENT 'Import Mode',
  `import_file` text NOT NULL COMMENT 'Import File',
  `message` varchar(255) NOT NULL DEFAULT '' COMMENT 'Error Message',
  `created_at` timestamp NULL DEFAULT NULL COMMENT 'Creation Time',
  `updated_at` timestamp NULL DEFAULT NULL COMMENT 'Update Time',
  `import_started` timestamp NULL DEFAULT NULL COMMENT 'Import Started',
  `import_finished` timestamp NULL DEFAULT NULL COMMENT 'Import Finished',
  PRIMARY KEY (`id`),
  KEY `EMAIL_IMPORTER_IMPORT_TYPE` (`import_type`),
  KEY `EMAIL_IMPORTER_WEBSITE_ID` (`website_id`),
  KEY `EMAIL_IMPORTER_IMPORT_STATUS` (`import_status`),
  KEY `EMAIL_IMPORTER_IMPORT_MODE` (`import_mode`),
  KEY `EMAIL_IMPORTER_CREATED_AT` (`created_at`),
  KEY `EMAIL_IMPORTER_UPDATED_AT` (`updated_at`),
  KEY `EMAIL_IMPORTER_IMPORT_ID` (`import_id`),
  KEY `EMAIL_IMPORTER_IMPORT_STARTED` (`import_started`),
  KEY `EMAIL_IMPORTER_IMPORT_FINISHED` (`import_finished`)
) ENGINE=InnoDB DEFAULT CHARSET=utf8mb3 COMMENT='Email Importer';

--
-- Dumping data for table `email_importer`
--


--
-- Table structure for table `email_order`
--

CREATE TABLE `email_order` (
  `email_order_id` int unsigned NOT NULL AUTO_INCREMENT COMMENT 'Primary Key',
  `order_id` int unsigned NOT NULL COMMENT 'Order ID',
  `order_status` varchar(255) NOT NULL COMMENT 'Order Status',
  `quote_id` int unsigned NOT NULL COMMENT 'Sales Quote ID',
  `store_id` smallint unsigned NOT NULL DEFAULT '0' COMMENT 'Store ID',
  `email_imported` smallint unsigned NOT NULL DEFAULT '0' COMMENT 'Is Order Imported',
  `modified` smallint unsigned DEFAULT NULL COMMENT 'Is Order Modified',
  `created_at` timestamp NULL DEFAULT NULL COMMENT 'Creation Time',
  `updated_at` timestamp NULL DEFAULT NULL COMMENT 'Update Time',
  PRIMARY KEY (`email_order_id`),
  KEY `EMAIL_ORDER_STORE_ID` (`store_id`),
  KEY `EMAIL_ORDER_QUOTE_ID` (`quote_id`),
  KEY `EMAIL_ORDER_EMAIL_IMPORTED` (`email_imported`),
  KEY `EMAIL_ORDER_ORDER_STATUS` (`order_status`),
  KEY `EMAIL_ORDER_MODIFIED` (`modified`),
  KEY `EMAIL_ORDER_UPDATED_AT` (`updated_at`),
  KEY `EMAIL_ORDER_CREATED_AT` (`created_at`),
  KEY `EMAIL_ORDER_ORDER_ID_SALES_ORDER_ENTITY_ID` (`order_id`),
  CONSTRAINT `EMAIL_ORDER_ORDER_ID_SALES_ORDER_ENTITY_ID` FOREIGN KEY (`order_id`) REFERENCES `sales_order` (`entity_id`) ON DELETE CASCADE ON UPDATE RESTRICT,
  CONSTRAINT `EMAIL_ORDER_STORE_ID_STORE_STORE_ID` FOREIGN KEY (`store_id`) REFERENCES `store` (`store_id`) ON DELETE CASCADE ON UPDATE RESTRICT
) ENGINE=InnoDB DEFAULT CHARSET=utf8mb3 COMMENT='Transactional Order Data';

--
-- Dumping data for table `email_order`
--


--
-- Table structure for table `email_review`
--

CREATE TABLE `email_review` (
  `id` int unsigned NOT NULL AUTO_INCREMENT COMMENT 'Primary Key',
  `review_id` int unsigned NOT NULL COMMENT 'Review Id',
  `customer_id` int unsigned NOT NULL COMMENT 'Customer ID',
  `store_id` smallint unsigned NOT NULL COMMENT 'Store Id',
  `review_imported` smallint unsigned NOT NULL DEFAULT '0' COMMENT 'Review Imported',
  `created_at` timestamp NULL DEFAULT NULL COMMENT 'Creation Time',
  `updated_at` timestamp NULL DEFAULT NULL COMMENT 'Update Time',
  PRIMARY KEY (`id`),
  KEY `EMAIL_REVIEW_REVIEW_ID` (`review_id`),
  KEY `EMAIL_REVIEW_CUSTOMER_ID` (`customer_id`),
  KEY `EMAIL_REVIEW_STORE_ID` (`store_id`),
  KEY `EMAIL_REVIEW_REVIEW_IMPORTED` (`review_imported`),
  KEY `EMAIL_REVIEW_CREATED_AT` (`created_at`),
  KEY `EMAIL_REVIEW_UPDATED_AT` (`updated_at`)
) ENGINE=InnoDB DEFAULT CHARSET=utf8mb3 COMMENT='Connector Reviews';

--
-- Dumping data for table `email_review`
--


--
-- Table structure for table `email_rules`
--

CREATE TABLE `email_rules` (
  `id` int unsigned NOT NULL AUTO_INCREMENT COMMENT 'Primary Key',
  `name` varchar(255) NOT NULL DEFAULT '' COMMENT 'Rule Name',
  `website_ids` varchar(255) NOT NULL DEFAULT '0' COMMENT 'Website Id',
  `type` smallint NOT NULL DEFAULT '0' COMMENT 'Rule Type',
  `status` smallint NOT NULL DEFAULT '0' COMMENT 'Status',
  `combination` smallint NOT NULL DEFAULT '1' COMMENT 'Rule Condition',
  `conditions` blob NOT NULL COMMENT 'Rule Conditions',
  `created_at` timestamp NULL DEFAULT NULL COMMENT 'Creation Time',
  `updated_at` timestamp NULL DEFAULT NULL COMMENT 'Update Time',
  PRIMARY KEY (`id`)
) ENGINE=InnoDB DEFAULT CHARSET=utf8mb3 COMMENT='Connector Rules';

--
-- Dumping data for table `email_rules`
--


--
-- Table structure for table `email_sms_order_queue`
--

CREATE TABLE `email_sms_order_queue` (
  `id` int unsigned NOT NULL AUTO_INCREMENT COMMENT 'Primary key',
  `website_id` smallint unsigned NOT NULL DEFAULT '0' COMMENT 'Website ID',
  `store_id` smallint unsigned NOT NULL DEFAULT '0' COMMENT 'Store ID',
  `type_id` smallint unsigned NOT NULL DEFAULT '0' COMMENT 'Type ID',
  `order_id` smallint unsigned NOT NULL COMMENT 'Order ID',
  `phone_number` varchar(255) DEFAULT NULL COMMENT 'Phone number',
  `email` varchar(255) DEFAULT NULL COMMENT 'Customer email',
  `additional_data` text COMMENT 'Additional data',
  `status` smallint DEFAULT NULL COMMENT 'Status',
  `content` text COMMENT 'Message content',
  `message_id` varchar(255) DEFAULT NULL COMMENT 'Message ID',
  `message` text COMMENT 'Delivery message',
  `sent_at` timestamp NULL DEFAULT NULL COMMENT 'Sent at date',
  `created_at` timestamp NOT NULL DEFAULT CURRENT_TIMESTAMP COMMENT 'Creation time',
  `updated_at` timestamp NULL DEFAULT NULL COMMENT 'Update time',
  PRIMARY KEY (`id`),
  KEY `EMAIL_SMS_ORDER_QUEUE_WEBSITE_ID` (`website_id`),
  KEY `EMAIL_SMS_ORDER_QUEUE_STORE_ID` (`store_id`),
  CONSTRAINT `EMAIL_SMS_ORDER_QUEUE_STORE_ID_STORE_STORE_ID` FOREIGN KEY (`store_id`) REFERENCES `store` (`store_id`) ON DELETE CASCADE ON UPDATE RESTRICT,
  CONSTRAINT `EMAIL_SMS_ORDER_QUEUE_WEBSITE_ID_STORE_WEBSITE_WEBSITE_ID` FOREIGN KEY (`website_id`) REFERENCES `store_website` (`website_id`) ON DELETE CASCADE ON UPDATE RESTRICT
) ENGINE=InnoDB DEFAULT CHARSET=utf8mb3 COMMENT='Dotdigital SMS order queue table';

--
-- Dumping data for table `email_sms_order_queue`
--


--
-- Table structure for table `email_template`
--

CREATE TABLE `email_template` (
  `template_id` int unsigned NOT NULL AUTO_INCREMENT COMMENT 'Template ID',
  `template_code` varchar(150) NOT NULL COMMENT 'Template Name',
  `template_text` text NOT NULL COMMENT 'Template Content',
  `template_styles` text COMMENT 'Templste Styles',
  `template_type` int unsigned DEFAULT NULL COMMENT 'Template Type',
  `template_subject` varchar(200) NOT NULL COMMENT 'Template Subject',
  `template_sender_name` varchar(200) DEFAULT NULL COMMENT 'Template Sender Name',
  `template_sender_email` varchar(200) DEFAULT NULL COMMENT 'Template Sender Email',
  `added_at` timestamp NOT NULL DEFAULT CURRENT_TIMESTAMP COMMENT 'Date of Template Creation',
  `modified_at` timestamp NOT NULL DEFAULT CURRENT_TIMESTAMP ON UPDATE CURRENT_TIMESTAMP COMMENT 'Date of Template Modification',
  `orig_template_code` varchar(200) DEFAULT NULL COMMENT 'Original Template Code',
  `orig_template_variables` text COMMENT 'Original Template Variables',
  `is_legacy` tinyint(1) NOT NULL DEFAULT '0' COMMENT 'Should the template render in legacy mode',
  PRIMARY KEY (`template_id`),
  UNIQUE KEY `EMAIL_TEMPLATE_TEMPLATE_CODE` (`template_code`),
  KEY `EMAIL_TEMPLATE_ADDED_AT` (`added_at`),
  KEY `EMAIL_TEMPLATE_MODIFIED_AT` (`modified_at`)
) ENGINE=InnoDB DEFAULT CHARSET=utf8mb3 COMMENT='Email Templates';

--
-- Dumping data for table `email_template`
--


--
-- Table structure for table `email_wishlist`
--

CREATE TABLE `email_wishlist` (
  `id` int unsigned NOT NULL AUTO_INCREMENT COMMENT 'Primary Key',
  `wishlist_id` int unsigned NOT NULL COMMENT 'Wishlist Id',
  `item_count` int unsigned NOT NULL COMMENT 'Item Count',
  `customer_id` int unsigned DEFAULT NULL COMMENT 'Customer ID',
  `store_id` smallint unsigned NOT NULL COMMENT 'Store Id',
  `wishlist_imported` smallint unsigned NOT NULL DEFAULT '0' COMMENT 'Wishlist Imported',
  `wishlist_modified` smallint unsigned DEFAULT NULL COMMENT 'Wishlist Modified',
  `created_at` timestamp NULL DEFAULT NULL COMMENT 'Creation Time',
  `updated_at` timestamp NULL DEFAULT NULL COMMENT 'Update Time',
  PRIMARY KEY (`id`),
  KEY `EMAIL_WISHLIST_WISHLIST_ID` (`wishlist_id`),
  KEY `EMAIL_WISHLIST_ITEM_COUNT` (`item_count`),
  KEY `EMAIL_WISHLIST_CUSTOMER_ID` (`customer_id`),
  KEY `EMAIL_WISHLIST_WISHLIST_MODIFIED` (`wishlist_modified`),
  KEY `EMAIL_WISHLIST_WISHLIST_IMPORTED` (`wishlist_imported`),
  KEY `EMAIL_WISHLIST_CREATED_AT` (`created_at`),
  KEY `EMAIL_WISHLIST_UPDATED_AT` (`updated_at`),
  KEY `EMAIL_WISHLIST_STORE_ID` (`store_id`),
  CONSTRAINT `EMAIL_WISHLIST_CUSTOMER_ID_CUSTOMER_ENTITY_ENTITY_ID` FOREIGN KEY (`customer_id`) REFERENCES `customer_entity` (`entity_id`) ON DELETE CASCADE ON UPDATE RESTRICT,
  CONSTRAINT `EMAIL_WISHLIST_WISHLIST_ID_WISHLIST_WISHLIST_ID` FOREIGN KEY (`wishlist_id`) REFERENCES `wishlist` (`wishlist_id`) ON DELETE CASCADE ON UPDATE RESTRICT
) ENGINE=InnoDB DEFAULT CHARSET=utf8mb3 COMMENT='Connector Wishlist';

--
-- Dumping data for table `email_wishlist`
--


--
-- Table structure for table `flag`
--

CREATE TABLE `flag` (
  `flag_id` int unsigned NOT NULL AUTO_INCREMENT COMMENT 'Flag Id',
  `flag_code` varchar(255) NOT NULL COMMENT 'Flag Code',
  `state` smallint unsigned NOT NULL DEFAULT '0' COMMENT 'Flag State',
  `flag_data` mediumtext COMMENT 'Flag Data',
  `last_update` timestamp NOT NULL DEFAULT CURRENT_TIMESTAMP ON UPDATE CURRENT_TIMESTAMP COMMENT 'Date of Last Flag Update',
  PRIMARY KEY (`flag_id`),
  KEY `FLAG_LAST_UPDATE` (`last_update`)
) ENGINE=InnoDB AUTO_INCREMENT=11 DEFAULT CHARSET=utf8mb3 COMMENT='Flag';

--
-- Dumping data for table `flag`
--

INSERT INTO `flag` VALUES (1,'analytics_link_attempts_reverse_counter',0,'24','2021-03-24 12:28:30'),(2,'report_order_aggregated',0,NULL,'2021-04-23 00:56:05'),(3,'report_tax_aggregated',0,NULL,'2021-04-23 00:56:05'),(4,'report_shipping_aggregated',0,NULL,'2021-04-23 00:56:06'),(5,'report_invoiced_aggregated',0,NULL,'2021-04-23 00:56:06'),(6,'report_refunded_aggregated',0,NULL,'2021-04-23 00:56:06'),(7,'report_coupons_aggregated',0,NULL,'2021-04-23 00:56:06'),(8,'report_bestsellers_aggregated',0,NULL,'2021-04-23 00:56:06'),(9,'report_product_viewed_aggregated',0,NULL,'2021-04-23 00:56:07'),(10,'m52144',0,'\"eyJzdGF0dXMiOiJhY3RpdmUiLCJtZXNzYWdlIjoiIiwiZmxhZyI6InJlYWwiLCJ0aW1lIjoxNjE5NjQ4OTIxfQ==\"','2021-04-28 22:28:41');

--
-- Table structure for table `gift_message`
--

CREATE TABLE `gift_message` (
  `gift_message_id` int unsigned NOT NULL AUTO_INCREMENT COMMENT 'GiftMessage ID',
  `customer_id` int unsigned NOT NULL DEFAULT '0' COMMENT 'Customer ID',
  `sender` varchar(255) DEFAULT NULL COMMENT 'Sender',
  `recipient` varchar(255) DEFAULT NULL COMMENT 'Registrant',
  `message` text COMMENT 'Message',
  PRIMARY KEY (`gift_message_id`)
) ENGINE=InnoDB DEFAULT CHARSET=utf8mb3 COMMENT='Gift Message';

--
-- Dumping data for table `gift_message`
--


--
-- Table structure for table `googleoptimizer_code`
--

CREATE TABLE `googleoptimizer_code` (
  `code_id` int unsigned NOT NULL AUTO_INCREMENT COMMENT 'Google experiment code ID',
  `entity_id` int unsigned NOT NULL COMMENT 'Optimized entity ID product ID or catalog ID',
  `entity_type` varchar(50) DEFAULT NULL COMMENT 'Optimized entity type',
  `store_id` smallint unsigned NOT NULL COMMENT 'Store ID',
  `experiment_script` text COMMENT 'Google experiment script',
  PRIMARY KEY (`code_id`),
  UNIQUE KEY `GOOGLEOPTIMIZER_CODE_STORE_ID_ENTITY_ID_ENTITY_TYPE` (`store_id`,`entity_id`,`entity_type`),
  CONSTRAINT `GOOGLEOPTIMIZER_CODE_STORE_ID_STORE_STORE_ID` FOREIGN KEY (`store_id`) REFERENCES `store` (`store_id`) ON DELETE CASCADE ON UPDATE RESTRICT
) ENGINE=InnoDB DEFAULT CHARSET=utf8mb3 COMMENT='Google Experiment code';

--
-- Dumping data for table `googleoptimizer_code`
--


--
-- Table structure for table `import_history`
--

CREATE TABLE `import_history` (
  `history_id` int unsigned NOT NULL AUTO_INCREMENT COMMENT 'History record ID',
  `started_at` timestamp NOT NULL DEFAULT CURRENT_TIMESTAMP COMMENT 'Started at',
  `user_id` int unsigned NOT NULL DEFAULT '0' COMMENT 'User ID',
  `imported_file` varchar(255) DEFAULT NULL COMMENT 'Imported file',
  `execution_time` varchar(255) DEFAULT NULL COMMENT 'Execution time',
  `summary` varchar(255) DEFAULT NULL COMMENT 'Summary',
  `error_file` varchar(255) NOT NULL COMMENT 'Imported file with errors',
  PRIMARY KEY (`history_id`)
) ENGINE=InnoDB DEFAULT CHARSET=utf8mb3 COMMENT='Import history table';

--
-- Dumping data for table `import_history`
--


--
-- Table structure for table `importexport_importdata`
--

CREATE TABLE `importexport_importdata` (
  `id` int unsigned NOT NULL AUTO_INCREMENT COMMENT 'ID',
  `entity` varchar(50) NOT NULL COMMENT 'Entity',
  `behavior` varchar(10) NOT NULL DEFAULT 'append' COMMENT 'Behavior',
  `data` longtext COMMENT 'Data',
  PRIMARY KEY (`id`)
) ENGINE=InnoDB DEFAULT CHARSET=utf8mb3 COMMENT='Import Data Table';

--
-- Dumping data for table `importexport_importdata`
--


--
-- Table structure for table `indexer_state`
--

CREATE TABLE `indexer_state` (
  `state_id` int unsigned NOT NULL AUTO_INCREMENT COMMENT 'Indexer State ID',
  `indexer_id` varchar(255) DEFAULT NULL COMMENT 'Indexer ID',
  `status` varchar(16) DEFAULT 'invalid' COMMENT 'Indexer Status',
  `updated` datetime DEFAULT NULL COMMENT 'Indexer Status',
  `hash_config` varchar(32) NOT NULL COMMENT 'Hash of indexer config',
  PRIMARY KEY (`state_id`),
  KEY `INDEXER_STATE_INDEXER_ID` (`indexer_id`)
) ENGINE=InnoDB AUTO_INCREMENT=12 DEFAULT CHARSET=utf8mb3 COMMENT='Indexer State';

--
-- Dumping data for table `indexer_state`
--

INSERT INTO `indexer_state` VALUES (1,'design_config_grid','valid','2021-04-28 08:14:25','f3c66a928f5b36fea812ff0518c702a6'),(2,'customer_grid','valid','2021-04-28 08:14:29','7364dbb3c20da366462fc3f74fd5f519'),(3,'catalog_category_product','valid','2021-04-28 08:14:31','72960cae3fb8a65408766c5053d152c1'),(4,'catalog_product_category','valid','2021-04-28 08:14:31','71685858590e6bd3a5b20fe553aa8126'),(5,'catalogrule_rule','valid','2021-04-28 08:14:32','6d82afa62bd571b3b1570c9cb35b3ce7'),(6,'catalog_product_attribute','valid','2021-04-28 08:14:33','322415e6562ccc8af92a861361d30e28'),(7,'cataloginventory_stock','valid','2021-04-28 08:14:34','c386a86bb9f20f9f09ced3a76f1aa54e'),(8,'inventory','valid','2021-04-28 08:14:34','e961c9cd2fc19d47907c31410c84b32b'),(9,'catalogrule_product','valid','2021-04-28 08:14:32','a7926f2cac82711b874de588d9a123b9'),(10,'catalog_product_price','valid','2021-04-28 08:14:35','1965673dde92d1fa48bf33ac92b37948'),(11,'catalogsearch_fulltext','invalid','2021-04-28 08:14:35','6c090e2e5f6d60f536c67fe26c825d80');

--
-- Table structure for table `integration`
--

CREATE TABLE `integration` (
  `integration_id` int unsigned NOT NULL AUTO_INCREMENT COMMENT 'Integration ID',
  `name` varchar(255) NOT NULL COMMENT 'Integration name is displayed in the admin interface',
  `email` varchar(255) NOT NULL COMMENT 'Email address of the contact person',
  `endpoint` varchar(255) DEFAULT NULL COMMENT 'Endpoint for posting consumer credentials',
  `status` smallint unsigned NOT NULL COMMENT 'Integration status',
  `consumer_id` int unsigned DEFAULT NULL COMMENT 'Oauth consumer',
  `created_at` timestamp NOT NULL DEFAULT CURRENT_TIMESTAMP COMMENT 'Creation Time',
  `updated_at` timestamp NOT NULL DEFAULT CURRENT_TIMESTAMP ON UPDATE CURRENT_TIMESTAMP COMMENT 'Update Time',
  `setup_type` smallint unsigned NOT NULL DEFAULT '0' COMMENT 'Integration type - manual or config file',
  `identity_link_url` varchar(255) DEFAULT NULL COMMENT 'Identity linking Url',
  PRIMARY KEY (`integration_id`),
  UNIQUE KEY `INTEGRATION_NAME` (`name`),
  UNIQUE KEY `INTEGRATION_CONSUMER_ID` (`consumer_id`),
  CONSTRAINT `INTEGRATION_CONSUMER_ID_OAUTH_CONSUMER_ENTITY_ID` FOREIGN KEY (`consumer_id`) REFERENCES `oauth_consumer` (`entity_id`) ON DELETE CASCADE ON UPDATE RESTRICT
) ENGINE=InnoDB DEFAULT CHARSET=utf8mb3 COMMENT='integration';

--
-- Dumping data for table `integration`
--


--
-- Table structure for table `inventory_geoname`
--

CREATE TABLE `inventory_geoname` (
  `country_code` varchar(64) NOT NULL,
  `postcode` varchar(64) NOT NULL,
  `city` varchar(180) NOT NULL,
  `region` varchar(100) NOT NULL,
  `province` varchar(64) NOT NULL,
  `latitude` double NOT NULL,
  `longitude` double NOT NULL
) ENGINE=InnoDB DEFAULT CHARSET=utf8mb3;

--
-- Dumping data for table `inventory_geoname`
--


--
-- Table structure for table `inventory_low_stock_notification_configuration`
--

CREATE TABLE `inventory_low_stock_notification_configuration` (
  `source_code` varchar(255) NOT NULL,
  `sku` varchar(64) NOT NULL,
  `notify_stock_qty` decimal(12,4) DEFAULT NULL,
  PRIMARY KEY (`source_code`,`sku`)
) ENGINE=InnoDB DEFAULT CHARSET=utf8mb3;

--
-- Dumping data for table `inventory_low_stock_notification_configuration`
--

INSERT INTO `inventory_low_stock_notification_configuration` VALUES ('default','A-DESIGNS-503HR',NULL),('default','A-DESIGNS-EM-BLUE',NULL),('default','A-DESIGNS-EM-GOLD',NULL),('default','A-DESIGNS-EM-PEQ',NULL),('default','A-DESIGNS-EM-RED',NULL),('default','A-DESIGNS-EM-SILVER',NULL),('default','A-DESIGNS-HAMMER-2-EQ',NULL),('default','A-DESIGNS-HM2-NAIL',NULL),('default','A-DESIGNS-REDDI-DI',NULL),('default','ABLETON-PUSH-2',NULL),('default','ADAM-A5X',NULL),('default','ADAM-A7X',NULL),('default','ADAM-A8X',NULL),('default','ANTELOPE-ZEN-GO-SYNERGY-CORE',NULL),('default','AVID-PRO-TOOLS-CARBON',NULL),('default','AVID-PRO-TOOLS-MTRX-STUDIO',NULL),('default','AVID-PRO-TOOLS-SYNC-X',NULL),('default','AVID-PROTOOLS-ULTIMATE-RENEWAL',NULL),('default','AVID-S1',NULL),('default','EARTHWORKS-SR314',NULL),('default','FOCAL-ALPHA50-EVO',NULL),('default','FOCAL-ALPHA65-EVO',NULL),('default','FOCAL-TRIO11-BE',NULL),('default','PMC-RESULT6',NULL),('default','RUPERT-NEVE-DESIGNS-5254',NULL),('default','test',NULL),('default','UA-APOLLO-TWIN-X-QUAD',NULL),('default','VIDEO-SLAVE-4-PRO',NULL);

--
-- Table structure for table `inventory_order_notification`
--

CREATE TABLE `inventory_order_notification` (
  `order_id` int unsigned NOT NULL AUTO_INCREMENT COMMENT 'Order ID',
  `notification_sent` smallint NOT NULL COMMENT 'Has Notification Been Sent For Order',
  `send_notification` smallint NOT NULL COMMENT 'Should Notification Be Send For Order',
  PRIMARY KEY (`order_id`),
  CONSTRAINT `INVENTORY_ORDER_NOTIFICATION_ORDER_ID_SALES_ORDER_ENTITY_ID` FOREIGN KEY (`order_id`) REFERENCES `sales_order` (`entity_id`) ON DELETE CASCADE ON UPDATE RESTRICT
) ENGINE=InnoDB DEFAULT CHARSET=utf8mb3;

--
-- Dumping data for table `inventory_order_notification`
--


--
-- Table structure for table `inventory_pickup_location_order`
--

CREATE TABLE `inventory_pickup_location_order` (
  `order_id` int unsigned NOT NULL AUTO_INCREMENT COMMENT 'Order ID',
  `pickup_location_code` varchar(255) NOT NULL COMMENT 'Pickup Location Code',
  PRIMARY KEY (`order_id`),
  CONSTRAINT `INVENTORY_PICKUP_LOCATION_ORDER_ORDER_ID_SALES_ORDER_ENTITY_ID` FOREIGN KEY (`order_id`) REFERENCES `sales_order` (`entity_id`) ON DELETE CASCADE ON UPDATE RESTRICT
) ENGINE=InnoDB DEFAULT CHARSET=utf8mb3;

--
-- Dumping data for table `inventory_pickup_location_order`
--


--
-- Table structure for table `inventory_pickup_location_quote_address`
--

CREATE TABLE `inventory_pickup_location_quote_address` (
  `address_id` int unsigned NOT NULL AUTO_INCREMENT COMMENT 'Quote Address ID',
  `pickup_location_code` varchar(255) NOT NULL COMMENT 'Pickup Location Code',
  PRIMARY KEY (`address_id`),
  CONSTRAINT `INV_PICKUP_LOCATION_QUOTE_ADDR_ADDR_ID_QUOTE_ADDR_ADDR_ID` FOREIGN KEY (`address_id`) REFERENCES `quote_address` (`address_id`) ON DELETE CASCADE ON UPDATE RESTRICT
) ENGINE=InnoDB DEFAULT CHARSET=utf8mb3;

--
-- Dumping data for table `inventory_pickup_location_quote_address`
--


--
-- Table structure for table `inventory_reservation`
--

CREATE TABLE `inventory_reservation` (
  `reservation_id` int unsigned NOT NULL AUTO_INCREMENT,
  `stock_id` int unsigned NOT NULL,
  `sku` varchar(64) NOT NULL,
  `quantity` decimal(10,4) NOT NULL DEFAULT '0.0000',
  `metadata` varchar(255) DEFAULT NULL,
  PRIMARY KEY (`reservation_id`),
  KEY `INVENTORY_RESERVATION_STOCK_ID_SKU_QUANTITY` (`stock_id`,`sku`,`quantity`)
) ENGINE=InnoDB AUTO_INCREMENT=2 DEFAULT CHARSET=utf8mb3;

--
-- Dumping data for table `inventory_reservation`
--

INSERT INTO `inventory_reservation` VALUES (1,1,'test',-1.0000,'{\"event_type\":\"order_placed\",\"object_type\":\"order\",\"object_id\":\"\",\"object_increment_id\":\"000000001\"}');

--
-- Table structure for table `inventory_shipment_source`
--

CREATE TABLE `inventory_shipment_source` (
  `shipment_id` int unsigned NOT NULL,
  `source_code` varchar(255) NOT NULL,
  PRIMARY KEY (`shipment_id`)
) ENGINE=InnoDB DEFAULT CHARSET=utf8mb3;

--
-- Dumping data for table `inventory_shipment_source`
--


--
-- Table structure for table `inventory_source`
--

CREATE TABLE `inventory_source` (
  `source_code` varchar(255) NOT NULL,
  `name` varchar(255) NOT NULL,
  `enabled` smallint unsigned NOT NULL DEFAULT '1',
  `description` text,
  `latitude` decimal(8,6) DEFAULT NULL,
  `longitude` decimal(9,6) DEFAULT NULL,
  `country_id` varchar(2) NOT NULL,
  `region_id` int unsigned DEFAULT NULL,
  `region` varchar(255) DEFAULT NULL,
  `city` varchar(255) DEFAULT NULL,
  `street` varchar(255) DEFAULT NULL,
  `postcode` varchar(255) NOT NULL,
  `contact_name` varchar(255) DEFAULT NULL,
  `email` varchar(255) DEFAULT NULL,
  `phone` varchar(255) DEFAULT NULL,
  `fax` varchar(255) DEFAULT NULL,
  `use_default_carrier_config` smallint unsigned NOT NULL DEFAULT '1',
  `is_pickup_location_active` tinyint(1) NOT NULL DEFAULT '0',
  `frontend_name` varchar(255) DEFAULT '',
  `frontend_description` text,
  PRIMARY KEY (`source_code`)
) ENGINE=InnoDB DEFAULT CHARSET=utf8mb3;

--
-- Dumping data for table `inventory_source`
--

INSERT INTO `inventory_source` VALUES ('default','Default Source',1,'Default Source',0.000000,0.000000,'US',NULL,NULL,NULL,NULL,'00000',NULL,NULL,NULL,NULL,1,0,'',NULL);

--
-- Table structure for table `inventory_source_carrier_link`
--

CREATE TABLE `inventory_source_carrier_link` (
  `link_id` int unsigned NOT NULL AUTO_INCREMENT,
  `source_code` varchar(255) NOT NULL,
  `carrier_code` varchar(255) NOT NULL,
  `position` smallint unsigned DEFAULT NULL,
  PRIMARY KEY (`link_id`),
  KEY `INV_SOURCE_CARRIER_LNK_SOURCE_CODE_INV_SOURCE_SOURCE_CODE` (`source_code`),
  CONSTRAINT `INV_SOURCE_CARRIER_LNK_SOURCE_CODE_INV_SOURCE_SOURCE_CODE` FOREIGN KEY (`source_code`) REFERENCES `inventory_source` (`source_code`) ON DELETE CASCADE ON UPDATE RESTRICT
) ENGINE=InnoDB DEFAULT CHARSET=utf8mb3;

--
-- Dumping data for table `inventory_source_carrier_link`
--


--
-- Table structure for table `inventory_source_item`
--

CREATE TABLE `inventory_source_item` (
  `source_item_id` int unsigned NOT NULL AUTO_INCREMENT,
  `source_code` varchar(255) NOT NULL,
  `sku` varchar(64) NOT NULL,
  `quantity` decimal(12,4) NOT NULL DEFAULT '0.0000',
  `status` smallint unsigned NOT NULL DEFAULT '0',
  PRIMARY KEY (`source_item_id`),
  UNIQUE KEY `INVENTORY_SOURCE_ITEM_SOURCE_CODE_SKU` (`source_code`,`sku`),
  KEY `INVENTORY_SOURCE_ITEM_SKU_SOURCE_CODE_QUANTITY` (`sku`,`source_code`,`quantity`),
  CONSTRAINT `INVENTORY_SOURCE_ITEM_SOURCE_CODE_INVENTORY_SOURCE_SOURCE_CODE` FOREIGN KEY (`source_code`) REFERENCES `inventory_source` (`source_code`) ON DELETE CASCADE ON UPDATE RESTRICT
) ENGINE=InnoDB AUTO_INCREMENT=96 DEFAULT CHARSET=utf8mb3;

--
-- Dumping data for table `inventory_source_item`
--

INSERT INTO `inventory_source_item` VALUES (1,'default','test',500.0000,1),(2,'default','A-DESIGNS-EM-PEQ',0.0000,1),(4,'default','A-DESIGNS-HAMMER-2-EQ',0.0000,1),(6,'default','A-DESIGNS-HM2-NAIL',0.0000,1),(8,'default','A-DESIGNS-REDDI-DI',0.0000,1),(10,'default','ADAM-A7X',0.0000,1),(12,'default','ABLETON-PUSH-2',1.0000,1),(14,'default','ADAM-A5X',0.0000,1),(22,'default','ADAM-A8X',0.0000,1),(24,'default','AVID-PRO-TOOLS-MTRX-STUDIO',0.0000,1),(26,'default','AVID-PRO-TOOLS-SYNC-X',0.0000,1),(28,'default','AVID-PRO-TOOLS-CARBON',0.0000,1),(34,'default','RUPERT-NEVE-DESIGNS-5254',0.0000,1),(36,'default','AVID-S1',0.0000,1),(38,'default','FOCAL-TRIO11-BE',0.0000,1),(40,'default','PMC-RESULT6',0.0000,1),(42,'default','EARTHWORKS-SR314',0.0000,1),(44,'default','VIDEO-SLAVE-4-PRO',0.0000,1),(46,'default','FOCAL-ALPHA65-EVO',0.0000,1),(48,'default','FOCAL-ALPHA50-EVO',0.0000,1),(50,'default','AVID-PROTOOLS-ULTIMATE-RENEWAL',0.0000,1),(76,'default','UA-APOLLO-TWIN-X-QUAD',0.0000,1),(80,'default','ANTELOPE-ZEN-GO-SYNERGY-CORE',0.0000,1);

--
-- Table structure for table `inventory_source_stock_link`
--

CREATE TABLE `inventory_source_stock_link` (
  `link_id` int unsigned NOT NULL AUTO_INCREMENT,
  `stock_id` int unsigned NOT NULL,
  `source_code` varchar(255) NOT NULL,
  `priority` smallint unsigned NOT NULL,
  PRIMARY KEY (`link_id`),
  UNIQUE KEY `INVENTORY_SOURCE_STOCK_LINK_STOCK_ID_SOURCE_CODE` (`stock_id`,`source_code`),
  KEY `INV_SOURCE_STOCK_LNK_SOURCE_CODE_INV_SOURCE_SOURCE_CODE` (`source_code`),
  KEY `INVENTORY_SOURCE_STOCK_LINK_STOCK_ID_PRIORITY` (`stock_id`,`priority`),
  CONSTRAINT `INV_SOURCE_STOCK_LNK_SOURCE_CODE_INV_SOURCE_SOURCE_CODE` FOREIGN KEY (`source_code`) REFERENCES `inventory_source` (`source_code`) ON DELETE CASCADE ON UPDATE RESTRICT,
  CONSTRAINT `INVENTORY_SOURCE_STOCK_LINK_STOCK_ID_INVENTORY_STOCK_STOCK_ID` FOREIGN KEY (`stock_id`) REFERENCES `inventory_stock` (`stock_id`) ON DELETE CASCADE ON UPDATE RESTRICT
) ENGINE=InnoDB AUTO_INCREMENT=2 DEFAULT CHARSET=utf8mb3;

--
-- Dumping data for table `inventory_source_stock_link`
--

INSERT INTO `inventory_source_stock_link` VALUES (1,1,'default',1);

--
-- Table structure for table `inventory_stock`
--

CREATE TABLE `inventory_stock` (
  `stock_id` int unsigned NOT NULL AUTO_INCREMENT,
  `name` varchar(255) NOT NULL,
  PRIMARY KEY (`stock_id`)
) ENGINE=InnoDB AUTO_INCREMENT=2 DEFAULT CHARSET=utf8mb3;

--
-- Dumping data for table `inventory_stock`
--

INSERT INTO `inventory_stock` VALUES (1,'Default Stock');

--
-- Temporary view structure for view `inventory_stock_1`
--

/*!50001 DROP VIEW IF EXISTS `inventory_stock_1`*/;
/*!50001 CREATE VIEW `inventory_stock_1` AS SELECT 
 1 AS `product_id`,
 1 AS `website_id`,
 1 AS `stock_id`,
 1 AS `quantity`,
 1 AS `is_salable`,
 1 AS `sku`*/;

--
-- Table structure for table `inventory_stock_sales_channel`
--

CREATE TABLE `inventory_stock_sales_channel` (
  `type` varchar(64) NOT NULL,
  `code` varchar(64) NOT NULL,
  `stock_id` int unsigned NOT NULL,
  PRIMARY KEY (`type`,`code`),
  KEY `INVENTORY_STOCK_SALES_CHANNEL_STOCK_ID_INVENTORY_STOCK_STOCK_ID` (`stock_id`),
  CONSTRAINT `INVENTORY_STOCK_SALES_CHANNEL_STOCK_ID_INVENTORY_STOCK_STOCK_ID` FOREIGN KEY (`stock_id`) REFERENCES `inventory_stock` (`stock_id`) ON DELETE CASCADE ON UPDATE RESTRICT
) ENGINE=InnoDB DEFAULT CHARSET=utf8mb3;

--
-- Dumping data for table `inventory_stock_sales_channel`
--

INSERT INTO `inventory_stock_sales_channel` VALUES ('website','base',1);

--
-- Table structure for table `klarna_core_order`
--

CREATE TABLE `klarna_core_order` (
  `id` int unsigned NOT NULL AUTO_INCREMENT COMMENT 'Entity Id',
  `klarna_order_id` varchar(255) DEFAULT NULL COMMENT 'Klarna Order Id',
  `session_id` varchar(255) DEFAULT NULL COMMENT 'Session Id',
  `reservation_id` varchar(255) DEFAULT NULL COMMENT 'Reservation Id',
  `order_id` int unsigned NOT NULL COMMENT 'Order Id',
  `is_acknowledged` smallint NOT NULL DEFAULT '0' COMMENT 'Is Acknowledged',
  PRIMARY KEY (`id`),
  KEY `KLARNA_CORE_ORDER_IS_ACKNOWLEDGED` (`is_acknowledged`),
  KEY `KLARNA_CORE_ORDER_ORDER_ID` (`order_id`)
) ENGINE=InnoDB DEFAULT CHARSET=utf8mb3 COMMENT='Klarna Order';

--
-- Dumping data for table `klarna_core_order`
--


--
-- Table structure for table `klarna_payments_quote`
--

CREATE TABLE `klarna_payments_quote` (
  `payments_quote_id` int unsigned NOT NULL AUTO_INCREMENT COMMENT 'Payments Id',
  `session_id` varchar(255) DEFAULT NULL COMMENT 'Klarna Session Id',
  `client_token` text COMMENT 'Klarna Client Token',
  `authorization_token` varchar(255) DEFAULT NULL COMMENT 'Authorization Token',
  `is_active` smallint NOT NULL DEFAULT '0' COMMENT 'Is Active',
  `quote_id` int unsigned NOT NULL COMMENT 'Quote Id',
  `payment_methods` varchar(255) DEFAULT NULL COMMENT 'Payment Method Categories',
  `payment_method_info` text COMMENT 'Payment Method Category Info',
  PRIMARY KEY (`payments_quote_id`),
  KEY `KLARNA_PAYMENTS_QUOTE_QUOTE_ID` (`quote_id`)
) ENGINE=InnoDB DEFAULT CHARSET=utf8mb3 COMMENT='Klarna Payments Quote';

--
-- Dumping data for table `klarna_payments_quote`
--


--
-- Table structure for table `layout_link`
--

CREATE TABLE `layout_link` (
  `layout_link_id` int unsigned NOT NULL AUTO_INCREMENT COMMENT 'Link ID',
  `store_id` smallint unsigned NOT NULL DEFAULT '0' COMMENT 'Store ID',
  `theme_id` int unsigned NOT NULL COMMENT 'Theme ID',
  `layout_update_id` int unsigned NOT NULL DEFAULT '0' COMMENT 'Layout Update ID',
  `is_temporary` tinyint(1) NOT NULL DEFAULT '0' COMMENT 'Defines whether Layout Update is Temporary',
  PRIMARY KEY (`layout_link_id`),
  KEY `LAYOUT_LINK_THEME_ID_THEME_THEME_ID` (`theme_id`),
  KEY `LAYOUT_LINK_LAYOUT_UPDATE_ID` (`layout_update_id`),
  KEY `LAYOUT_LINK_STORE_ID_THEME_ID_LAYOUT_UPDATE_ID_IS_TEMPORARY` (`store_id`,`theme_id`,`layout_update_id`,`is_temporary`),
  CONSTRAINT `LAYOUT_LINK_LAYOUT_UPDATE_ID_LAYOUT_UPDATE_LAYOUT_UPDATE_ID` FOREIGN KEY (`layout_update_id`) REFERENCES `layout_update` (`layout_update_id`) ON DELETE CASCADE ON UPDATE RESTRICT,
  CONSTRAINT `LAYOUT_LINK_STORE_ID_STORE_STORE_ID` FOREIGN KEY (`store_id`) REFERENCES `store` (`store_id`) ON DELETE CASCADE ON UPDATE RESTRICT,
  CONSTRAINT `LAYOUT_LINK_THEME_ID_THEME_THEME_ID` FOREIGN KEY (`theme_id`) REFERENCES `theme` (`theme_id`) ON DELETE CASCADE ON UPDATE RESTRICT
) ENGINE=InnoDB DEFAULT CHARSET=utf8mb3 COMMENT='Layout Link';

--
-- Dumping data for table `layout_link`
--


--
-- Table structure for table `layout_update`
--

CREATE TABLE `layout_update` (
  `layout_update_id` int unsigned NOT NULL AUTO_INCREMENT COMMENT 'Layout Update ID',
  `handle` varchar(255) DEFAULT NULL COMMENT 'Handle',
  `xml` text COMMENT 'Xml',
  `sort_order` smallint NOT NULL DEFAULT '0' COMMENT 'Sort Order',
  `updated_at` timestamp NULL DEFAULT '0000-00-00 00:00:00' ON UPDATE CURRENT_TIMESTAMP COMMENT 'Last Update Timestamp',
  PRIMARY KEY (`layout_update_id`),
  KEY `LAYOUT_UPDATE_HANDLE` (`handle`)
) ENGINE=InnoDB DEFAULT CHARSET=utf8mb3 COMMENT='Layout Updates';

--
-- Dumping data for table `layout_update`
--


--
-- Table structure for table `login_as_customer`
--

CREATE TABLE `login_as_customer` (
  `secret` varchar(64) NOT NULL COMMENT 'Login Secret',
  `customer_id` int NOT NULL COMMENT 'Customer ID',
  `admin_id` int NOT NULL COMMENT 'Admin ID',
  `created_at` timestamp NULL DEFAULT NULL COMMENT 'Creation Time',
  PRIMARY KEY (`secret`),
  KEY `LOGIN_AS_CUSTOMER_CREATED_AT` (`created_at`)
) ENGINE=InnoDB DEFAULT CHARSET=utf8mb3 COMMENT='Magento Login as Customer Table';

--
-- Dumping data for table `login_as_customer`
--


--
-- Table structure for table `login_as_customer_assistance_allowed`
--

CREATE TABLE `login_as_customer_assistance_allowed` (
  `customer_id` int unsigned NOT NULL COMMENT 'Customer ID',
  UNIQUE KEY `LOGIN_AS_CUSTOMER_ASSISTANCE_ALLOWED_CUSTOMER_ID` (`customer_id`),
  CONSTRAINT `LOGIN_AS_CSTR_ASSISTANCE_ALLOWED_CSTR_ID_CSTR_ENTT_ENTT_ID` FOREIGN KEY (`customer_id`) REFERENCES `customer_entity` (`entity_id`) ON DELETE CASCADE ON UPDATE RESTRICT
) ENGINE=InnoDB DEFAULT CHARSET=utf8mb3 COMMENT='Magento Login as Customer Assistance Allowed Table';

--
-- Dumping data for table `login_as_customer_assistance_allowed`
--


--
-- Table structure for table `magefan_blog_category`
--

CREATE TABLE `magefan_blog_category` (
  `category_id` int NOT NULL AUTO_INCREMENT COMMENT 'Category ID',
  `title` varchar(255) DEFAULT NULL COMMENT 'Category Title',
  `meta_title` varchar(255) DEFAULT NULL COMMENT 'Category Meta Title',
  `meta_keywords` text COMMENT 'Category Meta Keywords',
  `meta_description` text COMMENT 'Category Meta Description',
  `identifier` varchar(100) DEFAULT NULL COMMENT 'Category String Identifier',
  `content_heading` varchar(255) DEFAULT NULL COMMENT 'Category Content Heading',
  `content` mediumtext COMMENT 'Category Content',
  `path` varchar(255) DEFAULT NULL COMMENT 'Category Path',
  `position` smallint NOT NULL COMMENT 'Category Position',
  `posts_sort_by` smallint NOT NULL DEFAULT '0' COMMENT 'Post Sort By',
  `include_in_menu` smallint DEFAULT NULL COMMENT 'Category In Menu',
  `is_active` smallint NOT NULL DEFAULT '1' COMMENT 'Is Category Active',
  `display_mode` smallint NOT NULL DEFAULT '0' COMMENT 'Display Mode',
  `page_layout` varchar(255) DEFAULT NULL COMMENT 'Post Layout',
  `layout_update_xml` text COMMENT 'Post Layout Update Content',
  `custom_theme` varchar(100) DEFAULT NULL COMMENT 'Post Custom Theme',
  `custom_layout` varchar(255) DEFAULT NULL COMMENT 'Post Custom Template',
  `custom_layout_update_xml` text COMMENT 'Post Custom Layout Update Content',
  `custom_theme_from` date DEFAULT NULL COMMENT 'Post Custom Theme Active From Date',
  `custom_theme_to` date DEFAULT NULL COMMENT 'Post Custom Theme Active To Date',
  PRIMARY KEY (`category_id`),
  KEY `MAGEFAN_BLOG_CATEGORY_IDENTIFIER` (`identifier`),
  KEY `MAGEFAN_BLOG_CATEGORY_INCLUDE_IN_MENU` (`include_in_menu`),
  FULLTEXT KEY `FTI_B76AD11A0A06CC3327BA3A86A016134F` (`title`,`meta_keywords`,`meta_description`,`identifier`,`content`)
) ENGINE=InnoDB DEFAULT CHARSET=utf8mb3 COMMENT='Magefan Blog Category Table';

--
-- Dumping data for table `magefan_blog_category`
--


--
-- Table structure for table `magefan_blog_category_store`
--

CREATE TABLE `magefan_blog_category_store` (
  `category_id` int NOT NULL COMMENT 'Category ID',
  `store_id` smallint unsigned NOT NULL COMMENT 'Store ID',
  PRIMARY KEY (`category_id`,`store_id`),
  KEY `MAGEFAN_BLOG_CATEGORY_STORE_STORE_ID` (`store_id`),
  CONSTRAINT `MAGEFAN_BLOG_CATEGORY_STORE_STORE_ID_STORE_STORE_ID` FOREIGN KEY (`store_id`) REFERENCES `store` (`store_id`) ON DELETE CASCADE ON UPDATE RESTRICT,
  CONSTRAINT `MAGEFAN_BLOG_CTGR_STORE_CTGR_ID_MAGEFAN_BLOG_CTGR_CTGR_ID` FOREIGN KEY (`category_id`) REFERENCES `magefan_blog_category` (`category_id`) ON DELETE CASCADE ON UPDATE RESTRICT
) ENGINE=InnoDB DEFAULT CHARSET=utf8mb3 COMMENT='Magefan Blog Category To Store Linkage Table';

--
-- Dumping data for table `magefan_blog_category_store`
--


--
-- Table structure for table `magefan_blog_comment`
--

CREATE TABLE `magefan_blog_comment` (
  `comment_id` int NOT NULL AUTO_INCREMENT COMMENT 'Comment ID',
  `parent_id` int NOT NULL COMMENT 'Parent Comment ID',
  `post_id` int NOT NULL COMMENT 'Post ID',
  `customer_id` int DEFAULT NULL COMMENT 'Customer ID',
  `admin_id` int DEFAULT NULL COMMENT 'Admin User ID',
  `status` smallint NOT NULL COMMENT 'Comment status',
  `author_type` smallint NOT NULL COMMENT 'Author Type',
  `author_nickname` varchar(255) NOT NULL COMMENT 'Comment Author Nickname',
  `author_email` varchar(255) DEFAULT NULL COMMENT 'Comment Author Email',
  `text` mediumtext COMMENT 'Text',
  `creation_time` timestamp NULL DEFAULT NULL COMMENT 'Comment Creation Time',
  `update_time` timestamp NULL DEFAULT NULL COMMENT 'Comment Update Time',
  PRIMARY KEY (`comment_id`),
  KEY `MAGEFAN_BLOG_COMMENT_PARENT_ID` (`parent_id`),
  KEY `MAGEFAN_BLOG_COMMENT_POST_ID` (`post_id`),
  KEY `MAGEFAN_BLOG_COMMENT_CUSTOMER_ID` (`customer_id`),
  KEY `MAGEFAN_BLOG_COMMENT_ADMIN_ID` (`admin_id`),
  KEY `MAGEFAN_BLOG_COMMENT_STATUS` (`status`),
  CONSTRAINT `MAGEFAN_BLOG_COMMENT_POST_ID_MAGEFAN_BLOG_POST_POST_ID` FOREIGN KEY (`post_id`) REFERENCES `magefan_blog_post` (`post_id`) ON DELETE CASCADE ON UPDATE RESTRICT
) ENGINE=InnoDB DEFAULT CHARSET=utf8mb3 COMMENT='magefan_blog_comment';

--
-- Dumping data for table `magefan_blog_comment`
--


--
-- Table structure for table `magefan_blog_post`
--

CREATE TABLE `magefan_blog_post` (
  `post_id` int NOT NULL AUTO_INCREMENT COMMENT 'Post ID',
  `title` varchar(255) DEFAULT NULL COMMENT 'Post Title',
  `meta_title` varchar(255) DEFAULT NULL COMMENT 'Post Meta Title',
  `meta_keywords` text COMMENT 'Post Meta Keywords',
  `meta_description` text COMMENT 'Post Meta Description',
  `identifier` varchar(100) DEFAULT NULL COMMENT 'Post String Identifier',
  `og_title` varchar(255) DEFAULT NULL COMMENT 'Post OG Title',
  `og_description` varchar(255) DEFAULT NULL COMMENT 'Post OG Description',
  `og_img` varchar(255) DEFAULT NULL COMMENT 'Post OG Img',
  `og_type` varchar(255) DEFAULT NULL COMMENT 'Post OG Type',
  `content_heading` varchar(255) DEFAULT NULL COMMENT 'Post Content Heading',
  `content` mediumtext COMMENT 'Post Content',
  `creation_time` timestamp NULL DEFAULT NULL COMMENT 'Post Creation Time',
  `update_time` timestamp NULL DEFAULT NULL COMMENT 'Post Modification Time',
  `publish_time` timestamp NULL DEFAULT NULL COMMENT 'Post Publish Time',
  `is_active` smallint NOT NULL DEFAULT '1' COMMENT 'Is Post Active',
  `include_in_recent` smallint NOT NULL DEFAULT '1' COMMENT 'Include in Recent Posts',
  `position` smallint NOT NULL DEFAULT '0' COMMENT 'Position',
  `featured_img` varchar(255) DEFAULT NULL COMMENT 'Thumbnail Image',
  `featured_img_alt` varchar(255) DEFAULT NULL COMMENT 'Featured Image Alt',
  `author_id` int DEFAULT NULL COMMENT 'Author ID',
  `page_layout` varchar(255) DEFAULT NULL COMMENT 'Post Layout',
  `layout_update_xml` text COMMENT 'Post Layout Update Content',
  `custom_theme` varchar(100) DEFAULT NULL COMMENT 'Post Custom Theme',
  `custom_layout` varchar(255) DEFAULT NULL COMMENT 'Post Custom Template',
  `custom_layout_update_xml` text COMMENT 'Post Custom Layout Update Content',
  `custom_theme_from` date DEFAULT NULL COMMENT 'Post Custom Theme Active From Date',
  `custom_theme_to` date DEFAULT NULL COMMENT 'Post Custom Theme Active To Date',
  `media_gallery` mediumtext COMMENT 'Media Gallery',
  `secret` varchar(32) DEFAULT NULL COMMENT 'Post Secret',
  `views_count` int DEFAULT NULL COMMENT 'Post Views Count',
  `is_recent_posts_skip` smallint DEFAULT NULL COMMENT 'Is Post Skipped From Recent Posts',
  `short_content` mediumtext COMMENT 'Post Short Content',
  `comments_count` int DEFAULT NULL COMMENT 'Post Comment Counts',
  PRIMARY KEY (`post_id`),
  KEY `MAGEFAN_BLOG_POST_IDENTIFIER` (`identifier`),
  KEY `MAGEFAN_BLOG_POST_AUTHOR_ID` (`author_id`),
  KEY `MAGEFAN_BLOG_POST_VIEWS_COUNT` (`views_count`),
  KEY `MAGEFAN_BLOG_POST_IS_RECENT_POSTS_SKIP` (`is_recent_posts_skip`),
  FULLTEXT KEY `FTI_A5DB7871E89B230F74EDFBECEB4659FA` (`title`,`meta_keywords`,`meta_description`,`identifier`,`content`)
) ENGINE=InnoDB AUTO_INCREMENT=6 DEFAULT CHARSET=utf8mb3 COMMENT='Magefan Blog Post Table';

--
-- Dumping data for table `magefan_blog_post`
--

INSERT INTO `magefan_blog_post` VALUES (1,'Hello world!',NULL,'magento 2 blog','Magento 2 blog default post.','hello-world',NULL,NULL,NULL,NULL,'Hello world!','<p>Welcome to \n                    <a title=\"Magento Blog\" \n                       href=\"https://magefan.com/magento2-blog-extension\" \n                       target=\"_blank\">Magento Blog</a> by\n                    <a title=\"Magento 2 Extensions\" \n                       href=\"https://magefan.com/magento2-extensions\"\n                       target=\"_blank\">Magefan</a>. \n                       This is your first post. Edit or delete it, then start blogging!\n                </p>\n                <p><!-- pagebreak --></p>\n                <p>Please also read&nbsp;\n                    <a title=\"Magento 2 Blog online documentation\" \n                       href=\"https://magefan.com/blog/magento-2-blog-extension-documentation\" \n                       target=\"_blank\">Online documentation</a>&nbsp;and&nbsp;\n                    <a href=\"https://magefan.com/blog/add-read-more-tag-to-blog-post-content\" \n                       target=\"_blank\">How to add \"read more\" tag to post content</a>\n                </p>\n                <p>Follow Magefan on:</p>\n                <p>\n                    <a title=\"Blog Extension for Magento 2\" \n                       href=\"https://github.com/magefan/module-blog\" \n                       target=\"_blank\">GitHub</a>&nbsp;|&nbsp;\n                    <a href=\"https://twitter.com/magento2fan\" \n                       target=\"_blank\">Twitter</a>&nbsp;|&nbsp;\n                    <a href=\"https://www.facebook.com/magefan/\" \n                       target=\"_blank\">Facebook</a>\n                </p>','2021-03-24 12:28:31','2021-03-26 07:19:39','2021-03-24 12:28:31',0,1,0,NULL,NULL,NULL,NULL,NULL,NULL,NULL,NULL,NULL,NULL,NULL,NULL,NULL,NULL,NULL,0),(2,'What is Lorem Ipsum?',NULL,NULL,NULL,'what-is-lorem-ipsum',NULL,NULL,NULL,NULL,NULL,'<p><strong>Lorem Ipsum</strong>&nbsp;is simply dummy text of the printing and typesetting industry. Lorem Ipsum has been the industry\'s standard dummy text ever since the 1500s, when an unknown printer took a galley of type and scrambled it to make a type specimen book. It has survived not only five centuries, but also the leap into electronic typesetting, remaining essentially unchanged. It was popularised in the 1960s with the release of Letraset sheets containing Lorem Ipsum passages, and more recently with desktop publishing software like Aldus PageMaker including versions of Lorem Ipsum.</p>','2021-03-26 07:20:16','2021-03-26 07:23:41','2021-03-11 00:00:00',1,1,0,NULL,NULL,1,NULL,NULL,NULL,NULL,NULL,NULL,NULL,NULL,NULL,0,NULL,NULL,NULL),(3,'Free UAD-2 Accelerator when you buy a Universal Audio 6176 Vintage Channel Strip',NULL,NULL,NULL,'free-uad-2-accelerator-when-you-buy-a-universal-audio-6176-vintage-channel-strip',NULL,NULL,NULL,NULL,NULL,'<h3>Buy a 6176 Vintage Channel Strip and get a FREE UAD-2 OCTO DSP Accelerator!</h3>\r\n<p>Universal Audio’s&nbsp;<a href=\"https://www.rspeaudio.com/Universal-Audio-6176-Vintage-Channel-Strip-Comp-p/universal-audio-6176.htm\" target=\"_blank\" rel=\"noopener\">6176 Vintage Channel Strip</a>&nbsp;combines the legendary tube warmth of the 610 Channel Strip with the punchy FET compression of the famed 1176LN, giving you a powerful tool that’s found in A-list studios around the world — used to record artists like Adele and Coldplay.<br><br>Purchase a 6176 Vintage Channel Strip from an authorized UA retailer between July 1st and September 30th, 2019 and receive a&nbsp;<a href=\"https://www.rspeaudio.com/searchresults.asp?Search=uad-2+octo+core&amp;Submit=\" target=\"_blank\" rel=\"noopener\">UAD-2 OCTO DSP Accelerator</a>&nbsp;— your choice of PCIe Card or Satellite (Thunderbolt or USB) — with the included Analog Classics Plus UAD plug-in bundle — absolutely free*!<br><br><strong>Offer ends September 30th, 2019.</strong></p>\r\n<h3><strong><a href=\"https://www.rspeaudio.com/Universal-Audio-6176-Vintage-Channel-Strip-Comp-p/universal-audio-6176.htm\" target=\"_blank\" rel=\"noopener\">Shop Universal Audio 6176 at RSPE Audio</a>.</strong></h3>\r\n<p>&nbsp;</p>\r\n<hr>\r\n<p><br><strong>Worldwide Details and Limitations</strong><br>Offer valid only for customers who purchase a new 6176 Vintage Channel Strip from an authorized UA retailer&nbsp;between July 1st and September 30th, 2019. Offer provides one UAD-2 PCIe or Satellite (Thunderbolt or USB)&nbsp;OCTO core per 6176 Vintage Channel Strip purchased within the promotional period.</p>','2021-03-26 07:21:43','2021-03-26 07:21:43','2021-03-19 00:00:00',1,1,0,'magefan_blog/blog-img1.jpg',NULL,1,NULL,NULL,NULL,NULL,NULL,NULL,NULL,NULL,NULL,0,NULL,NULL,NULL),(4,'EUCON 2019.7 Software Update for S6, S3, Dock and Artist Series Now Available',NULL,NULL,NULL,'eucon-20197-software-update-for-s6-s3-dock-and-artist-series-now-available',NULL,NULL,NULL,NULL,NULL,'<p>Avid has just announced the release of EUCON 2019.7, which is now available for Download. EUCON 2019.7 is a minor software update that addresses several bugs and workflow issues, including fixing some lockups on&nbsp;<a href=\"https://www.rspeaudio.com/Pro-Tools-s/1829.htm\" target=\"_blank\" rel=\"noopener\">Pro Tools</a>&nbsp;S6 and tweaking the recently introduced new Attention workflows in EuControl.&nbsp;<br><br>Along with some minor bug fixes, let\'s take a look at two features that were improved:<br><br><a name=\"more\"></a></p>\r\n<h3>Improved “Open Windows on Workstation Attention” Setting</h3>\r\n<p><img src=\"{{media url=\"wysiwyg/eucon-workstation-attention.jpg\"}}\" alt=\"\"></p>\r\n<p>To improve window behavior, the Open Windows on Workstation Attention setting has been expanded. In previous versions of EuControl this setting (located in the General tab of EuControl Settings) was a simple on/off control:</p>\r\n<ul>\r\n<li>When this setting was enabled, plug-in, pan, or send windows in your DAW opened when a track was attentioned according to the current Attention Most Recently Clicked DAW Area settings.</li>\r\n<li>When this setting was not enabled (the default setting), windows only opened in the DAW when you explicitly attentioned a track from your control surface.</li>\r\n</ul>\r\n<p><br>Beginning in EuControl 19.7 this setting now lets you specify which surface triggers Open Windows in Pro Tools from an attention that comes from the DAW.<br><br>Choices include the following:</p>\r\n<ul>\r\n<li><strong>Off&nbsp;</strong>- This one is pretty self-explanatory</li>\r\n<li><strong>Pro Tools | Control&nbsp;</strong>&nbsp;- Selecting a function in the Control app opens or changes the DAW window</li>\r\n<li><strong>S3 Upper Knobs&nbsp;</strong>&nbsp;- Selecting a function on the upper row of S3 knobs opens or changes the DAW window</li>\r\n<li><strong>Channel Mode Knobs&nbsp;&nbsp;</strong>- Selecting a function on the Channel knobs (lower knobs on S3, channel knobs on Mix) open or change the DAW window</li>\r\n</ul>\r\n<p>&nbsp;</p>\r\n<h3>Improved Momentary Fader Value Display</h3>\r\n<p><img src=\"{{media url=\"wysiwyg/eucon-momentary-fader.jpg\"}}\" alt=\"\"></p>\r\n<p>Display of track name and values can be configured using the Show Timed Fader Values and Fader Value Timeout settings. In EUCON 19.5.1 these settings have been improved to provide more options to optimize name/value display. These settings are located in the Preferences tab of EuControl Settings.<br><br>To improve Momentary Fader Value display, the following new options have been added:</p>\r\n<ul>\r\n<li><strong>Off&nbsp;&nbsp;</strong>- Displays always show track name (ignore Fader Value Timeout)</li>\r\n<li><strong>While Fader is Touched&nbsp;</strong>- Shows value when fader is touched and reverts to track name when released&nbsp;</li>\r\n<li><strong>Timed at Fader Touch, Off at Release</strong>&nbsp;- Shows value on touch, reverts to track name when the timer expires</li>\r\n<ul>\r\n<li>If the fader is released before the timer expires, the display reverts to name</li>\r\n<li>If the Fader Value Timer slider is set to Off (full left), then values are not shown</li>\r\n</ul>\r\n<li><strong>Timed at Fader Touch</strong>&nbsp;- Shows value on touch, reverts to track name when the timer expires&nbsp;</li>\r\n<ul>\r\n<li>If the fader is released before the Fader Value Timer setting expires, the display stays on value until the timer expires then reverts to name</li>\r\n<li>If the Fader Value Timer slider is set to Off (full left), then values are not shown&nbsp;</li>\r\n</ul>\r\n<li><strong>Timed at Fader Release (default)</strong>&nbsp;- Shows the value while touched and continues to show value on release until the timer expires</li>\r\n<ul>\r\n<li>If the timer is set to OFF, shows value when fader is touched and reverts to track name when released (equivalent to ‘While Fader is Touched” option)</li>\r\n</ul>\r\n</ul>\r\n<p>&nbsp;</p>\r\n<h3>What’s Fixed in EUCON 19.7</h3>\r\n<ul>\r\n<li>Windows that open from a surface attention would not always follow the surface\'s selected function (GWSW-12607)</li>\r\n<li>Pro Tools | Control: The Tracks view could take longer to populate than in previous versions (GWSW-12665)</li>\r\n<li>Dock: Knobs would lose focus when the Control app was navigated away from Channel view (GWSW-12619)</li>\r\n<li>On-screen controls in XMON software could appear to not respond to surface controls (GWSW-12512)</li>\r\n<li>S3/Dock: On Windows 10, custom surface names could fail to be shown (GWSW-12542)</li>\r\n<li>The value for Fader Timeout Value would not update until the slider was released (GWSW-12670)</li>\r\n<li>EuControl software now displays correctly in macOS “Mojave” Dark mode (GWSW-12190)</li>\r\n<li>S3 faders could move when banking with Nuendo (GWSW-11745)</li>\r\n<li>S3 faders could cause unexpected changes to values in Cubase (GWSW-11553)</li>\r\n</ul>\r\n<div>&nbsp;</div>\r\n<div>EUCON 2019.7 is now available in your Avid account. Want to take advantage of the deep Pro Tools integration of EUCON?&nbsp;<a href=\"https://www.rspeaudio.com/avid-control-surfaces-s/2107.htm\" target=\"_blank\" rel=\"noopener\">Shop Avid Pro Tools control surfaces</a>&nbsp;at RSPE Audio.</div>','2021-03-26 07:22:40','2021-03-26 07:22:40','2021-03-19 00:00:00',1,1,0,'magefan_blog/blog-img2.jpg',NULL,1,NULL,NULL,NULL,NULL,NULL,NULL,NULL,NULL,NULL,0,NULL,NULL,NULL),(5,'Free Plug-Ins with Apollo x4, Apollo Twin X, and Arrow',NULL,NULL,NULL,'free-plug-ins-with-apollo-x4-apollo-twin-x-and-arrow',NULL,NULL,NULL,NULL,NULL,'<h2>Get Premium Analog Sounds &amp; Auto-Tune Free with Apollo x4, Apollo Twin X, and Arrow</h2>\r\n<div>Our End-of-Year UA Desktop Interface Promotion is underway! Buy any new Universal Audio Apollo Twin X, Apollo x4, or Arrow interface&nbsp; between November&nbsp; 14th and December 31st, 2019 and receive a suite of popular UAD plug-ins — including Antares Auto-Tune — FREE.</div>\r\n<div>&nbsp;</div>\r\n<h2><a href=\"https://www.rspeaudio.com/searchresults.asp?Search=twin-x-promo&amp;Submit=\" target=\"_blank\" rel=\"noopener\">Shop Apollo Desktop Now at RSPE</a></h2>\r\n<p>&nbsp;</p>\r\n<p>Here\'s what you can get:</p>\r\n<p><img src=\"{{media url=\"wysiwyg/apollo-desktop-plug-ins.jpg\"}}\" alt=\"\"></p>\r\n<p>Details and Limitations<br>Offer begins on November 14, 2019. Apollo Twin mkII models and Apollo Twin USB are not eligible for this promotion. All promotional fulfillment is subject to approval by Universal Audio.</p>\r\n<p>Fulfillment Details<br>No coupons or redemption codes are necessary. Customers will be issued their eligible plug-in(s) when they register their new Apollo x4, Apollo Twin X, or Arrow interface. If they already own one of the free plug-ins, they will be able to pick from a group of alternate plug-ins on the UA website.</p>','2021-03-26 07:23:20','2021-03-26 07:23:20','2021-03-19 00:00:00',1,1,0,'magefan_blog/blog-img3.jpg',NULL,1,NULL,NULL,NULL,NULL,NULL,NULL,NULL,NULL,NULL,0,NULL,NULL,NULL);

--
-- Table structure for table `magefan_blog_post_category`
--

CREATE TABLE `magefan_blog_post_category` (
  `post_id` int NOT NULL COMMENT 'Post ID',
  `category_id` int NOT NULL COMMENT 'Category ID',
  PRIMARY KEY (`post_id`,`category_id`),
  KEY `MAGEFAN_BLOG_POST_CATEGORY_CATEGORY_ID` (`category_id`),
  CONSTRAINT `MAGEFAN_BLOG_POST_CATEGORY_POST_ID_MAGEFAN_BLOG_POST_POST_ID` FOREIGN KEY (`post_id`) REFERENCES `magefan_blog_post` (`post_id`) ON DELETE CASCADE ON UPDATE RESTRICT,
  CONSTRAINT `MAGEFAN_BLOG_POST_CTGR_CTGR_ID_MAGEFAN_BLOG_CTGR_CTGR_ID` FOREIGN KEY (`category_id`) REFERENCES `magefan_blog_category` (`category_id`) ON DELETE CASCADE ON UPDATE RESTRICT
) ENGINE=InnoDB DEFAULT CHARSET=utf8mb3 COMMENT='Magefan Blog Post To Category Linkage Table';

--
-- Dumping data for table `magefan_blog_post_category`
--


--
-- Table structure for table `magefan_blog_post_relatedpost`
--

CREATE TABLE `magefan_blog_post_relatedpost` (
  `post_id` int NOT NULL COMMENT 'Post ID',
  `related_id` int NOT NULL COMMENT 'Related Post ID',
  `position` int NOT NULL COMMENT 'Position',
  PRIMARY KEY (`post_id`,`related_id`),
  KEY `MAGEFAN_BLOG_POST_RELATEDPRODUCT_RELATED_ID` (`related_id`),
  CONSTRAINT `FK_9F26E983FE1D7D7063B61D3F3C8D1104` FOREIGN KEY (`post_id`) REFERENCES `magefan_blog_post` (`post_id`) ON DELETE CASCADE ON UPDATE RESTRICT,
  CONSTRAINT `MAGEFAN_BLOG_POST_RELATEDPRD1_POST_ID_MAGEFAN_BLOG_POST_POST_ID` FOREIGN KEY (`post_id`) REFERENCES `magefan_blog_post` (`post_id`) ON DELETE CASCADE ON UPDATE RESTRICT
) ENGINE=InnoDB DEFAULT CHARSET=utf8mb3 COMMENT='Magefan Blog Post To Post Linkage Table';

--
-- Dumping data for table `magefan_blog_post_relatedpost`
--


--
-- Table structure for table `magefan_blog_post_relatedproduct`
--

CREATE TABLE `magefan_blog_post_relatedproduct` (
  `post_id` int NOT NULL COMMENT 'Post ID',
  `related_id` int unsigned NOT NULL COMMENT 'Related Product ID',
  `position` int NOT NULL COMMENT 'Position',
  PRIMARY KEY (`post_id`,`related_id`),
  KEY `MAGEFAN_BLOG_POST_RELATEDPRODUCT_RELATED_ID` (`related_id`),
  CONSTRAINT `MAGEFAN_BLOG_POST_RELATEDPRD_POST_ID_MAGEFAN_BLOG_POST_POST_ID` FOREIGN KEY (`post_id`) REFERENCES `magefan_blog_post` (`post_id`) ON DELETE CASCADE ON UPDATE RESTRICT,
  CONSTRAINT `MAGEFAN_BLOG_POST_RELATEDPRD_RELATED_ID_CAT_PRD_ENTT_ENTT_ID` FOREIGN KEY (`related_id`) REFERENCES `catalog_product_entity` (`entity_id`) ON DELETE CASCADE ON UPDATE RESTRICT
) ENGINE=InnoDB DEFAULT CHARSET=utf8mb3 COMMENT='Magefan Blog Post To Product Linkage Table';

--
-- Dumping data for table `magefan_blog_post_relatedproduct`
--


--
-- Table structure for table `magefan_blog_post_store`
--

CREATE TABLE `magefan_blog_post_store` (
  `post_id` int NOT NULL COMMENT 'Post ID',
  `store_id` smallint unsigned NOT NULL COMMENT 'Store ID',
  PRIMARY KEY (`post_id`,`store_id`),
  KEY `MAGEFAN_BLOG_POST_STORE_STORE_ID` (`store_id`),
  CONSTRAINT `MAGEFAN_BLOG_POST_STORE_POST_ID_MAGEFAN_BLOG_POST_POST_ID` FOREIGN KEY (`post_id`) REFERENCES `magefan_blog_post` (`post_id`) ON DELETE CASCADE ON UPDATE RESTRICT,
  CONSTRAINT `MAGEFAN_BLOG_POST_STORE_STORE_ID_STORE_STORE_ID` FOREIGN KEY (`store_id`) REFERENCES `store` (`store_id`) ON DELETE CASCADE ON UPDATE RESTRICT
) ENGINE=InnoDB DEFAULT CHARSET=utf8mb3 COMMENT='Magefan Blog Post To Store Linkage Table';

--
-- Dumping data for table `magefan_blog_post_store`
--

INSERT INTO `magefan_blog_post_store` VALUES (1,0),(2,0),(3,0),(4,0),(5,0);

--
-- Table structure for table `magefan_blog_post_tag`
--

CREATE TABLE `magefan_blog_post_tag` (
  `post_id` int NOT NULL COMMENT 'Post ID',
  `tag_id` int NOT NULL COMMENT 'Tag ID',
  PRIMARY KEY (`post_id`,`tag_id`),
  KEY `MAGEFAN_BLOG_POST_TAG_TAG_ID` (`tag_id`),
  CONSTRAINT `MAGEFAN_BLOG_POST_TAG_POST_ID_MAGEFAN_BLOG_POST_POST_ID` FOREIGN KEY (`post_id`) REFERENCES `magefan_blog_post` (`post_id`) ON DELETE CASCADE ON UPDATE RESTRICT,
  CONSTRAINT `MAGEFAN_BLOG_POST_TAG_TAG_ID_MAGEFAN_BLOG_TAG_TAG_ID` FOREIGN KEY (`tag_id`) REFERENCES `magefan_blog_tag` (`tag_id`) ON DELETE CASCADE ON UPDATE RESTRICT
) ENGINE=InnoDB DEFAULT CHARSET=utf8mb3 COMMENT='Magefan Blog Post To Category Linkage Table';

--
-- Dumping data for table `magefan_blog_post_tag`
--


--
-- Table structure for table `magefan_blog_tag`
--

CREATE TABLE `magefan_blog_tag` (
  `tag_id` int NOT NULL AUTO_INCREMENT COMMENT 'Tag ID',
  `title` varchar(255) DEFAULT NULL COMMENT 'Tag Title',
  `meta_robots` varchar(255) DEFAULT NULL COMMENT 'Tag Default Robots',
  `meta_description` varchar(255) DEFAULT NULL COMMENT 'Tag Meta Description',
  `meta_keywords` varchar(255) DEFAULT NULL COMMENT 'Tag Meta Keywords',
  `meta_title` varchar(255) DEFAULT NULL COMMENT 'Tag Meta Title',
  `identifier` varchar(100) DEFAULT NULL COMMENT 'Tag String Identifier',
  `page_layout` varchar(255) DEFAULT NULL COMMENT 'Tag Layout',
  `is_active` smallint NOT NULL DEFAULT '1' COMMENT 'Is Tag Active',
  `content` mediumtext COMMENT 'Tag Content',
  `layout_update_xml` text COMMENT 'Tag Layout Update Content',
  `custom_theme` varchar(100) DEFAULT NULL COMMENT 'Tag Custom Theme',
  `custom_layout` varchar(255) DEFAULT NULL COMMENT 'Tag Custom Template',
  `custom_layout_update_xml` text COMMENT 'Tag Custom Layout Update Content',
  `custom_theme_from` date DEFAULT NULL COMMENT 'Tag Custom Theme Active From Date',
  `custom_theme_to` date DEFAULT NULL COMMENT 'Tag Custom Theme Active To Date',
  PRIMARY KEY (`tag_id`),
  KEY `MAGEFAN_BLOG_TAG_IDENTIFIER` (`identifier`),
  KEY `MAGEFAN_BLOG_TAG_IS_ACTIVE` (`is_active`)
) ENGINE=InnoDB DEFAULT CHARSET=utf8mb3 COMMENT='Magefan Blog Tag Table';

--
-- Dumping data for table `magefan_blog_tag`
--


--
-- Table structure for table `magento_acknowledged_bulk`
--

CREATE TABLE `magento_acknowledged_bulk` (
  `id` int unsigned NOT NULL AUTO_INCREMENT COMMENT 'Internal ID',
  `bulk_uuid` varbinary(39) DEFAULT NULL COMMENT 'Related Bulk UUID',
  PRIMARY KEY (`id`),
  UNIQUE KEY `MAGENTO_ACKNOWLEDGED_BULK_BULK_UUID` (`bulk_uuid`),
  CONSTRAINT `MAGENTO_ACKNOWLEDGED_BULK_BULK_UUID_MAGENTO_BULK_UUID` FOREIGN KEY (`bulk_uuid`) REFERENCES `magento_bulk` (`uuid`) ON DELETE CASCADE ON UPDATE RESTRICT
) ENGINE=InnoDB DEFAULT CHARSET=utf8mb3 COMMENT='Bulk that was viewed by user from notification area';

--
-- Dumping data for table `magento_acknowledged_bulk`
--


--
-- Table structure for table `magento_bulk`
--

CREATE TABLE `magento_bulk` (
  `id` int unsigned NOT NULL AUTO_INCREMENT COMMENT 'Bulk Internal ID (must not be exposed)',
  `uuid` varbinary(39) DEFAULT NULL COMMENT 'Bulk UUID (can be exposed to reference bulk entity)',
  `user_id` int unsigned DEFAULT NULL COMMENT 'ID of the WebAPI user that performed an action',
  `user_type` int DEFAULT NULL COMMENT 'Which type of user',
  `description` varchar(255) DEFAULT NULL COMMENT 'Bulk Description',
  `operation_count` int unsigned NOT NULL COMMENT 'Total number of operations scheduled within this bulk',
  `start_time` timestamp NOT NULL DEFAULT CURRENT_TIMESTAMP COMMENT 'Bulk start time',
  PRIMARY KEY (`id`),
  UNIQUE KEY `MAGENTO_BULK_UUID` (`uuid`),
  KEY `MAGENTO_BULK_USER_ID` (`user_id`),
  KEY `MAGENTO_BULK_START_TIME` (`start_time`)
) ENGINE=InnoDB DEFAULT CHARSET=utf8mb3 COMMENT='Bulk entity that represents set of related asynchronous operations';

--
-- Dumping data for table `magento_bulk`
--


--
-- Table structure for table `magento_login_as_customer_log`
--

CREATE TABLE `magento_login_as_customer_log` (
  `log_id` int NOT NULL AUTO_INCREMENT COMMENT 'Log Id',
  `time` timestamp NULL DEFAULT NULL COMMENT 'Event Date',
  `user_id` int unsigned DEFAULT NULL COMMENT 'User Id',
  `user_name` varchar(40) DEFAULT NULL COMMENT 'User Name',
  `customer_id` int unsigned DEFAULT NULL COMMENT 'Customer Id',
  `customer_email` varchar(40) DEFAULT NULL COMMENT 'Customer email',
  PRIMARY KEY (`log_id`),
  KEY `MAGENTO_LOGIN_AS_CUSTOMER_LOG_USER_ID` (`user_id`)
) ENGINE=InnoDB DEFAULT CHARSET=utf8mb3 COMMENT='Login as Customer Logging';

--
-- Dumping data for table `magento_login_as_customer_log`
--


--
-- Table structure for table `magento_operation`
--

CREATE TABLE `magento_operation` (
  `id` int unsigned NOT NULL AUTO_INCREMENT COMMENT 'Operation ID',
  `operation_key` int unsigned DEFAULT NULL COMMENT 'Operation Key',
  `bulk_uuid` varbinary(39) DEFAULT NULL COMMENT 'Related Bulk UUID',
  `topic_name` varchar(255) DEFAULT NULL COMMENT 'Name of the related message queue topic',
  `serialized_data` blob COMMENT 'Data (serialized) required to perform an operation',
  `result_serialized_data` blob COMMENT 'Result data (serialized) after perform an operation',
  `status` smallint DEFAULT '0' COMMENT 'Operation status (OPEN | COMPLETE | RETRIABLY_FAILED | NOT_RETRIABLY_FAILED)',
  `error_code` smallint DEFAULT NULL COMMENT 'Code of the error that appeared during operation execution (used to aggregate related failed operations)',
  `result_message` varchar(255) DEFAULT NULL COMMENT 'Operation result message',
  PRIMARY KEY (`id`),
  KEY `MAGENTO_OPERATION_BULK_UUID_ERROR_CODE` (`bulk_uuid`,`error_code`),
  CONSTRAINT `MAGENTO_OPERATION_BULK_UUID_MAGENTO_BULK_UUID` FOREIGN KEY (`bulk_uuid`) REFERENCES `magento_bulk` (`uuid`) ON DELETE CASCADE ON UPDATE RESTRICT
) ENGINE=InnoDB DEFAULT CHARSET=utf8mb3 COMMENT='Operation entity';

--
-- Dumping data for table `magento_operation`
--


--
-- Table structure for table `media_content_asset`
--

CREATE TABLE `media_content_asset` (
  `asset_id` int unsigned NOT NULL COMMENT 'Entity ID',
  `entity_type` varchar(255) NOT NULL COMMENT 'Content type',
  `entity_id` varchar(255) NOT NULL COMMENT 'Content entity id',
  `field` varchar(255) NOT NULL COMMENT 'Content field',
  PRIMARY KEY (`entity_type`,`entity_id`,`field`,`asset_id`),
  KEY `MEDIA_CONTENT_ASSET_ASSET_ID` (`asset_id`)
) ENGINE=InnoDB DEFAULT CHARSET=utf8mb3 COMMENT='Relation between media content and media asset';

--
-- Dumping data for table `media_content_asset`
--


--
-- Table structure for table `media_gallery_asset`
--

CREATE TABLE `media_gallery_asset` (
  `id` int unsigned NOT NULL AUTO_INCREMENT COMMENT 'Entity ID',
  `path` text COMMENT 'Path',
  `title` varchar(255) DEFAULT NULL COMMENT 'Title',
  `description` text COMMENT 'Description',
  `source` varchar(255) DEFAULT NULL COMMENT 'Source',
  `hash` varchar(255) DEFAULT NULL COMMENT 'File hash',
  `content_type` varchar(255) DEFAULT NULL COMMENT 'Content Type',
  `width` int unsigned NOT NULL DEFAULT '0' COMMENT 'Width',
  `height` int unsigned NOT NULL DEFAULT '0' COMMENT 'Height',
  `size` int unsigned NOT NULL COMMENT 'Asset file size in bytes',
  `created_at` timestamp NOT NULL DEFAULT CURRENT_TIMESTAMP COMMENT 'Created At',
  `updated_at` timestamp NOT NULL DEFAULT CURRENT_TIMESTAMP ON UPDATE CURRENT_TIMESTAMP COMMENT 'Updated At',
  PRIMARY KEY (`id`),
  KEY `MEDIA_GALLERY_ASSET_ID` (`id`),
  FULLTEXT KEY `MEDIA_GALLERY_ASSET_TITLE` (`title`)
) ENGINE=InnoDB DEFAULT CHARSET=utf8mb3 COMMENT='Media Gallery Asset';

--
-- Dumping data for table `media_gallery_asset`
--


--
-- Table structure for table `media_gallery_asset_keyword`
--

CREATE TABLE `media_gallery_asset_keyword` (
  `keyword_id` int unsigned NOT NULL COMMENT 'Keyword Id',
  `asset_id` int unsigned NOT NULL COMMENT 'Asset ID',
  PRIMARY KEY (`keyword_id`,`asset_id`),
  KEY `MEDIA_GALLERY_ASSET_KEYWORD_ASSET_ID` (`asset_id`),
  KEY `MEDIA_GALLERY_ASSET_KEYWORD_KEYWORD_ID` (`keyword_id`),
  CONSTRAINT `MEDIA_GALLERY_ASSET_KEYWORD_ASSET_ID_MEDIA_GALLERY_ASSET_ID` FOREIGN KEY (`asset_id`) REFERENCES `media_gallery_asset` (`id`) ON DELETE CASCADE ON UPDATE RESTRICT,
  CONSTRAINT `MEDIA_GALLERY_ASSET_KEYWORD_KEYWORD_ID_MEDIA_GALLERY_KEYWORD_ID` FOREIGN KEY (`keyword_id`) REFERENCES `media_gallery_keyword` (`id`) ON DELETE CASCADE ON UPDATE RESTRICT
) ENGINE=InnoDB DEFAULT CHARSET=utf8mb3 COMMENT='Media Gallery Asset Keyword';

--
-- Dumping data for table `media_gallery_asset_keyword`
--


--
-- Table structure for table `media_gallery_keyword`
--

CREATE TABLE `media_gallery_keyword` (
  `id` int unsigned NOT NULL AUTO_INCREMENT COMMENT 'Keyword ID',
  `keyword` varchar(255) NOT NULL COMMENT 'Keyword',
  PRIMARY KEY (`id`),
  UNIQUE KEY `MEDIA_GALLERY_KEYWORD_KEYWORD` (`keyword`),
  KEY `MEDIA_GALLERY_KEYWORD_ID` (`id`)
) ENGINE=InnoDB DEFAULT CHARSET=utf8mb3 COMMENT='Media Gallery Keyword';

--
-- Dumping data for table `media_gallery_keyword`
--


--
-- Table structure for table `mst_core_urlrewrite`
--

CREATE TABLE `mst_core_urlrewrite` (
  `urlrewrite_id` int NOT NULL AUTO_INCREMENT COMMENT 'Url Rewrite Id',
  `url_key` varchar(255) NOT NULL COMMENT 'Url Key',
  `module` varchar(255) NOT NULL COMMENT 'Module',
  `type` varchar(255) NOT NULL COMMENT 'Type',
  `entity_id` int unsigned NOT NULL COMMENT 'Entity Id',
  `store_id` int NOT NULL DEFAULT '0' COMMENT 'Store ID',
  PRIMARY KEY (`urlrewrite_id`),
  UNIQUE KEY `CORE_URLREWRITE_INDEX1_MODULE_TYPE_ENTITY_ID_STORE_ID` (`module`,`type`,`entity_id`,`store_id`),
  UNIQUE KEY `CORE_URLREWRITE_INDEX2_URL_KEY_MODULE_STORE_ID` (`url_key`,`module`,`store_id`)
) ENGINE=InnoDB DEFAULT CHARSET=utf8mb3 COMMENT='mst_core_urlrewrite';

--
-- Dumping data for table `mst_core_urlrewrite`
--


--
-- Table structure for table `mst_fraud_check_rule`
--

CREATE TABLE `mst_fraud_check_rule` (
  `rule_id` int unsigned NOT NULL AUTO_INCREMENT COMMENT 'Rule Id',
  `name` varchar(255) NOT NULL COMMENT 'Name',
  `conditions_serialized` text NOT NULL COMMENT 'Conditions Serialized',
  `actions_serialized` text NOT NULL COMMENT 'Actions Serialized',
  `is_active` int NOT NULL DEFAULT '0' COMMENT 'Is Active',
  `status` varchar(255) NOT NULL COMMENT 'Fraud Status',
  PRIMARY KEY (`rule_id`)
) ENGINE=InnoDB DEFAULT CHARSET=utf8mb3 COMMENT='mst_fraud_check_rule';

--
-- Dumping data for table `mst_fraud_check_rule`
--


--
-- Table structure for table `mview_state`
--

CREATE TABLE `mview_state` (
  `state_id` int unsigned NOT NULL AUTO_INCREMENT COMMENT 'View State ID',
  `view_id` varchar(255) DEFAULT NULL COMMENT 'View ID',
  `mode` varchar(16) DEFAULT 'disabled' COMMENT 'View Mode',
  `status` varchar(16) DEFAULT 'idle' COMMENT 'View Status',
  `updated` datetime DEFAULT NULL COMMENT 'View updated time',
  `version_id` int unsigned DEFAULT NULL COMMENT 'View Version ID',
  PRIMARY KEY (`state_id`),
  KEY `MVIEW_STATE_VIEW_ID` (`view_id`),
  KEY `MVIEW_STATE_MODE` (`mode`)
) ENGINE=InnoDB DEFAULT CHARSET=utf8mb3 COMMENT='View State';

--
-- Dumping data for table `mview_state`
--


--
-- Table structure for table `newsletter_problem`
--

CREATE TABLE `newsletter_problem` (
  `problem_id` int unsigned NOT NULL AUTO_INCREMENT COMMENT 'Problem ID',
  `subscriber_id` int unsigned DEFAULT NULL COMMENT 'Subscriber ID',
  `queue_id` int unsigned NOT NULL DEFAULT '0' COMMENT 'Queue ID',
  `problem_error_code` int unsigned DEFAULT '0' COMMENT 'Problem Error Code',
  `problem_error_text` varchar(200) DEFAULT NULL COMMENT 'Problem Error Text',
  PRIMARY KEY (`problem_id`),
  KEY `NEWSLETTER_PROBLEM_SUBSCRIBER_ID` (`subscriber_id`),
  KEY `NEWSLETTER_PROBLEM_QUEUE_ID` (`queue_id`),
  CONSTRAINT `NEWSLETTER_PROBLEM_QUEUE_ID_NEWSLETTER_QUEUE_QUEUE_ID` FOREIGN KEY (`queue_id`) REFERENCES `newsletter_queue` (`queue_id`) ON DELETE CASCADE ON UPDATE RESTRICT,
  CONSTRAINT `NLTTR_PROBLEM_SUBSCRIBER_ID_NLTTR_SUBSCRIBER_SUBSCRIBER_ID` FOREIGN KEY (`subscriber_id`) REFERENCES `newsletter_subscriber` (`subscriber_id`) ON DELETE CASCADE ON UPDATE RESTRICT
) ENGINE=InnoDB DEFAULT CHARSET=utf8mb3 COMMENT='Newsletter Problems';

--
-- Dumping data for table `newsletter_problem`
--


--
-- Table structure for table `newsletter_queue`
--

CREATE TABLE `newsletter_queue` (
  `queue_id` int unsigned NOT NULL AUTO_INCREMENT COMMENT 'Queue ID',
  `template_id` int unsigned NOT NULL DEFAULT '0' COMMENT 'Template ID',
  `newsletter_type` int DEFAULT NULL COMMENT 'Newsletter Type',
  `newsletter_text` text COMMENT 'Newsletter Text',
  `newsletter_styles` text COMMENT 'Newsletter Styles',
  `newsletter_subject` varchar(200) DEFAULT NULL COMMENT 'Newsletter Subject',
  `newsletter_sender_name` varchar(200) DEFAULT NULL COMMENT 'Newsletter Sender Name',
  `newsletter_sender_email` varchar(200) DEFAULT NULL COMMENT 'Newsletter Sender Email',
  `queue_status` int unsigned NOT NULL DEFAULT '0' COMMENT 'Queue Status',
  `queue_start_at` timestamp NULL DEFAULT NULL COMMENT 'Queue Start At',
  `queue_finish_at` timestamp NULL DEFAULT NULL COMMENT 'Queue Finish At',
  PRIMARY KEY (`queue_id`),
  KEY `NEWSLETTER_QUEUE_TEMPLATE_ID` (`template_id`),
  CONSTRAINT `NEWSLETTER_QUEUE_TEMPLATE_ID_NEWSLETTER_TEMPLATE_TEMPLATE_ID` FOREIGN KEY (`template_id`) REFERENCES `newsletter_template` (`template_id`) ON DELETE CASCADE ON UPDATE RESTRICT
) ENGINE=InnoDB DEFAULT CHARSET=utf8mb3 COMMENT='Newsletter Queue';

--
-- Dumping data for table `newsletter_queue`
--


--
-- Table structure for table `newsletter_queue_link`
--

CREATE TABLE `newsletter_queue_link` (
  `queue_link_id` int unsigned NOT NULL AUTO_INCREMENT COMMENT 'Queue Link ID',
  `queue_id` int unsigned NOT NULL DEFAULT '0' COMMENT 'Queue ID',
  `subscriber_id` int unsigned NOT NULL DEFAULT '0' COMMENT 'Subscriber ID',
  `letter_sent_at` timestamp NULL DEFAULT NULL COMMENT 'Letter Sent At',
  PRIMARY KEY (`queue_link_id`),
  KEY `NEWSLETTER_QUEUE_LINK_SUBSCRIBER_ID` (`subscriber_id`),
  KEY `NEWSLETTER_QUEUE_LINK_QUEUE_ID_LETTER_SENT_AT` (`queue_id`,`letter_sent_at`),
  CONSTRAINT `NEWSLETTER_QUEUE_LINK_QUEUE_ID_NEWSLETTER_QUEUE_QUEUE_ID` FOREIGN KEY (`queue_id`) REFERENCES `newsletter_queue` (`queue_id`) ON DELETE CASCADE ON UPDATE RESTRICT,
  CONSTRAINT `NLTTR_QUEUE_LNK_SUBSCRIBER_ID_NLTTR_SUBSCRIBER_SUBSCRIBER_ID` FOREIGN KEY (`subscriber_id`) REFERENCES `newsletter_subscriber` (`subscriber_id`) ON DELETE CASCADE ON UPDATE RESTRICT
) ENGINE=InnoDB DEFAULT CHARSET=utf8mb3 COMMENT='Newsletter Queue Link';

--
-- Dumping data for table `newsletter_queue_link`
--


--
-- Table structure for table `newsletter_queue_store_link`
--

CREATE TABLE `newsletter_queue_store_link` (
  `queue_id` int unsigned NOT NULL DEFAULT '0' COMMENT 'Queue ID',
  `store_id` smallint unsigned NOT NULL DEFAULT '0' COMMENT 'Store ID',
  PRIMARY KEY (`queue_id`,`store_id`),
  KEY `NEWSLETTER_QUEUE_STORE_LINK_STORE_ID` (`store_id`),
  CONSTRAINT `NEWSLETTER_QUEUE_STORE_LINK_QUEUE_ID_NEWSLETTER_QUEUE_QUEUE_ID` FOREIGN KEY (`queue_id`) REFERENCES `newsletter_queue` (`queue_id`) ON DELETE CASCADE ON UPDATE RESTRICT,
  CONSTRAINT `NEWSLETTER_QUEUE_STORE_LINK_STORE_ID_STORE_STORE_ID` FOREIGN KEY (`store_id`) REFERENCES `store` (`store_id`) ON DELETE CASCADE ON UPDATE RESTRICT
) ENGINE=InnoDB DEFAULT CHARSET=utf8mb3 COMMENT='Newsletter Queue Store Link';

--
-- Dumping data for table `newsletter_queue_store_link`
--


--
-- Table structure for table `newsletter_subscriber`
--

CREATE TABLE `newsletter_subscriber` (
  `subscriber_id` int unsigned NOT NULL AUTO_INCREMENT COMMENT 'Subscriber ID',
  `store_id` smallint unsigned DEFAULT '0' COMMENT 'Store ID',
  `change_status_at` timestamp NULL DEFAULT NULL COMMENT 'Change Status At',
  `customer_id` int unsigned NOT NULL DEFAULT '0' COMMENT 'Customer ID',
  `subscriber_email` varchar(150) DEFAULT NULL COMMENT 'Subscriber Email',
  `subscriber_status` int NOT NULL DEFAULT '0' COMMENT 'Subscriber Status',
  `subscriber_confirm_code` varchar(32) DEFAULT 'NULL' COMMENT 'Subscriber Confirm Code',
  PRIMARY KEY (`subscriber_id`),
  KEY `NEWSLETTER_SUBSCRIBER_CUSTOMER_ID` (`customer_id`),
  KEY `NEWSLETTER_SUBSCRIBER_STORE_ID` (`store_id`),
  KEY `NEWSLETTER_SUBSCRIBER_SUBSCRIBER_EMAIL` (`subscriber_email`),
  CONSTRAINT `NEWSLETTER_SUBSCRIBER_STORE_ID_STORE_STORE_ID` FOREIGN KEY (`store_id`) REFERENCES `store` (`store_id`) ON DELETE SET NULL ON UPDATE RESTRICT
) ENGINE=InnoDB AUTO_INCREMENT=6635 DEFAULT CHARSET=utf8mb3 COMMENT='Newsletter Subscriber';

--
